INSERT INTO `system` (`filename`, `name`, `type`, `owner`, `status`, `bootstrap`, `schema_version`, `weight`, `info`) VALUES
('sites/all/themes/acquia_marina/acquia_marina.info', 'acquia_marina', 'theme', 'themes/engines/phptemplate/phptemplate.engine', 1, 0, -1, 0, 0x[encoded data, 12362 characters]),
('sites/all/themes/colourise/colourise.info', 'colourise', 'theme', 'themes/engines/phptemplate/phptemplate.engine', 1, 0, -1, 0, 0x[encoded data, 4786 characters]),
('sites/all/themes/cube/cube.info', 'cube', 'theme', 'themes/engines/phptemplate/phptemplate.engine', 0, 0, -1, 0, 0x[encoded data, 5480 characters]),
('sites/all/themes/fusion/fusion_core/fusion_core.info', 'fusion_core', 'theme', 'themes/engines/phptemplate/phptemplate.engine', 0, 0, -1, 0, 0x[encoded data, 8146 characters]),
('sites/all/themes/fusion/fusion_starter/fusion_starter.info', 'fusion_starter', 'theme', 'themes/engines/phptemplate/phptemplate.engine', 0, 0, -1, 0, 0x[encoded data, 11642 characters]);
INSERT INTO `system` (`filename`, `name`, `type`, `owner`, `status`, `bootstrap`, `schema_version`, `weight`, `info`) VALUES
('sites/all/themes/fusion/fusion_starter_lite/fusion_starter_lite.info', 'fusion_starter_lite', 'theme', 'themes/engines/phptemplate/phptemplate.engine', 0, 0, -1, 0, 0x[encoded data, 10150 characters]),
('sites/all/themes/replamat_cimat_cimat/replamat_cimat_cimat.info', 'replamat_cimat_cimat', 'theme', 'themes/engines/phptemplate/phptemplate.engine', 1, 0, -1, 0, 0x613a31343a7b733a343a226e616d65223b733a31363a225245504c414d4154202843494d415429223b733a31313a226465736372697074696f6e223b733a36353a224c6f6f6b20262046494c4c207061726120656c207265706f7369746f72696f205245504c414d4154202844697365c3b16f20416c666f6e736f2050617363616c29223b733a31303a2273637265656e73686f74223b733a35393a2273697465732f616c6c2f7468656d65732f7265706c616d61745f63696d61745f63696d61742f696d616765732f73637265656e73686f742e706e67223b733a343a22636f7265223b733a333a22372e78223b733a373a2270726f6a656374223b733a383a225265704c614d6174223b733a363a22656e67696e65223b733a31313a2270687074656d706c617465223b733a373a22726567696f6e73223b613a31343a7b733a31303a226865616465725f746f70223b733a31303a2248656164657220746f70223b733a363a22736c69646572223b733a31393a225a6f6e61207061726120656c20736c69646572223b733a393a22686967686c69676874223b733a393a22486967686c69676874223b733a343a2268656c70223b733a343a2248656c70223b733a373a22636f6e74656e74223b733a373a22436f6e74656e74223b733a31333a22736964656261725f6669727374223b733a31333a2246697273742073696465626172223b733a31343a22736964656261725f7365636f6e64223b733a31343a2253696465626172207365636f6e64223b733a363a22666f6f746572223b733a363a22466f6f746572223b733a31383a22666f6f7465725f6669727374636f6c756d6e223b733a31393a22466f6f74657220666972737420636f6c756d6e223b733a31393a22666f6f7465725f7365636f6e64636f6c756d6e223b733a32303a22466f6f746572207365636f6e6420636f6c756d6e223b733a31383a22666f6f7465725f7468697264636f6c756d6e223b733a31393a22466f6f74657220746869726420636f6c756d6e223b733a31343a2264617368626f6172645f6d61696e223b733a31363a2244617368626f61726420286d61696e29223b733a31373a2264617368626f6172645f73696465626172223b733a31393a2244617368626f61726420287369646562617229223b733a31383a2264617368626f6172645f696e616374697665223b733a32303a2244617368626f6172642028696e61637469766529223b7d733a383a226665617475726573223b613a393a7b693a303b733a343a226c6f676f223b693a313b733a343a226e616d65223b693a323b733a363a22736c6f67616e223b693a333b733a31373a226e6f64655f757365725f70696374757265223b693a343b733a32303a22636f6d6d656e745f757365725f70696374757265223b693a353b733a363a22736561726368223b693a363b733a373a2266617669636f6e223b693a373b733a393a226d61696e5f6d656e75223b693a383b733a31343a227365636f6e646172795f6d656e75223b7d733a31313a227374796c65736865657473223b613a313a7b733a333a22616c6c223b613a313a7b733a31333a226373732f7374796c652e637373223b733a35313a2273697465732f616c6c2f7468656d65732f7265706c616d61745f63696d61745f63696d61742f6373732f7374796c652e637373223b7d7d733a373a2273637269707473223b613a313a7b733a32303a226a6176617363726970742f7363726970742e6a73223b733a35383a2273697465732f616c6c2f7468656d65732f7265706c616d61745f63696d61745f63696d61742f6a6176617363726970742f7363726970742e6a73223b7d733a333a22706870223b733a353a22352e322e34223b733a31353a226f7665726c61795f726567696f6e73223b613a353a7b693a303b733a31343a2264617368626f6172645f6d61696e223b693a313b733a31373a2264617368626f6172645f73696465626172223b693a323b733a31383a2264617368626f6172645f696e616374697665223b693a333b733a373a22636f6e74656e74223b693a343b733a343a2268656c70223b7d733a31343a22726567696f6e735f68696464656e223b613a323a7b693a303b733a383a22706167655f746f70223b693a313b733a31313a22706167655f626f74746f6d223b7d733a32383a226f7665726c61795f737570706c656d656e74616c5f726567696f6e73223b613a313a7b693a303b733a383a22706167655f746f70223b7d7d),
('sites/all/themes/replamat_lite/replamat_lite.info', 'replamat_lite', 'theme', 'themes/engines/phptemplate/phptemplate.engine', 1, 0, -1, 0, 0x613a31343a7b733a343a226e616d65223b733a31353a225245504c414d415420284c49544529223b733a31313a226465736372697074696f6e223b733a36363a224c6f6f6b20262046494c4c207061726120656c207265706f7369746f72696f204c495445207574696c697a616e646f20656c206d6f64756c6f205245504c414d4154223b733a31303a2273637265656e73686f74223b733a35323a2273697465732f616c6c2f7468656d65732f7265706c616d61745f6c6974652f696d616765732f73637265656e73686f742e706e67223b733a343a22636f7265223b733a333a22372e78223b733a373a2270726f6a656374223b733a383a225265704c614d6174223b733a363a22656e67696e65223b733a31313a2270687074656d706c617465223b733a373a22726567696f6e73223b613a31353a7b733a31303a226865616465725f746f70223b733a31303a2248656164657220746f70223b733a31313a226865616465725f6c6f676f223b733a31313a22486561646572204c6f676f223b733a363a22736c69646572223b733a31393a225a6f6e61207061726120656c20736c69646572223b733a393a22686967686c69676874223b733a393a22486967686c69676874223b733a343a2268656c70223b733a343a2248656c70223b733a373a22636f6e74656e74223b733a373a22436f6e74656e74223b733a31333a22736964656261725f6669727374223b733a31333a2246697273742073696465626172223b733a31343a22736964656261725f7365636f6e64223b733a31343a2253696465626172207365636f6e64223b733a363a22666f6f746572223b733a363a22466f6f746572223b733a31383a22666f6f7465725f6669727374636f6c756d6e223b733a31393a22466f6f74657220666972737420636f6c756d6e223b733a31393a22666f6f7465725f7365636f6e64636f6c756d6e223b733a32303a22466f6f746572207365636f6e6420636f6c756d6e223b733a31383a22666f6f7465725f7468697264636f6c756d6e223b733a31393a22466f6f74657220746869726420636f6c756d6e223b733a31343a2264617368626f6172645f6d61696e223b733a31363a2244617368626f61726420286d61696e29223b733a31373a2264617368626f6172645f73696465626172223b733a31393a2244617368626f61726420287369646562617229223b733a31383a2264617368626f6172645f696e616374697665223b733a32303a2244617368626f6172642028696e61637469766529223b7d733a383a226665617475726573223b613a393a7b693a303b733a343a226c6f676f223b693a313b733a343a226e616d65223b693a323b733a363a22736c6f67616e223b693a333b733a31373a226e6f64655f757365725f70696374757265223b693a343b733a32303a22636f6d6d656e745f757365725f70696374757265223b693a353b733a363a22736561726368223b693a363b733a373a2266617669636f6e223b693a373b733a393a226d61696e5f6d656e75223b693a383b733a31343a227365636f6e646172795f6d656e75223b7d733a31313a227374796c65736865657473223b613a313a7b733a333a22616c6c223b613a313a7b733a31333a226373732f7374796c652e637373223b733a34343a2273697465732f616c6c2f7468656d65732f7265706c616d61745f6c6974652f6373732f7374796c652e637373223b7d7d733a373a2273637269707473223b613a313a7b733a32303a226a6176617363726970742f7363726970742e6a73223b733a35313a2273697465732f616c6c2f7468656d65732f7265706c616d61745f6c6974652f6a6176617363726970742f7363726970742e6a73223b7d733a333a22706870223b733a353a22352e322e34223b733a31353a226f7665726c61795f726567696f6e73223b613a353a7b693a303b733a31343a2264617368626f6172645f6d61696e223b693a313b733a31373a2264617368626f6172645f73696465626172223b693a323b733a31383a2264617368626f6172645f696e616374697665223b693a333b733a373a22636f6e74656e74223b693a343b733a343a2268656c70223b7d733a31343a22726567696f6e735f68696464656e223b613a323a7b693a303b733a383a22706167655f746f70223b693a313b733a31313a22706167655f626f74746f6d223b7d733a32383a226f7665726c61795f737570706c656d656e74616c5f726567696f6e73223b613a313a7b693a303b733a383a22706167655f746f70223b7d7d),
('sites/all/themes/replamat_puemac/replamat_puemac.info', 'replamat_puemac', 'theme', 'themes/engines/phptemplate/phptemplate.engine', 1, 0, -1, 0, 0x613a31343a7b733a343a226e616d65223b733a31373a225265704c614d617420285055454d414329223b733a31313a226465736372697074696f6e223b733a36353a224c6f6f6b20262046494c4c207061726120656c207265706f7369746f72696f205245504c414d4154202844697365c3b16f20416c666f6e736f2050617363616c29223b733a31303a2273637265656e73686f74223b733a35343a2273697465732f616c6c2f7468656d65732f7265706c616d61745f7075656d61632f696d616765732f73637265656e73686f742e706e67223b733a343a22636f7265223b733a333a22372e78223b733a373a2270726f6a656374223b733a383a225265704c614d6174223b733a363a22656e67696e65223b733a31313a2270687074656d706c617465223b733a373a22726567696f6e73223b613a31343a7b733a31303a226865616465725f746f70223b733a31303a2248656164657220746f70223b733a363a22736c69646572223b733a31393a225a6f6e61207061726120656c20736c69646572223b733a393a22686967686c69676874223b733a393a22486967686c69676874223b733a343a2268656c70223b733a343a2248656c70223b733a373a22636f6e74656e74223b733a373a22436f6e74656e74223b733a31333a22736964656261725f6669727374223b733a31333a2246697273742073696465626172223b733a31343a22736964656261725f7365636f6e64223b733a31343a2253696465626172207365636f6e64223b733a363a22666f6f746572223b733a363a22466f6f746572223b733a31383a22666f6f7465725f6669727374636f6c756d6e223b733a31393a22466f6f74657220666972737420636f6c756d6e223b733a31393a22666f6f7465725f7365636f6e64636f6c756d6e223b733a32303a22466f6f746572207365636f6e6420636f6c756d6e223b733a31383a22666f6f7465725f7468697264636f6c756d6e223b733a31393a22466f6f74657220746869726420636f6c756d6e223b733a31343a2264617368626f6172645f6d61696e223b733a31363a2244617368626f61726420286d61696e29223b733a31373a2264617368626f6172645f73696465626172223b733a31393a2244617368626f61726420287369646562617229223b733a31383a2264617368626f6172645f696e616374697665223b733a32303a2244617368626f6172642028696e61637469766529223b7d733a383a226665617475726573223b613a393a7b693a303b733a343a226c6f676f223b693a313b733a343a226e616d65223b693a323b733a363a22736c6f67616e223b693a333b733a31373a226e6f64655f757365725f70696374757265223b693a343b733a32303a22636f6d6d656e745f757365725f70696374757265223b693a353b733a363a22736561726368223b693a363b733a373a2266617669636f6e223b693a373b733a393a226d61696e5f6d656e75223b693a383b733a31343a227365636f6e646172795f6d656e75223b7d733a31313a227374796c65736865657473223b613a313a7b733a333a22616c6c223b613a313a7b733a31333a226373732f7374796c652e637373223b733a34363a2273697465732f616c6c2f7468656d65732f7265706c616d61745f7075656d61632f6373732f7374796c652e637373223b7d7d733a373a2273637269707473223b613a313a7b733a32303a226a6176617363726970742f7363726970742e6a73223b733a35333a2273697465732f616c6c2f7468656d65732f7265706c616d61745f7075656d61632f6a6176617363726970742f7363726970742e6a73223b7d733a333a22706870223b733a353a22352e322e34223b733a31353a226f7665726c61795f726567696f6e73223b613a353a7b693a303b733a31343a2264617368626f6172645f6d61696e223b693a313b733a31373a2264617368626f6172645f73696465626172223b693a323b733a31383a2264617368626f6172645f696e616374697665223b693a333b733a373a22636f6e74656e74223b693a343b733a343a2268656c70223b7d733a31343a22726567696f6e735f68696464656e223b613a323a7b693a303b733a383a22706167655f746f70223b693a313b733a31313a22706167655f626f74746f6d223b7d733a32383a226f7665726c61795f737570706c656d656e74616c5f726567696f6e73223b613a313a7b693a303b733a383a22706167655f746f70223b7d7d),
('sites/all/themes/rootcandy/rootcandy.info', 'rootcandy', 'theme', 'themes/engines/phptemplate/phptemplate.engine', 0, 0, -1, 0, 0x[encoded data, 5640 characters]),
('sites/all/themes/rubik/rubik.info', 'rubik', 'theme', 'themes/engines/phptemplate/phptemplate.engine', 0, 0, -1, 0, 0x613a31383a7b733a343a226e616d65223b733a353a22527562696b223b733a31313a226465736372697074696f6e223b733a31383a22436c65616e2061646d696e207468656d652e223b733a31303a2262617365207468656d65223b733a333a2274616f223b733a343a22636f7265223b733a333a22372e78223b733a363a22656e67696e65223b733a31313a2270687074656d706c617465223b733a373a22726567696f6e73223b613a373a7b733a373a22636f6e74656e74223b733a373a22436f6e74656e74223b733a343a2268656c70223b733a343a2248656c70223b733a383a22706167655f746f70223b733a383a225061676520746f70223b733a31313a22706167655f626f74746f6d223b733a31313a225061676520626f74746f6d223b733a31343a2264617368626f6172645f6d61696e223b733a31363a2244617368626f61726420286d61696e29223b733a31373a2264617368626f6172645f73696465626172223b733a31393a2244617368626f61726420287369646562617229223b733a31383a2264617368626f6172645f696e616374697665223b733a32303a2244617368626f6172642028696e61637469766529223b7d733a373a2273637269707473223b613a313a7b733a31313a226a732f727562696b2e6a73223b733a33343a2273697465732f616c6c2f7468656d65732f727562696b2f6a732f727562696b2e6a73223b7d733a31313a227374796c65736865657473223b613a323a7b733a363a2273637265656e223b613a333a7b733a383a22636f72652e637373223b733a33313a2273697465732f616c6c2f7468656d65732f727562696b2f636f72652e637373223b733a393a2269636f6e732e637373223b733a33323a2273697465732f616c6c2f7468656d65732f727562696b2f69636f6e732e637373223b733a393a227374796c652e637373223b733a33323a2273697465732f616c6c2f7468656d65732f727562696b2f7374796c652e637373223b7d733a353a227072696e74223b613a313a7b733a393a227072696e742e637373223b733a33323a2273697465732f616c6c2f7468656d65732f727562696b2f7072696e742e637373223b7d7d733a383a2273657474696e6773223b613a313a7b733a32303a2273686f72746375745f6d6f64756c655f6c696e6b223b733a313a2231223b7d733a373a2276657273696f6e223b733a31333a22372e782d342e302d6265746138223b733a373a2270726f6a656374223b733a353a22727562696b223b733a393a22646174657374616d70223b733a31303a2231333239393533343435223b733a383a226665617475726573223b613a393a7b693a303b733a343a226c6f676f223b693a313b733a373a2266617669636f6e223b693a323b733a343a226e616d65223b693a333b733a363a22736c6f67616e223b693a343b733a31373a226e6f64655f757365725f70696374757265223b693a353b733a32303a22636f6d6d656e745f757365725f70696374757265223b693a363b733a32353a22636f6d6d656e745f757365725f766572696669636174696f6e223b693a373b733a393a226d61696e5f6d656e75223b693a383b733a31343a227365636f6e646172795f6d656e75223b7d733a31303a2273637265656e73686f74223b733a33373a2273697465732f616c6c2f7468656d65732f727562696b2f73637265656e73686f742e706e67223b733a333a22706870223b733a353a22352e322e34223b733a31353a226f7665726c61795f726567696f6e73223b613a353a7b693a303b733a31343a2264617368626f6172645f6d61696e223b693a313b733a31373a2264617368626f6172645f73696465626172223b693a323b733a31383a2264617368626f6172645f696e616374697665223b693a333b733a373a22636f6e74656e74223b693a343b733a343a2268656c70223b7d733a31343a22726567696f6e735f68696464656e223b613a323a7b693a303b733a383a22706167655f746f70223b693a313b733a31313a22706167655f626f74746f6d223b7d733a32383a226f7665726c61795f737570706c656d656e74616c5f726567696f6e73223b613a313a7b693a303b733a383a22706167655f746f70223b7d7d),
('sites/all/themes/tao/tao.info', 'tao', 'theme', 'themes/engines/phptemplate/phptemplate.engine', 0, 0, -1, 0, 0x613a31363a7b733a343a22636f7265223b733a333a22372e78223b733a31313a226465736372697074696f6e223b733a3134393a2254616f20697320612062617365207468656d65207468617420697320616c6c2061626f757420676f696e6720776974682074686520666c6f772e2049742074616b65732063617265206f66206b657920726573657420616e64207574696c697479207461736b7320736f2074686174207375622d7468656d65732063616e20676574206f6e2077697468207468656972206a6f622e223b733a363a22656e67696e65223b733a31313a2270687074656d706c617465223b733a343a226e616d65223b733a333a2254616f223b733a373a22726567696f6e73223b613a31323a7b733a31333a22736964656261725f6669727374223b733a31333a2253696465626172206669727374223b733a31343a22736964656261725f7365636f6e64223b733a31343a2253696465626172207365636f6e64223b733a373a22636f6e74656e74223b733a373a22436f6e74656e74223b733a363a22686561646572223b733a363a22486561646572223b733a343a2268656c70223b733a343a2248656c70223b733a363a22666f6f746572223b733a363a22466f6f746572223b733a383a22706167655f746f70223b733a383a225061676520746f70223b733a31313a22706167655f626f74746f6d223b733a31313a225061676520626f74746f6d223b733a31313a22686967686c696768746564223b733a31313a22486967686c696768746564223b733a31343a2264617368626f6172645f6d61696e223b733a31363a2244617368626f61726420286d61696e29223b733a31373a2264617368626f6172645f73696465626172223b733a31393a2244617368626f61726420287369646562617229223b733a31383a2264617368626f6172645f696e616374697665223b733a32303a2244617368626f6172642028696e61637469766529223b7d733a31313a227374796c65736865657473223b613a323a7b733a333a22616c6c223b613a323a7b733a393a2272657365742e637373223b733a33303a2273697465732f616c6c2f7468656d65732f74616f2f72657365742e637373223b733a383a22626173652e637373223b733a32393a2273697465732f616c6c2f7468656d65732f74616f2f626173652e637373223b7d733a363a2273637265656e223b613a313a7b733a31303a2264727570616c2e637373223b733a33313a2273697465732f616c6c2f7468656d65732f74616f2f64727570616c2e637373223b7d7d733a373a2276657273696f6e223b733a31333a22372e782d332e302d6265746134223b733a373a2270726f6a656374223b733a333a2274616f223b733a393a22646174657374616d70223b733a31303a2231333136363136343037223b733a383a226665617475726573223b613a393a7b693a303b733a343a226c6f676f223b693a313b733a373a2266617669636f6e223b693a323b733a343a226e616d65223b693a333b733a363a22736c6f67616e223b693a343b733a31373a226e6f64655f757365725f70696374757265223b693a353b733a32303a22636f6d6d656e745f757365725f70696374757265223b693a363b733a32353a22636f6d6d656e745f757365725f766572696669636174696f6e223b693a373b733a393a226d61696e5f6d656e75223b693a383b733a31343a227365636f6e646172795f6d656e75223b7d733a31303a2273637265656e73686f74223b733a33353a2273697465732f616c6c2f7468656d65732f74616f2f73637265656e73686f742e706e67223b733a333a22706870223b733a353a22352e322e34223b733a373a2273637269707473223b613a303a7b7d733a31353a226f7665726c61795f726567696f6e73223b613a353a7b693a303b733a31343a2264617368626f6172645f6d61696e223b693a313b733a31373a2264617368626f6172645f73696465626172223b693a323b733a31383a2264617368626f6172645f696e616374697665223b693a333b733a373a22636f6e74656e74223b693a343b733a343a2268656c70223b7d733a31343a22726567696f6e735f68696464656e223b613a323a7b693a303b733a383a22706167655f746f70223b693a313b733a31313a22706167655f626f74746f6d223b7d733a32383a226f7665726c61795f737570706c656d656e74616c5f726567696f6e73223b613a313a7b693a303b733a383a22706167655f746f70223b7d7d),
('themes/bartik/bartik.info', 'bartik', 'theme', 'themes/engines/phptemplate/phptemplate.engine', 1, 0, -1, 0, 0x[encoded data, 4126 characters]),
('themes/garland/garland.info', 'garland', 'theme', 'themes/engines/phptemplate/phptemplate.engine', 1, 0, -1, 0, 0x613a31383a7b733a343a226e616d65223b733a373a224761726c616e64223b733a31313a226465736372697074696f6e223b733a3131313a2241206d756c74692d636f6c756d6e207468656d652077686963682063616e20626520636f6e6669677572656420746f206d6f6469667920636f6c6f727320616e6420737769746368206265747765656e20666978656420616e6420666c756964207769647468206c61796f7574732e223b733a373a227061636b616765223b733a343a22436f7265223b733a373a2276657273696f6e223b733a343a22372e3134223b733a343a22636f7265223b733a333a22372e78223b733a31313a227374796c65736865657473223b613a323a7b733a333a22616c6c223b613a313a7b733a393a227374796c652e637373223b733a32343a227468656d65732f6761726c616e642f7374796c652e637373223b7d733a353a227072696e74223b613a313a7b733a393a227072696e742e637373223b733a32343a227468656d65732f6761726c616e642f7072696e742e637373223b7d7d733a383a2273657474696e6773223b613a313a7b733a31333a226761726c616e645f7769647468223b733a353a22666c756964223b7d733a373a2270726f6a656374223b733a363a2264727570616c223b733a393a22646174657374616d70223b733a31303a2231333335393937353535223b733a363a22656e67696e65223b733a31313a2270687074656d706c617465223b733a373a22726567696f6e73223b613a31323a7b733a31333a22736964656261725f6669727374223b733a31323a224c6566742073696465626172223b733a31343a22736964656261725f7365636f6e64223b733a31333a2252696768742073696465626172223b733a373a22636f6e74656e74223b733a373a22436f6e74656e74223b733a363a22686561646572223b733a363a22486561646572223b733a363a22666f6f746572223b733a363a22466f6f746572223b733a31313a22686967686c696768746564223b733a31313a22486967686c696768746564223b733a343a2268656c70223b733a343a2248656c70223b733a383a22706167655f746f70223b733a383a225061676520746f70223b733a31313a22706167655f626f74746f6d223b733a31313a225061676520626f74746f6d223b733a31343a2264617368626f6172645f6d61696e223b733a31363a2244617368626f61726420286d61696e29223b733a31373a2264617368626f6172645f73696465626172223b733a31393a2244617368626f61726420287369646562617229223b733a31383a2264617368626f6172645f696e616374697665223b733a32303a2244617368626f6172642028696e61637469766529223b7d733a383a226665617475726573223b613a393a7b693a303b733a343a226c6f676f223b693a313b733a373a2266617669636f6e223b693a323b733a343a226e616d65223b693a333b733a363a22736c6f67616e223b693a343b733a31373a226e6f64655f757365725f70696374757265223b693a353b733a32303a22636f6d6d656e745f757365725f70696374757265223b693a363b733a32353a22636f6d6d656e745f757365725f766572696669636174696f6e223b693a373b733a393a226d61696e5f6d656e75223b693a383b733a31343a227365636f6e646172795f6d656e75223b7d733a31303a2273637265656e73686f74223b733a32393a227468656d65732f6761726c616e642f73637265656e73686f742e706e67223b733a333a22706870223b733a353a22352e322e34223b733a373a2273637269707473223b613a303a7b7d733a31353a226f7665726c61795f726567696f6e73223b613a353a7b693a303b733a31343a2264617368626f6172645f6d61696e223b693a313b733a31373a2264617368626f6172645f73696465626172223b693a323b733a31383a2264617368626f6172645f696e616374697665223b693a333b733a373a22636f6e74656e74223b693a343b733a343a2268656c70223b7d733a31343a22726567696f6e735f68696464656e223b613a323a7b693a303b733a383a22706167655f746f70223b693a313b733a31313a22706167655f626f74746f6d223b7d733a32383a226f7665726c61795f737570706c656d656e74616c5f726567696f6e73223b613a313a7b693a303b733a383a22706167655f746f70223b7d7d),
('themes/seven/seven.info', 'seven', 'theme', 'themes/engines/phptemplate/phptemplate.engine', 1, 0, -1, 0, 0x613a31383a7b733a343a226e616d65223b733a353a22536576656e223b733a31313a226465736372697074696f6e223b733a36353a22412073696d706c65206f6e652d636f6c756d6e2c207461626c656c6573732c20666c7569642077696474682061646d696e697374726174696f6e207468656d652e223b733a373a227061636b616765223b733a343a22436f7265223b733a373a2276657273696f6e223b733a343a22372e3134223b733a343a22636f7265223b733a333a22372e78223b733a31313a227374796c65736865657473223b613a313a7b733a363a2273637265656e223b613a323a7b733a393a2272657365742e637373223b733a32323a227468656d65732f736576656e2f72657365742e637373223b733a393a227374796c652e637373223b733a32323a227468656d65732f736576656e2f7374796c652e637373223b7d7d733a383a2273657474696e6773223b613a313a7b733a32303a2273686f72746375745f6d6f64756c655f6c696e6b223b733a313a2231223b7d733a373a22726567696f6e73223b613a383a7b733a373a22636f6e74656e74223b733a373a22436f6e74656e74223b733a343a2268656c70223b733a343a2248656c70223b733a383a22706167655f746f70223b733a383a225061676520746f70223b733a31313a22706167655f626f74746f6d223b733a31313a225061676520626f74746f6d223b733a31333a22736964656261725f6669727374223b733a31333a2246697273742073696465626172223b733a31343a2264617368626f6172645f6d61696e223b733a31363a2244617368626f61726420286d61696e29223b733a31373a2264617368626f6172645f73696465626172223b733a31393a2244617368626f61726420287369646562617229223b733a31383a2264617368626f6172645f696e616374697665223b733a32303a2244617368626f6172642028696e61637469766529223b7d733a31343a22726567696f6e735f68696464656e223b613a333a7b693a303b733a31333a22736964656261725f6669727374223b693a313b733a383a22706167655f746f70223b693a323b733a31313a22706167655f626f74746f6d223b7d733a373a2270726f6a656374223b733a363a2264727570616c223b733a393a22646174657374616d70223b733a31303a2231333335393937353535223b733a363a22656e67696e65223b733a31313a2270687074656d706c617465223b733a383a226665617475726573223b613a393a7b693a303b733a343a226c6f676f223b693a313b733a373a2266617669636f6e223b693a323b733a343a226e616d65223b693a333b733a363a22736c6f67616e223b693a343b733a31373a226e6f64655f757365725f70696374757265223b693a353b733a32303a22636f6d6d656e745f757365725f70696374757265223b693a363b733a32353a22636f6d6d656e745f757365725f766572696669636174696f6e223b693a373b733a393a226d61696e5f6d656e75223b693a383b733a31343a227365636f6e646172795f6d656e75223b7d733a31303a2273637265656e73686f74223b733a32373a227468656d65732f736576656e2f73637265656e73686f742e706e67223b733a333a22706870223b733a353a22352e322e34223b733a373a2273637269707473223b613a303a7b7d733a31353a226f7665726c61795f726567696f6e73223b613a353a7b693a303b733a31343a2264617368626f6172645f6d61696e223b693a313b733a31373a2264617368626f6172645f73696465626172223b693a323b733a31383a2264617368626f6172645f696e616374697665223b693a333b733a373a22636f6e74656e74223b693a343b733a343a2268656c70223b7d733a32383a226f7665726c61795f737570706c656d656e74616c5f726567696f6e73223b613a313a7b693a303b733a383a22706167655f746f70223b7d7d),
('themes/stark/stark.info', 'stark', 'theme', 'themes/engines/phptemplate/phptemplate.engine', 0, 0, -1, 0, 0x613a31373a7b733a343a226e616d65223b733a353a22537461726b223b733a31313a226465736372697074696f6e223b733a3230383a2254686973207468656d652064656d6f6e737472617465732044727570616c27732064656661756c742048544d4c206d61726b757020616e6420435353207374796c65732e20546f206c6561726e20686f7720746f206275696c6420796f7572206f776e207468656d6520616e64206f766572726964652044727570616c27732064656661756c7420636f64652c2073656520746865203c6120687265663d22687474703a2f2f64727570616c2e6f72672f7468656d652d6775696465223e5468656d696e672047756964653c2f613e2e223b733a373a227061636b616765223b733a343a22436f7265223b733a373a2276657273696f6e223b733a343a22372e3134223b733a343a22636f7265223b733a333a22372e78223b733a31313a227374796c65736865657473223b613a313a7b733a333a22616c6c223b613a313a7b733a31303a226c61796f75742e637373223b733a32333a227468656d65732f737461726b2f6c61796f75742e637373223b7d7d733a373a2270726f6a656374223b733a363a2264727570616c223b733a393a22646174657374616d70223b733a31303a2231333335393937353535223b733a363a22656e67696e65223b733a31313a2270687074656d706c617465223b733a373a22726567696f6e73223b613a31323a7b733a31333a22736964656261725f6669727374223b733a31323a224c6566742073696465626172223b733a31343a22736964656261725f7365636f6e64223b733a31333a2252696768742073696465626172223b733a373a22636f6e74656e74223b733a373a22436f6e74656e74223b733a363a22686561646572223b733a363a22486561646572223b733a363a22666f6f746572223b733a363a22466f6f746572223b733a31313a22686967686c696768746564223b733a31313a22486967686c696768746564223b733a343a2268656c70223b733a343a2248656c70223b733a383a22706167655f746f70223b733a383a225061676520746f70223b733a31313a22706167655f626f74746f6d223b733a31313a225061676520626f74746f6d223b733a31343a2264617368626f6172645f6d61696e223b733a31363a2244617368626f61726420286d61696e29223b733a31373a2264617368626f6172645f73696465626172223b733a31393a2244617368626f61726420287369646562617229223b733a31383a2264617368626f6172645f696e616374697665223b733a32303a2244617368626f6172642028696e61637469766529223b7d733a383a226665617475726573223b613a393a7b693a303b733a343a226c6f676f223b693a313b733a373a2266617669636f6e223b693a323b733a343a226e616d65223b693a333b733a363a22736c6f67616e223b693a343b733a31373a226e6f64655f757365725f70696374757265223b693a353b733a32303a22636f6d6d656e745f757365725f70696374757265223b693a363b733a32353a22636f6d6d656e745f757365725f766572696669636174696f6e223b693a373b733a393a226d61696e5f6d656e75223b693a383b733a31343a227365636f6e646172795f6d656e75223b7d733a31303a2273637265656e73686f74223b733a32373a227468656d65732f737461726b2f73637265656e73686f742e706e67223b733a333a22706870223b733a353a22352e322e34223b733a373a2273637269707473223b613a303a7b7d733a31353a226f7665726c61795f726567696f6e73223b613a353a7b693a303b733a31343a2264617368626f6172645f6d61696e223b693a313b733a31373a2264617368626f6172645f73696465626172223b693a323b733a31383a2264617368626f6172645f696e616374697665223b693a333b733a373a22636f6e74656e74223b693a343b733a343a2268656c70223b7d733a31343a22726567696f6e735f68696464656e223b613a323a7b693a303b733a383a22706167655f746f70223b693a313b733a31313a22706167655f626f74746f6d223b7d733a32383a226f7665726c61795f737570706c656d656e74616c5f726567696f6e73223b613a313a7b693a303b733a383a22706167655f746f70223b7d7d);

-- --------------------------------------------------------

--
-- Estructura de tabla para la tabla `taxonomy_index`
--

CREATE TABLE IF NOT EXISTS `taxonomy_index` (
  `nid` int(10) unsigned NOT NULL DEFAULT '0' COMMENT 'The node.nid this record tracks.',
  `tid` int(10) unsigned NOT NULL DEFAULT '0' COMMENT 'The term ID.',
  `sticky` tinyint(4) DEFAULT '0' COMMENT 'Boolean indicating whether the node is sticky.',
  `created` int(11) NOT NULL DEFAULT '0' COMMENT 'The Unix timestamp when the node was created.',
  KEY `term_node` (`tid`,`sticky`,`created`),
  KEY `nid` (`nid`)
) ENGINE=InnoDB DEFAULT CHARSET=utf8 COMMENT='Maintains denormalized information about node/term...';

--
-- Volcado de datos para la tabla `taxonomy_index`
--

INSERT INTO `taxonomy_index` (`nid`, `tid`, `sticky`, `created`) VALUES
(4279, 133, 0, 1389923846),
(4279, 660, 0, 1389923846),
(4279, 882, 0, 1389923846),
(4279, 481, 0, 1389923846),
(4279, 777, 0, 1389923846),
(4279, 778, 0, 1389923846),
(4279, 779, 0, 1389923846),
(4280, 133, 0, 1389923846),
(4280, 660, 0, 1389923846),
(4280, 882, 0, 1389923846),
(4280, 481, 0, 1389923846),
(4280, 777, 0, 1389923846),
(4280, 778, 0, 1389923846),
(4280, 779, 0, 1389923846),
(4281, 133, 0, 1389923846),
(4281, 660, 0, 1389923846),
(4281, 882, 0, 1389923846),
(4281, 481, 0, 1389923846),
(4281, 777, 0, 1389923846),
(4281, 778, 0, 1389923846),
(4281, 779, 0, 1389923846),
(4282, 133, 0, 1389923846),
(4282, 660, 0, 1389923846),
(4282, 882, 0, 1389923846),
(4282, 481, 0, 1389923846),
(4282, 777, 0, 1389923846),
(4282, 778, 0, 1389923846),
(4282, 779, 0, 1389923846),
(4283, 133, 0, 1389923846),
(4283, 660, 0, 1389923846),
(4283, 882, 0, 1389923846),
(4283, 481, 0, 1389923846),
(4283, 777, 0, 1389923846),
(4283, 778, 0, 1389923846),
(4283, 779, 0, 1389923846),
(4284, 133, 0, 1389923846),
(4284, 660, 0, 1389923846),
(4284, 882, 0, 1389923846),
(4284, 481, 0, 1389923846),
(4284, 777, 0, 1389923846),
(4284, 778, 0, 1389923846),
(4284, 779, 0, 1389923846),
(4285, 133, 0, 1389923846),
(4285, 660, 0, 1389923846),
(4285, 882, 0, 1389923846),
(4285, 481, 0, 1389923846),
(4285, 777, 0, 1389923846),
(4285, 778, 0, 1389923846),
(4285, 779, 0, 1389923846),
(4286, 133, 0, 1389923846),
(4286, 660, 0, 1389923846),
(4286, 882, 0, 1389923846),
(4286, 481, 0, 1389923846),
(4286, 777, 0, 1389923846),
(4286, 778, 0, 1389923846),
(4286, 779, 0, 1389923846),
(4287, 133, 0, 1389923846),
(4287, 660, 0, 1389923846),
(4287, 882, 0, 1389923846),
(4287, 481, 0, 1389923846),
(4287, 777, 0, 1389923846),
(4287, 778, 0, 1389923846),
(4287, 779, 0, 1389923846),
(4288, 133, 0, 1389923846),
(4288, 660, 0, 1389923846),
(4288, 882, 0, 1389923846),
(4288, 481, 0, 1389923846),
(4288, 777, 0, 1389923846),
(4288, 778, 0, 1389923846),
(4288, 779, 0, 1389923846),
(4289, 133, 0, 1389923846),
(4289, 660, 0, 1389923846),
(4289, 882, 0, 1389923846),
(4289, 481, 0, 1389923846),
(4289, 777, 0, 1389923846),
(4289, 778, 0, 1389923846),
(4289, 779, 0, 1389923846),
(4290, 133, 0, 1389923846),
(4290, 660, 0, 1389923846),
(4290, 882, 0, 1389923846),
(4290, 481, 0, 1389923846),
(4290, 777, 0, 1389923846),
(4290, 778, 0, 1389923846),
(4290, 779, 0, 1389923846),
(4291, 133, 0, 1389923846),
(4291, 660, 0, 1389923846),
(4291, 882, 0, 1389923846),
(4291, 481, 0, 1389923846),
(4291, 777, 0, 1389923846),
(4291, 778, 0, 1389923846),
(4291, 779, 0, 1389923846),
(4292, 133, 0, 1389923846),
(4292, 660, 0, 1389923846),
(4292, 882, 0, 1389923846),
(4292, 481, 0, 1389923846),
(4292, 777, 0, 1389923846),
(4292, 778, 0, 1389923846),
(4292, 779, 0, 1389923846),
(4293, 133, 0, 1389923846),
(4293, 660, 0, 1389923846),
(4293, 882, 0, 1389923846),
(4293, 481, 0, 1389923846),
(4293, 777, 0, 1389923846),
(4293, 778, 0, 1389923846),
(4293, 779, 0, 1389923846),
(4294, 133, 0, 1389923846),
(4294, 660, 0, 1389923846),
(4294, 882, 0, 1389923846),
(4294, 481, 0, 1389923846),
(4294, 777, 0, 1389923846),
(4294, 778, 0, 1389923846),
(4294, 779, 0, 1389923846),
(4295, 133, 0, 1389923846),
(4295, 660, 0, 1389923846),
(4295, 882, 0, 1389923846),
(4295, 481, 0, 1389923846),
(4295, 777, 0, 1389923846),
(4295, 778, 0, 1389923846),
(4295, 779, 0, 1389923846),
(4296, 133, 0, 1389923846),
(4296, 660, 0, 1389923846),
(4296, 882, 0, 1389923846),
(4296, 481, 0, 1389923846),
(4296, 777, 0, 1389923846),
(4296, 778, 0, 1389923846),
(4296, 779, 0, 1389923846),
(4297, 133, 0, 1389923846),
(4297, 660, 0, 1389923846),
(4297, 882, 0, 1389923846),
(4297, 481, 0, 1389923846),
(4297, 777, 0, 1389923846),
(4297, 778, 0, 1389923846),
(4297, 779, 0, 1389923846),
(4298, 133, 0, 1389936946),
(4298, 541, 0, 1389936946),
(4298, 660, 0, 1389936946),
(4298, 768, 0, 1389936946),
(4298, 481, 0, 1389936946),
(4298, 785, 0, 1389936946),
(4298, 777, 0, 1389936946),
(4298, 778, 0, 1389936946),
(4298, 779, 0, 1389936946),
(4299, 133, 0, 1389936946),
(4299, 541, 0, 1389936946),
(4299, 660, 0, 1389936946),
(4299, 768, 0, 1389936946),
(4299, 481, 0, 1389936946),
(4299, 785, 0, 1389936946),
(4299, 777, 0, 1389936946),
(4299, 778, 0, 1389936946),
(4299, 779, 0, 1389936946),
(4300, 133, 0, 1389936946),
(4300, 541, 0, 1389936946),
(4300, 660, 0, 1389936946),
(4300, 768, 0, 1389936946),
(4300, 481, 0, 1389936946),
(4300, 785, 0, 1389936946),
(4300, 777, 0, 1389936946),
(4300, 778, 0, 1389936946),
(4300, 779, 0, 1389936946),
(4301, 133, 0, 1389936946),
(4301, 538, 0, 1389936946),
(4301, 660, 0, 1389936946),
(4301, 768, 0, 1389936946),
(4301, 481, 0, 1389936946),
(4301, 785, 0, 1389936946),
(4301, 777, 0, 1389936946),
(4301, 778, 0, 1389936946),
(4301, 779, 0, 1389936946),
(4302, 133, 0, 1389936946),
(4302, 538, 0, 1389936946),
(4302, 660, 0, 1389936946),
(4302, 768, 0, 1389936946),
(4302, 481, 0, 1389936946),
(4302, 785, 0, 1389936946),
(4302, 777, 0, 1389936946),
(4302, 778, 0, 1389936946),
(4302, 779, 0, 1389936946),
(4303, 133, 0, 1389936946),
(4303, 538, 0, 1389936946),
(4303, 660, 0, 1389936946),
(4303, 768, 0, 1389936946),
(4303, 481, 0, 1389936946),
(4303, 785, 0, 1389936946),
(4303, 777, 0, 1389936946),
(4303, 778, 0, 1389936946),
(4303, 779, 0, 1389936946),
(4304, 133, 0, 1389936946),
(4304, 538, 0, 1389936946),
(4304, 660, 0, 1389936946),
(4304, 768, 0, 1389936946),
(4304, 481, 0, 1389936946),
(4304, 785, 0, 1389936946),
(4304, 777, 0, 1389936946),
(4304, 778, 0, 1389936946),
(4304, 779, 0, 1389936946),
(4305, 133, 0, 1389936946),
(4305, 538, 0, 1389936946),
(4305, 660, 0, 1389936946),
(4305, 768, 0, 1389936946),
(4305, 481, 0, 1389936946),
(4305, 785, 0, 1389936946),
(4305, 777, 0, 1389936946),
(4305, 778, 0, 1389936946),
(4305, 779, 0, 1389936946),
(4306, 133, 0, 1389936946),
(4306, 538, 0, 1389936946),
(4306, 660, 0, 1389936946),
(4306, 768, 0, 1389936946),
(4306, 481, 0, 1389936946),
(4306, 785, 0, 1389936946),
(4306, 777, 0, 1389936946),
(4306, 778, 0, 1389936946),
(4306, 779, 0, 1389936946),
(4307, 133, 0, 1389936946),
(4307, 538, 0, 1389936946),
(4307, 660, 0, 1389936946),
(4307, 768, 0, 1389936946),
(4307, 481, 0, 1389936946),
(4307, 785, 0, 1389936946),
(4307, 777, 0, 1389936946),
(4307, 778, 0, 1389936946),
(4307, 779, 0, 1389936946),
(4308, 133, 0, 1389936946),
(4308, 538, 0, 1389936946),
(4308, 660, 0, 1389936946),
(4308, 768, 0, 1389936946),
(4308, 481, 0, 1389936946),
(4308, 785, 0, 1389936946),
(4308, 777, 0, 1389936946),
(4308, 778, 0, 1389936946),
(4308, 779, 0, 1389936946),
(4309, 133, 0, 1389936946),
(4309, 541, 0, 1389936946),
(4309, 660, 0, 1389936946),
(4309, 768, 0, 1389936946),
(4309, 481, 0, 1389936946),
(4309, 785, 0, 1389936946),
(4309, 777, 0, 1389936946),
(4309, 778, 0, 1389936946),
(4309, 779, 0, 1389936946),
(4310, 133, 0, 1389936946),
(4310, 541, 0, 1389936946),
(4310, 660, 0, 1389936946),
(4310, 768, 0, 1389936946),
(4310, 481, 0, 1389936946),
(4310, 785, 0, 1389936946),
(4310, 777, 0, 1389936946),
(4310, 778, 0, 1389936946),
(4310, 779, 0, 1389936946),
(4311, 133, 0, 1389936946),
(4311, 541, 0, 1389936946),
(4311, 660, 0, 1389936946),
(4311, 768, 0, 1389936946),
(4311, 481, 0, 1389936946),
(4311, 785, 0, 1389936946),
(4311, 777, 0, 1389936946),
(4311, 778, 0, 1389936946),
(4311, 779, 0, 1389936946),
(4312, 133, 0, 1389936946),
(4312, 538, 0, 1389936946),
(4312, 660, 0, 1389936946),
(4312, 768, 0, 1389936946),
(4312, 481, 0, 1389936946),
(4312, 785, 0, 1389936946),
(4312, 777, 0, 1389936946),
(4312, 778, 0, 1389936946),
(4312, 779, 0, 1389936946),
(4313, 133, 0, 1389936946),
(4313, 538, 0, 1389936946),
(4313, 660, 0, 1389936946),
(4313, 768, 0, 1389936946),
(4313, 481, 0, 1389936946),
(4313, 785, 0, 1389936946),
(4313, 777, 0, 1389936946),
(4313, 778, 0, 1389936946),
(4313, 779, 0, 1389936946),
(4314, 133, 0, 1389936946),
(4314, 538, 0, 1389936946),
(4314, 660, 0, 1389936946),
(4314, 768, 0, 1389936946),
(4314, 481, 0, 1389936946),
(4314, 785, 0, 1389936946),
(4314, 777, 0, 1389936946),
(4314, 778, 0, 1389936946),
(4314, 779, 0, 1389936946),
(4315, 133, 0, 1389936946),
(4315, 538, 0, 1389936946),
(4315, 660, 0, 1389936946),
(4315, 768, 0, 1389936946),
(4315, 481, 0, 1389936946),
(4315, 785, 0, 1389936946),
(4315, 777, 0, 1389936946),
(4315, 778, 0, 1389936946),
(4315, 779, 0, 1389936946),
(4316, 133, 0, 1389936946),
(4316, 538, 0, 1389936946),
(4316, 660, 0, 1389936946),
(4316, 768, 0, 1389936946),
(4316, 481, 0, 1389936946),
(4316, 785, 0, 1389936946),
(4316, 777, 0, 1389936946),
(4316, 778, 0, 1389936946),
(4316, 779, 0, 1389936946),
(4317, 133, 0, 1389936946),
(4317, 541, 0, 1389936946),
(4317, 660, 0, 1389936946),
(4317, 768, 0, 1389936946),
(4317, 481, 0, 1389936946),
(4317, 785, 0, 1389936946),
(4317, 777, 0, 1389936946),
(4317, 778, 0, 1389936946),
(4317, 779, 0, 1389936946),
(4318, 133, 0, 1389936946),
(4318, 541, 0, 1389936946),
(4318, 660, 0, 1389936946),
(4318, 768, 0, 1389936946),
(4318, 481, 0, 1389936946),
(4318, 785, 0, 1389936946),
(4318, 777, 0, 1389936946),
(4318, 778, 0, 1389936946),
(4318, 779, 0, 1389936946),
(4319, 133, 0, 1389936946),
(4319, 541, 0, 1389936946),
(4319, 660, 0, 1389936946),
(4319, 768, 0, 1389936946),
(4319, 481, 0, 1389936946),
(4319, 785, 0, 1389936946),
(4319, 777, 0, 1389936946),
(4319, 778, 0, 1389936946),
(4319, 779, 0, 1389936946),
(4320, 133, 0, 1389936946),
(4320, 541, 0, 1389936946),
(4320, 660, 0, 1389936946),
(4320, 768, 0, 1389936946),
(4320, 481, 0, 1389936946),
(4320, 785, 0, 1389936946),
(4320, 777, 0, 1389936946),
(4320, 778, 0, 1389936946),
(4320, 779, 0, 1389936946),
(4321, 133, 0, 1389936946),
(4321, 541, 0, 1389936946),
(4321, 660, 0, 1389936946),
(4321, 768, 0, 1389936946),
(4321, 481, 0, 1389936946),
(4321, 785, 0, 1389936946),
(4321, 777, 0, 1389936946),
(4321, 778, 0, 1389936946),
(4321, 779, 0, 1389936946),
(4322, 133, 0, 1389936946),
(4322, 538, 0, 1389936946),
(4322, 660, 0, 1389936946),
(4322, 768, 0, 1389936946),
(4322, 481, 0, 1389936946),
(4322, 785, 0, 1389936946),
(4322, 777, 0, 1389936946),
(4322, 778, 0, 1389936946),
(4322, 779, 0, 1389936946),
(4323, 133, 0, 1389936946),
(4323, 538, 0, 1389936946),
(4323, 660, 0, 1389936946),
(4323, 768, 0, 1389936946),
(4323, 481, 0, 1389936946),
(4323, 785, 0, 1389936946),
(4323, 777, 0, 1389936946),
(4323, 778, 0, 1389936946),
(4323, 779, 0, 1389936946),
(4324, 133, 0, 1389936946),
(4324, 538, 0, 1389936946),
(4324, 660, 0, 1389936946),
(4324, 768, 0, 1389936946),
(4324, 481, 0, 1389936946),
(4324, 785, 0, 1389936946),
(4324, 777, 0, 1389936946),
(4324, 778, 0, 1389936946),
(4324, 779, 0, 1389936946),
(4325, 133, 0, 1389936946),
(4325, 537, 0, 1389936946),
(4325, 660, 0, 1389936946),
(4325, 768, 0, 1389936946),
(4325, 481, 0, 1389936946),
(4325, 785, 0, 1389936946),
(4325, 777, 0, 1389936946),
(4325, 778, 0, 1389936946),
(4325, 779, 0, 1389936946),
(4326, 133, 0, 1389936946),
(4326, 537, 0, 1389936946),
(4326, 660, 0, 1389936946),
(4326, 768, 0, 1389936946),
(4326, 481, 0, 1389936946),
(4326, 785, 0, 1389936946),
(4326, 777, 0, 1389936946),
(4326, 778, 0, 1389936946),
(4326, 779, 0, 1389936946),
(4327, 133, 0, 1389936946),
(4327, 535, 0, 1389936946),
(4327, 660, 0, 1389936946),
(4327, 768, 0, 1389936946),
(4327, 481, 0, 1389936946),
(4327, 785, 0, 1389936946),
(4327, 777, 0, 1389936946),
(4327, 778, 0, 1389936946),
(4327, 779, 0, 1389936946),
(4328, 133, 0, 1389936946),
(4328, 538, 0, 1389936946),
(4328, 660, 0, 1389936946),
(4328, 768, 0, 1389936946),
(4328, 481, 0, 1389936946),
(4328, 785, 0, 1389936946),
(4328, 777, 0, 1389936946),
(4328, 778, 0, 1389936946),
(4328, 779, 0, 1389936946),
(4329, 133, 0, 1389936946),
(4329, 538, 0, 1389936946),
(4329, 660, 0, 1389936946),
(4329, 768, 0, 1389936946),
(4329, 481, 0, 1389936946),
(4329, 785, 0, 1389936946),
(4329, 777, 0, 1389936946),
(4329, 778, 0, 1389936946),
(4329, 779, 0, 1389936946),
(4330, 133, 0, 1389936946),
(4330, 538, 0, 1389936946),
(4330, 660, 0, 1389936946),
(4330, 768, 0, 1389936946),
(4330, 481, 0, 1389936946),
(4330, 785, 0, 1389936946),
(4330, 777, 0, 1389936946),
(4330, 778, 0, 1389936946),
(4330, 779, 0, 1389936946),
(4331, 133, 0, 1389936946),
(4331, 538, 0, 1389936946),
(4331, 660, 0, 1389936946),
(4331, 768, 0, 1389936946),
(4331, 481, 0, 1389936946),
(4331, 785, 0, 1389936946),
(4331, 777, 0, 1389936946),
(4331, 778, 0, 1389936946),
(4331, 779, 0, 1389936946),
(4332, 133, 0, 1389936946),
(4332, 538, 0, 1389936946),
(4332, 660, 0, 1389936946),
(4332, 768, 0, 1389936946),
(4332, 481, 0, 1389936946),
(4332, 785, 0, 1389936946),
(4332, 777, 0, 1389936946),
(4332, 778, 0, 1389936946),
(4332, 779, 0, 1389936946),
(4333, 133, 0, 1389936946),
(4333, 538, 0, 1389936946),
(4333, 660, 0, 1389936946),
(4333, 768, 0, 1389936946),
(4333, 481, 0, 1389936946),
(4333, 785, 0, 1389936946),
(4333, 777, 0, 1389936946),
(4333, 778, 0, 1389936946),
(4333, 779, 0, 1389936946),
(4334, 133, 0, 1389936946),
(4334, 541, 0, 1389936946),
(4334, 660, 0, 1389936946),
(4334, 768, 0, 1389936946),
(4334, 481, 0, 1389936946),
(4334, 785, 0, 1389936946),
(4334, 777, 0, 1389936946),
(4334, 778, 0, 1389936946),
(4334, 779, 0, 1389936946),
(4335, 133, 0, 1389936946),
(4335, 541, 0, 1389936946),
(4335, 660, 0, 1389936946),
(4335, 768, 0, 1389936946),
(4335, 481, 0, 1389936946),
(4335, 785, 0, 1389936946),
(4335, 777, 0, 1389936946),
(4335, 778, 0, 1389936946),
(4335, 779, 0, 1389936946),
(4336, 133, 0, 1389936946),
(4336, 541, 0, 1389936946),
(4336, 660, 0, 1389936946),
(4336, 768, 0, 1389936946),
(4336, 481, 0, 1389936946),
(4336, 785, 0, 1389936946),
(4336, 777, 0, 1389936946),
(4336, 778, 0, 1389936946),
(4336, 779, 0, 1389936946),
(4337, 133, 0, 1389936946),
(4337, 541, 0, 1389936946),
(4337, 660, 0, 1389936946),
(4337, 768, 0, 1389936946),
(4337, 481, 0, 1389936946),
(4337, 785, 0, 1389936946),
(4337, 777, 0, 1389936946),
(4337, 778, 0, 1389936946),
(4337, 779, 0, 1389936946),
(4338, 133, 0, 1389936946),
(4338, 541, 0, 1389936946),
(4338, 660, 0, 1389936946),
(4338, 768, 0, 1389936946),
(4338, 481, 0, 1389936946),
(4338, 785, 0, 1389936946),
(4338, 777, 0, 1389936946),
(4338, 778, 0, 1389936946),
(4338, 779, 0, 1389936946),
(4339, 133, 0, 1389936946),
(4339, 541, 0, 1389936946),
(4339, 660, 0, 1389936946),
(4339, 768, 0, 1389936946),
(4339, 481, 0, 1389936946),
(4339, 785, 0, 1389936946),
(4339, 777, 0, 1389936946),
(4339, 778, 0, 1389936946),
(4339, 779, 0, 1389936946),
(4340, 133, 0, 1389936946),
(4340, 538, 0, 1389936946),
(4340, 660, 0, 1389936946),
(4340, 768, 0, 1389936946),
(4340, 481, 0, 1389936946),
(4340, 785, 0, 1389936946),
(4340, 777, 0, 1389936946),
(4340, 778, 0, 1389936946),
(4340, 779, 0, 1389936946),
(4341, 133, 0, 1389936946),
(4341, 538, 0, 1389936946),
(4341, 660, 0, 1389936946),
(4341, 768, 0, 1389936946),
(4341, 481, 0, 1389936946),
(4341, 785, 0, 1389936946),
(4341, 777, 0, 1389936946),
(4341, 778, 0, 1389936946),
(4341, 779, 0, 1389936946),
(4342, 133, 0, 1389936946),
(4342, 541, 0, 1389936946),
(4342, 660, 0, 1389936946),
(4342, 768, 0, 1389936946),
(4342, 481, 0, 1389936946),
(4342, 785, 0, 1389936946),
(4342, 777, 0, 1389936946),
(4342, 778, 0, 1389936946),
(4342, 779, 0, 1389936946),
(4343, 133, 0, 1389936946),
(4343, 538, 0, 1389936946),
(4343, 660, 0, 1389936946),
(4343, 768, 0, 1389936946),
(4343, 481, 0, 1389936946),
(4343, 785, 0, 1389936946),
(4343, 777, 0, 1389936946),
(4343, 778, 0, 1389936946),
(4343, 779, 0, 1389936946),
(4344, 133, 0, 1389936946),
(4344, 538, 0, 1389936946),
(4344, 660, 0, 1389936946),
(4344, 768, 0, 1389936946),
(4344, 481, 0, 1389936946),
(4344, 785, 0, 1389936946),
(4344, 777, 0, 1389936946),
(4344, 778, 0, 1389936946),
(4344, 779, 0, 1389936946),
(4345, 133, 0, 1389936946),
(4345, 538, 0, 1389936946),
(4345, 660, 0, 1389936946),
(4345, 768, 0, 1389936946),
(4345, 481, 0, 1389936946),
(4345, 785, 0, 1389936946),
(4345, 777, 0, 1389936946),
(4345, 778, 0, 1389936946),
(4345, 779, 0, 1389936946),
(4346, 133, 0, 1389936946),
(4346, 538, 0, 1389936946),
(4346, 660, 0, 1389936946),
(4346, 768, 0, 1389936946),
(4346, 481, 0, 1389936946),
(4346, 785, 0, 1389936946),
(4346, 777, 0, 1389936946),
(4346, 778, 0, 1389936946),
(4346, 779, 0, 1389936946),
(4347, 133, 0, 1389936946),
(4347, 538, 0, 1389936946),
(4347, 660, 0, 1389936946),
(4347, 768, 0, 1389936946),
(4347, 481, 0, 1389936946),
(4347, 785, 0, 1389936946),
(4347, 777, 0, 1389936946),
(4347, 778, 0, 1389936946),
(4347, 779, 0, 1389936946),
(4348, 133, 0, 1389936946),
(4348, 538, 0, 1389936946),
(4348, 660, 0, 1389936946),
(4348, 768, 0, 1389936946),
(4348, 481, 0, 1389936946),
(4348, 785, 0, 1389936946),
(4348, 777, 0, 1389936946),
(4348, 778, 0, 1389936946),
(4348, 779, 0, 1389936946),
(4349, 133, 0, 1389936946),
(4349, 538, 0, 1389936946),
(4349, 660, 0, 1389936946),
(4349, 768, 0, 1389936946),
(4349, 481, 0, 1389936946),
(4349, 785, 0, 1389936946),
(4349, 777, 0, 1389936946),
(4349, 778, 0, 1389936946),
(4349, 779, 0, 1389936946),
(4350, 133, 0, 1389936946),
(4350, 538, 0, 1389936946),
(4350, 660, 0, 1389936946),
(4350, 768, 0, 1389936946),
(4350, 481, 0, 1389936946),
(4350, 785, 0, 1389936946),
(4350, 777, 0, 1389936946),
(4350, 778, 0, 1389936946),
(4350, 779, 0, 1389936946),
(4351, 133, 0, 1389936946),
(4351, 538, 0, 1389936946),
(4351, 660, 0, 1389936946),
(4351, 768, 0, 1389936946),
(4351, 481, 0, 1389936946),
(4351, 785, 0, 1389936946),
(4351, 777, 0, 1389936946),
(4351, 778, 0, 1389936946),
(4351, 779, 0, 1389936946),
(4352, 133, 0, 1389936946),
(4352, 138, 0, 1389936946),
(4352, 541, 0, 1389936946),
(4352, 660, 0, 1389936946),
(4352, 792, 0, 1389936946),
(4352, 481, 0, 1389936946),
(4352, 785, 0, 1389936946),
(4352, 777, 0, 1389936946),
(4352, 778, 0, 1389936946),
(4352, 779, 0, 1389936946),
(4353, 133, 0, 1389936946),
(4353, 138, 0, 1389936946),
(4353, 541, 0, 1389936946),
(4353, 660, 0, 1389936946),
(4353, 792, 0, 1389936946),
(4353, 481, 0, 1389936946),
(4353, 785, 0, 1389936946),
(4353, 777, 0, 1389936946),
(4353, 778, 0, 1389936946),
(4353, 779, 0, 1389936946),
(4354, 133, 0, 1389936946),
(4354, 138, 0, 1389936946),
(4354, 541, 0, 1389936946),
(4354, 660, 0, 1389936946),
(4354, 792, 0, 1389936946),
(4354, 481, 0, 1389936946),
(4354, 785, 0, 1389936946),
(4354, 777, 0, 1389936946),
(4354, 778, 0, 1389936946),
(4354, 779, 0, 1389936946),
(4355, 133, 0, 1389936946),
(4355, 138, 0, 1389936946),
(4355, 541, 0, 1389936946),
(4355, 660, 0, 1389936946),
(4355, 792, 0, 1389936946),
(4355, 481, 0, 1389936946),
(4355, 785, 0, 1389936946),
(4355, 777, 0, 1389936946),
(4355, 778, 0, 1389936946),
(4355, 779, 0, 1389936946),
(4356, 133, 0, 1389936946),
(4356, 138, 0, 1389936946),
(4356, 541, 0, 1389936946),
(4356, 660, 0, 1389936946),
(4356, 792, 0, 1389936946),
(4356, 481, 0, 1389936946),
(4356, 785, 0, 1389936946),
(4356, 777, 0, 1389936946),
(4356, 778, 0, 1389936946),
(4356, 779, 0, 1389936946),
(4357, 133, 0, 1389936946),
(4357, 138, 0, 1389936946),
(4357, 541, 0, 1389936946),
(4357, 660, 0, 1389936946),
(4357, 792, 0, 1389936946),
(4357, 481, 0, 1389936946),
(4357, 785, 0, 1389936946),
(4357, 777, 0, 1389936946),
(4357, 778, 0, 1389936946),
(4357, 779, 0, 1389936946),
(4358, 133, 0, 1389936946),
(4358, 138, 0, 1389936946),
(4358, 541, 0, 1389936946),
(4358, 660, 0, 1389936946),
(4358, 792, 0, 1389936946),
(4358, 481, 0, 1389936946),
(4358, 785, 0, 1389936946),
(4358, 777, 0, 1389936946),
(4358, 778, 0, 1389936946),
(4358, 779, 0, 1389936946),
(4359, 133, 0, 1389936946),
(4359, 138, 0, 1389936946),
(4359, 541, 0, 1389936946),
(4359, 660, 0, 1389936946),
(4359, 792, 0, 1389936946),
(4359, 481, 0, 1389936946),
(4359, 785, 0, 1389936946),
(4359, 777, 0, 1389936946),
(4359, 778, 0, 1389936946),
(4359, 779, 0, 1389936946),
(4360, 133, 0, 1389936946),
(4360, 138, 0, 1389936946),
(4360, 541, 0, 1389936946),
(4360, 660, 0, 1389936946),
(4360, 792, 0, 1389936946),
(4360, 481, 0, 1389936946),
(4360, 785, 0, 1389936946),
(4360, 777, 0, 1389936946),
(4360, 778, 0, 1389936946),
(4360, 779, 0, 1389936946),
(4361, 133, 0, 1389936946),
(4361, 138, 0, 1389936946),
(4361, 541, 0, 1389936946),
(4361, 660, 0, 1389936946),
(4361, 792, 0, 1389936946),
(4361, 481, 0, 1389936946),
(4361, 785, 0, 1389936946),
(4361, 777, 0, 1389936946),
(4361, 778, 0, 1389936946),
(4361, 779, 0, 1389936946),
(4362, 133, 0, 1389936946),
(4362, 138, 0, 1389936946),
(4362, 541, 0, 1389936946),
(4362, 139, 0, 1389936946),
(4362, 769, 0, 1389936946),
(4362, 660, 0, 1389936946),
(4362, 792, 0, 1389936946),
(4362, 481, 0, 1389936946),
(4362, 785, 0, 1389936946),
(4362, 777, 0, 1389936946),
(4362, 778, 0, 1389936946),
(4362, 779, 0, 1389936946),
(4363, 133, 0, 1389936946),
(4363, 138, 0, 1389936946),
(4363, 541, 0, 1389936946),
(4363, 660, 0, 1389936946),
(4363, 792, 0, 1389936946),
(4363, 481, 0, 1389936946),
(4363, 785, 0, 1389936946),
(4363, 777, 0, 1389936946),
(4363, 778, 0, 1389936946),
(4363, 779, 0, 1389936946),
(4364, 133, 0, 1389936946),
(4364, 138, 0, 1389936946),
(4364, 536, 0, 1389936946),
(4364, 660, 0, 1389936946),
(4364, 792, 0, 1389936946),
(4364, 481, 0, 1389936946),
(4364, 785, 0, 1389936946),
(4364, 777, 0, 1389936946),
(4364, 778, 0, 1389936946),
(4364, 779, 0, 1389936946),
(4365, 133, 0, 1389936946),
(4365, 138, 0, 1389936946),
(4365, 536, 0, 1389936946),
(4365, 660, 0, 1389936946),
(4365, 792, 0, 1389936946),
(4365, 481, 0, 1389936946),
(4365, 785, 0, 1389936946),
(4365, 777, 0, 1389936946),
(4365, 778, 0, 1389936946),
(4365, 779, 0, 1389936946),
(4366, 138, 0, 1389936946),
(4366, 536, 0, 1389936946),
(4366, 660, 0, 1389936946),
(4366, 792, 0, 1389936946),
(4366, 481, 0, 1389936946),
(4366, 785, 0, 1389936946),
(4366, 777, 0, 1389936946),
(4366, 778, 0, 1389936946),
(4366, 779, 0, 1389936946),
(4367, 133, 0, 1389936946),
(4367, 138, 0, 1389936946),
(4367, 536, 0, 1389936946),
(4367, 660, 0, 1389936946),
(4367, 792, 0, 1389936946),
(4367, 481, 0, 1389936946),
(4367, 785, 0, 1389936946),
(4367, 777, 0, 1389936946),
(4367, 778, 0, 1389936946),
(4367, 779, 0, 1389936946),
(4368, 133, 0, 1389936946),
(4368, 138, 0, 1389936946),
(4368, 536, 0, 1389936946),
(4368, 660, 0, 1389936946),
(4368, 792, 0, 1389936946),
(4368, 481, 0, 1389936946),
(4368, 785, 0, 1389936946),
(4368, 777, 0, 1389936946),
(4368, 778, 0, 1389936946),
(4368, 779, 0, 1389936946),
(4369, 133, 0, 1389936946),
(4369, 138, 0, 1389936946),
(4369, 536, 0, 1389936946),
(4369, 660, 0, 1389936946),
(4369, 792, 0, 1389936946),
(4369, 481, 0, 1389936946),
(4369, 785, 0, 1389936946),
(4369, 777, 0, 1389936946),
(4369, 778, 0, 1389936946),
(4369, 779, 0, 1389936946),
(4370, 138, 0, 1389936946),
(4370, 536, 0, 1389936946),
(4370, 660, 0, 1389936946),
(4370, 792, 0, 1389936946),
(4370, 481, 0, 1389936946),
(4370, 785, 0, 1389936946),
(4370, 777, 0, 1389936946),
(4370, 778, 0, 1389936946),
(4370, 779, 0, 1389936946),
(4371, 133, 0, 1389936946),
(4371, 138, 0, 1389936946),
(4371, 536, 0, 1389936946),
(4371, 660, 0, 1389936946),
(4371, 792, 0, 1389936946),
(4371, 481, 0, 1389936946),
(4371, 785, 0, 1389936946),
(4371, 777, 0, 1389936946),
(4371, 778, 0, 1389936946),
(4371, 779, 0, 1389936946),
(4372, 133, 0, 1389936946),
(4372, 138, 0, 1389936946),
(4372, 536, 0, 1389936946),
(4372, 660, 0, 1389936946),
(4372, 792, 0, 1389936946),
(4372, 481, 0, 1389936946),
(4372, 785, 0, 1389936946),
(4372, 777, 0, 1389936946),
(4372, 778, 0, 1389936946),
(4372, 779, 0, 1389936946),
(4373, 133, 0, 1389936946),
(4373, 138, 0, 1389936946),
(4373, 536, 0, 1389936946),
(4373, 660, 0, 1389936946),
(4373, 792, 0, 1389936946),
(4373, 481, 0, 1389936946),
(4373, 785, 0, 1389936946),
(4373, 777, 0, 1389936946),
(4373, 778, 0, 1389936946),
(4373, 779, 0, 1389936946),
(4374, 138, 0, 1389936946),
(4374, 541, 0, 1389936946),
(4374, 550, 0, 1389936946),
(4374, 555, 0, 1389936946),
(4374, 660, 0, 1389936946),
(4374, 788, 0, 1389936946),
(4374, 481, 0, 1389936946),
(4374, 785, 0, 1389936946),
(4374, 777, 0, 1389936946),
(4374, 778, 0, 1389936946),
(4374, 779, 0, 1389936946),
(4375, 138, 0, 1389936946),
(4375, 541, 0, 1389936946),
(4375, 550, 0, 1389936946),
(4375, 555, 0, 1389936946),
(4375, 660, 0, 1389936946),
(4375, 788, 0, 1389936946),
(4375, 481, 0, 1389936946),
(4375, 785, 0, 1389936946),
(4375, 777, 0, 1389936946),
(4375, 778, 0, 1389936946),
(4375, 779, 0, 1389936946),
(4376, 138, 0, 1389936946),
(4376, 541, 0, 1389936946),
(4376, 550, 0, 1389936946),
(4376, 554, 0, 1389936946),
(4376, 660, 0, 1389936946),
(4376, 788, 0, 1389936946),
(4376, 481, 0, 1389936946),
(4376, 785, 0, 1389936946),
(4376, 777, 0, 1389936946),
(4376, 778, 0, 1389936946),
(4376, 779, 0, 1389936946),
(4377, 138, 0, 1389936946),
(4377, 541, 0, 1389936946),
(4377, 550, 0, 1389936946),
(4377, 554, 0, 1389936946),
(4377, 660, 0, 1389936946),
(4377, 788, 0, 1389936946),
(4377, 481, 0, 1389936946),
(4377, 785, 0, 1389936946),
(4377, 777, 0, 1389936946),
(4377, 778, 0, 1389936946),
(4377, 779, 0, 1389936946),
(4378, 138, 0, 1389936946),
(4378, 541, 0, 1389936946),
(4378, 550, 0, 1389936946),
(4378, 554, 0, 1389936946),
(4378, 660, 0, 1389936946),
(4378, 788, 0, 1389936946),
(4378, 481, 0, 1389936946),
(4378, 785, 0, 1389936946),
(4378, 777, 0, 1389936946),
(4378, 778, 0, 1389936946),
(4378, 779, 0, 1389936946),
(4379, 138, 0, 1389936946),
(4379, 541, 0, 1389936946),
(4379, 550, 0, 1389936946),
(4379, 554, 0, 1389936946),
(4379, 660, 0, 1389936946),
(4379, 788, 0, 1389936946),
(4379, 481, 0, 1389936946),
(4379, 785, 0, 1389936946),
(4379, 777, 0, 1389936946),
(4379, 778, 0, 1389936946),
(4379, 779, 0, 1389936946),
(4380, 138, 0, 1389936946),
(4380, 541, 0, 1389936946),
(4380, 550, 0, 1389936946),
(4380, 554, 0, 1389936946),
(4380, 660, 0, 1389936946),
(4380, 788, 0, 1389936946),
(4380, 481, 0, 1389936946),
(4380, 785, 0, 1389936946),
(4380, 777, 0, 1389936946),
(4380, 778, 0, 1389936946),
(4380, 779, 0, 1389936946),
(4381, 138, 0, 1389936946),
(4381, 541, 0, 1389936946),
(4381, 550, 0, 1389936946),
(4381, 553, 0, 1389936946),
(4381, 660, 0, 1389936946),
(4381, 788, 0, 1389936946),
(4381, 481, 0, 1389936946),
(4381, 785, 0, 1389936946),
(4381, 777, 0, 1389936946),
(4381, 778, 0, 1389936946),
(4381, 779, 0, 1389936946),
(4382, 138, 0, 1389936946),
(4382, 541, 0, 1389936946),
(4382, 550, 0, 1389936946),
(4382, 553, 0, 1389936946),
(4382, 660, 0, 1389936946),
(4382, 788, 0, 1389936946),
(4382, 481, 0, 1389936946),
(4382, 785, 0, 1389936946),
(4382, 777, 0, 1389936946),
(4382, 778, 0, 1389936946),
(4382, 779, 0, 1389936946),
(4383, 138, 0, 1389936946),
(4383, 541, 0, 1389936946),
(4383, 550, 0, 1389936946),
(4383, 553, 0, 1389936946),
(4383, 660, 0, 1389936946),
(4383, 788, 0, 1389936946),
(4383, 481, 0, 1389936946),
(4383, 785, 0, 1389936946),
(4383, 777, 0, 1389936946),
(4383, 778, 0, 1389936946),
(4383, 779, 0, 1389936946),
(4384, 138, 0, 1389936946),
(4384, 541, 0, 1389936946),
(4384, 550, 0, 1389936946),
(4384, 552, 0, 1389936946),
(4384, 660, 0, 1389936946),
(4384, 788, 0, 1389936946),
(4384, 481, 0, 1389936946),
(4384, 785, 0, 1389936946),
(4384, 777, 0, 1389936946),
(4384, 778, 0, 1389936946),
(4384, 779, 0, 1389936946),
(4385, 138, 0, 1389936946),
(4385, 541, 0, 1389936946),
(4385, 550, 0, 1389936946),
(4385, 551, 0, 1389936946),
(4385, 660, 0, 1389936946),
(4385, 788, 0, 1389936946),
(4385, 481, 0, 1389936946),
(4385, 785, 0, 1389936946),
(4385, 777, 0, 1389936946),
(4385, 778, 0, 1389936946),
(4385, 779, 0, 1389936946),
(4386, 138, 0, 1389936946),
(4386, 541, 0, 1389936946),
(4386, 550, 0, 1389936946),
(4386, 551, 0, 1389936946),
(4386, 660, 0, 1389936946),
(4386, 788, 0, 1389936946),
(4386, 481, 0, 1389936946),
(4386, 785, 0, 1389936946),
(4386, 777, 0, 1389936946),
(4386, 778, 0, 1389936946),
(4386, 779, 0, 1389936946),
(4387, 138, 0, 1389936946),
(4387, 541, 0, 1389936946),
(4387, 550, 0, 1389936946),
(4387, 551, 0, 1389936946),
(4387, 660, 0, 1389936946),
(4387, 788, 0, 1389936946),
(4387, 481, 0, 1389936946),
(4387, 785, 0, 1389936946),
(4387, 777, 0, 1389936946),
(4387, 778, 0, 1389936946),
(4387, 779, 0, 1389936946),
(4388, 138, 0, 1389936946),
(4388, 541, 0, 1389936946),
(4388, 549, 0, 1389936946),
(4388, 551, 0, 1389936946),
(4388, 660, 0, 1389936946),
(4388, 788, 0, 1389936946),
(4388, 481, 0, 1389936946),
(4388, 785, 0, 1389936946),
(4388, 777, 0, 1389936946),
(4388, 778, 0, 1389936946),
(4388, 779, 0, 1389936946),
(4389, 138, 0, 1389936946),
(4389, 541, 0, 1389936946),
(4389, 549, 0, 1389936946),
(4389, 551, 0, 1389936946),
(4389, 660, 0, 1389936946),
(4389, 788, 0, 1389936946),
(4389, 481, 0, 1389936946),
(4389, 785, 0, 1389936946),
(4389, 777, 0, 1389936946),
(4389, 778, 0, 1389936946),
(4389, 779, 0, 1389936946),
(4390, 138, 0, 1389936946),
(4390, 541, 0, 1389936946),
(4390, 549, 0, 1389936946),
(4390, 551, 0, 1389936946),
(4390, 660, 0, 1389936946),
(4390, 788, 0, 1389936946),
(4390, 481, 0, 1389936946),
(4390, 785, 0, 1389936946),
(4390, 777, 0, 1389936946),
(4390, 778, 0, 1389936946),
(4390, 779, 0, 1389936946),
(4391, 138, 0, 1389936946),
(4391, 541, 0, 1389936946),
(4391, 549, 0, 1389936946),
(4391, 551, 0, 1389936946),
(4391, 660, 0, 1389936946),
(4391, 788, 0, 1389936946),
(4391, 481, 0, 1389936946),
(4391, 785, 0, 1389936946),
(4391, 777, 0, 1389936946),
(4391, 778, 0, 1389936946),
(4391, 779, 0, 1389936946),
(4392, 138, 0, 1389936946),
(4392, 541, 0, 1389936946),
(4392, 551, 0, 1389936946),
(4392, 660, 0, 1389936946),
(4392, 788, 0, 1389936946),
(4392, 481, 0, 1389936946),
(4392, 785, 0, 1389936946),
(4392, 777, 0, 1389936946),
(4392, 778, 0, 1389936946),
(4392, 779, 0, 1389936946),
(4393, 138, 0, 1389936946),
(4393, 541, 0, 1389936946),
(4393, 551, 0, 1389936946),
(4393, 660, 0, 1389936946),
(4393, 788, 0, 1389936946),
(4393, 481, 0, 1389936946),
(4393, 785, 0, 1389936946),
(4393, 777, 0, 1389936946),
(4393, 778, 0, 1389936946),
(4393, 779, 0, 1389936946),
(4394, 138, 0, 1389936946),
(4394, 541, 0, 1389936946),
(4394, 551, 0, 1389936946),
(4394, 660, 0, 1389936946),
(4394, 788, 0, 1389936946),
(4394, 481, 0, 1389936946),
(4394, 785, 0, 1389936946),
(4394, 777, 0, 1389936946),
(4394, 778, 0, 1389936946),
(4394, 779, 0, 1389936946),
(4395, 138, 0, 1389936946),
(4395, 541, 0, 1389936946),
(4395, 551, 0, 1389936946),
(4395, 660, 0, 1389936946),
(4395, 788, 0, 1389936946),
(4395, 481, 0, 1389936946),
(4395, 785, 0, 1389936946),
(4395, 777, 0, 1389936946),
(4395, 778, 0, 1389936946),
(4395, 779, 0, 1389936946),
(4396, 138, 0, 1389936946),
(4396, 541, 0, 1389936946),
(4396, 551, 0, 1389936946),
(4396, 660, 0, 1389936946),
(4396, 788, 0, 1389936946),
(4396, 481, 0, 1389936946),
(4396, 785, 0, 1389936946),
(4396, 777, 0, 1389936946),
(4396, 778, 0, 1389936946),
(4396, 779, 0, 1389936946),
(4397, 138, 0, 1389936946),
(4397, 541, 0, 1389936946),
(4397, 551, 0, 1389936946),
(4397, 660, 0, 1389936946),
(4397, 788, 0, 1389936946),
(4397, 481, 0, 1389936946),
(4397, 785, 0, 1389936946),
(4397, 777, 0, 1389936946),
(4397, 778, 0, 1389936946),
(4397, 779, 0, 1389936946),
(4398, 138, 0, 1389936946),
(4398, 541, 0, 1389936946),
(4398, 551, 0, 1389936946),
(4398, 552, 0, 1389936946),
(4398, 660, 0, 1389936946),
(4398, 788, 0, 1389936946),
(4398, 481, 0, 1389936946),
(4398, 785, 0, 1389936946),
(4398, 777, 0, 1389936946),
(4398, 778, 0, 1389936946),
(4398, 779, 0, 1389936946),
(4399, 138, 0, 1389936946),
(4399, 541, 0, 1389936946),
(4399, 551, 0, 1389936946),
(4399, 660, 0, 1389936946),
(4399, 788, 0, 1389936946),
(4399, 481, 0, 1389936946),
(4399, 785, 0, 1389936946),
(4399, 777, 0, 1389936946),
(4399, 778, 0, 1389936946),
(4399, 779, 0, 1389936946),
(4400, 138, 0, 1389936946),
(4400, 541, 0, 1389936946),
(4400, 551, 0, 1389936946),
(4400, 660, 0, 1389936946),
(4400, 788, 0, 1389936946),
(4400, 481, 0, 1389936946),
(4400, 785, 0, 1389936946),
(4400, 777, 0, 1389936946),
(4400, 778, 0, 1389936946),
(4400, 779, 0, 1389936946),
(4401, 138, 0, 1389936946),
(4401, 541, 0, 1389936946),
(4401, 551, 0, 1389936946),
(4401, 660, 0, 1389936946),
(4401, 788, 0, 1389936946),
(4401, 481, 0, 1389936946),
(4401, 785, 0, 1389936946),
(4401, 777, 0, 1389936946),
(4401, 778, 0, 1389936946),
(4401, 779, 0, 1389936946),
(4402, 138, 0, 1389936946),
(4402, 541, 0, 1389936946),
(4402, 551, 0, 1389936946),
(4402, 660, 0, 1389936946),
(4402, 788, 0, 1389936946),
(4402, 481, 0, 1389936946),
(4402, 785, 0, 1389936946),
(4402, 777, 0, 1389936946),
(4402, 778, 0, 1389936946),
(4402, 779, 0, 1389936946),
(4403, 138, 0, 1389936946),
(4403, 541, 0, 1389936946),
(4403, 551, 0, 1389936946),
(4403, 660, 0, 1389936946),
(4403, 788, 0, 1389936946),
(4403, 481, 0, 1389936946),
(4403, 785, 0, 1389936946),
(4403, 777, 0, 1389936946),
(4403, 778, 0, 1389936946),
(4403, 779, 0, 1389936946),
(4404, 138, 0, 1389936946),
(4404, 541, 0, 1389936946),
(4404, 549, 0, 1389936946),
(4404, 660, 0, 1389936946),
(4404, 788, 0, 1389936946),
(4404, 481, 0, 1389936946),
(4404, 785, 0, 1389936946),
(4404, 777, 0, 1389936946),
(4404, 778, 0, 1389936946),
(4404, 779, 0, 1389936946),
(4405, 138, 0, 1389936946),
(4405, 541, 0, 1389936946),
(4405, 549, 0, 1389936946),
(4405, 660, 0, 1389936946),
(4405, 788, 0, 1389936946),
(4405, 481, 0, 1389936946),
(4405, 785, 0, 1389936946),
(4405, 777, 0, 1389936946),
(4405, 778, 0, 1389936946),
(4405, 779, 0, 1389936946),
(4406, 138, 0, 1389936946),
(4406, 541, 0, 1389936946),
(4406, 549, 0, 1389936946),
(4406, 660, 0, 1389936946),
(4406, 788, 0, 1389936946),
(4406, 481, 0, 1389936946),
(4406, 785, 0, 1389936946),
(4406, 777, 0, 1389936946),
(4406, 778, 0, 1389936946),
(4406, 779, 0, 1389936946),
(4407, 138, 0, 1389936946),
(4407, 541, 0, 1389936946),
(4407, 549, 0, 1389936946),
(4407, 660, 0, 1389936946),
(4407, 788, 0, 1389936946),
(4407, 481, 0, 1389936946),
(4407, 785, 0, 1389936946),
(4407, 777, 0, 1389936946),
(4407, 778, 0, 1389936946),
(4407, 779, 0, 1389936946),
(4408, 138, 0, 1389936946),
(4408, 541, 0, 1389936946),
(4408, 772, 0, 1389936946),
(4408, 660, 0, 1389936946),
(4408, 788, 0, 1389936946),
(4408, 481, 0, 1389936946),
(4408, 785, 0, 1389936946),
(4408, 777, 0, 1389936946),
(4408, 778, 0, 1389936946),
(4408, 779, 0, 1389936946),
(4409, 138, 0, 1389936946),
(4409, 541, 0, 1389936946),
(4409, 772, 0, 1389936946),
(4409, 660, 0, 1389936946),
(4409, 788, 0, 1389936946),
(4409, 481, 0, 1389936946),
(4409, 785, 0, 1389936946),
(4409, 777, 0, 1389936946),
(4409, 778, 0, 1389936946),
(4409, 779, 0, 1389936946),
(4410, 138, 0, 1389936946),
(4410, 541, 0, 1389936946),
(4410, 772, 0, 1389936946),
(4410, 660, 0, 1389936946),
(4410, 788, 0, 1389936946),
(4410, 481, 0, 1389936946),
(4410, 785, 0, 1389936946),
(4410, 777, 0, 1389936946),
(4410, 778, 0, 1389936946),
(4410, 779, 0, 1389936946),
(4411, 138, 0, 1389936946),
(4411, 541, 0, 1389936946),
(4411, 772, 0, 1389936946),
(4411, 660, 0, 1389936946),
(4411, 788, 0, 1389936946),
(4411, 481, 0, 1389936946),
(4411, 785, 0, 1389936946),
(4411, 777, 0, 1389936946),
(4411, 778, 0, 1389936946),
(4411, 779, 0, 1389936946),
(4412, 138, 0, 1389936946),
(4412, 541, 0, 1389936946),
(4412, 772, 0, 1389936946),
(4412, 660, 0, 1389936946),
(4412, 788, 0, 1389936946),
(4412, 481, 0, 1389936946),
(4412, 785, 0, 1389936946),
(4412, 777, 0, 1389936946),
(4412, 778, 0, 1389936946),
(4412, 779, 0, 1389936946),
(4413, 138, 0, 1389936946),
(4413, 541, 0, 1389936946),
(4413, 772, 0, 1389936946),
(4413, 660, 0, 1389936946),
(4413, 788, 0, 1389936946),
(4413, 481, 0, 1389936946),
(4413, 785, 0, 1389936946),
(4413, 777, 0, 1389936946),
(4413, 778, 0, 1389936946),
(4413, 779, 0, 1389936946),
(4414, 138, 0, 1389936946),
(4414, 541, 0, 1389936946),
(4414, 772, 0, 1389936946),
(4414, 660, 0, 1389936946),
(4414, 788, 0, 1389936946),
(4414, 481, 0, 1389936946),
(4414, 785, 0, 1389936946),
(4414, 777, 0, 1389936946),
(4414, 778, 0, 1389936946),
(4414, 779, 0, 1389936946),
(4415, 138, 0, 1389936946),
(4415, 541, 0, 1389936946),
(4415, 772, 0, 1389936946),
(4415, 660, 0, 1389936946),
(4415, 788, 0, 1389936946),
(4415, 481, 0, 1389936946),
(4415, 785, 0, 1389936946),
(4415, 777, 0, 1389936946),
(4415, 778, 0, 1389936946),
(4415, 779, 0, 1389936946),
(4416, 138, 0, 1389936946),
(4416, 541, 0, 1389936946),
(4416, 772, 0, 1389936946),
(4416, 660, 0, 1389936946),
(4416, 788, 0, 1389936946),
(4416, 481, 0, 1389936946),
(4416, 785, 0, 1389936946),
(4416, 777, 0, 1389936946),
(4416, 778, 0, 1389936946),
(4416, 779, 0, 1389936946),
(4417, 138, 0, 1389936946),
(4417, 541, 0, 1389936946),
(4417, 772, 0, 1389936946),
(4417, 660, 0, 1389936946),
(4417, 788, 0, 1389936946),
(4417, 481, 0, 1389936946),
(4417, 785, 0, 1389936946),
(4417, 777, 0, 1389936946),
(4417, 778, 0, 1389936946),
(4417, 779, 0, 1389936946),
(4418, 138, 0, 1389936946),
(4418, 541, 0, 1389936946),
(4418, 772, 0, 1389936946),
(4418, 660, 0, 1389936946),
(4418, 788, 0, 1389936946),
(4418, 481, 0, 1389936946),
(4418, 785, 0, 1389936946),
(4418, 777, 0, 1389936946),
(4418, 778, 0, 1389936946),
(4418, 779, 0, 1389936946),
(4419, 138, 0, 1389936946),
(4419, 541, 0, 1389936946),
(4419, 772, 0, 1389936946),
(4419, 660, 0, 1389936946),
(4419, 788, 0, 1389936946),
(4419, 481, 0, 1389936946),
(4419, 785, 0, 1389936946),
(4419, 777, 0, 1389936946),
(4419, 778, 0, 1389936946),
(4419, 779, 0, 1389936946),
(4420, 138, 0, 1389936946),
(4420, 541, 0, 1389936946),
(4420, 772, 0, 1389936946),
(4420, 660, 0, 1389936946),
(4420, 788, 0, 1389936946),
(4420, 481, 0, 1389936946),
(4420, 785, 0, 1389936946),
(4420, 777, 0, 1389936946),
(4420, 778, 0, 1389936946),
(4420, 779, 0, 1389936946),
(4421, 138, 0, 1389936946),
(4421, 541, 0, 1389936946),
(4421, 772, 0, 1389936946),
(4421, 660, 0, 1389936946),
(4421, 788, 0, 1389936946),
(4421, 481, 0, 1389936946),
(4421, 785, 0, 1389936946),
(4421, 777, 0, 1389936946),
(4421, 778, 0, 1389936946),
(4421, 779, 0, 1389936946),
(4422, 138, 0, 1389936946),
(4422, 541, 0, 1389936946),
(4422, 772, 0, 1389936946),
(4422, 660, 0, 1389936946),
(4422, 788, 0, 1389936946),
(4422, 481, 0, 1389936946),
(4422, 785, 0, 1389936946),
(4422, 777, 0, 1389936946),
(4422, 778, 0, 1389936946),
(4422, 779, 0, 1389936946),
(4423, 138, 0, 1389936946),
(4423, 541, 0, 1389936946),
(4423, 772, 0, 1389936946),
(4423, 660, 0, 1389936946),
(4423, 788, 0, 1389936946),
(4423, 481, 0, 1389936946),
(4423, 785, 0, 1389936946),
(4423, 777, 0, 1389936946),
(4423, 778, 0, 1389936946),
(4423, 779, 0, 1389936946),
(4424, 138, 0, 1389936946),
(4424, 541, 0, 1389936946),
(4424, 772, 0, 1389936946),
(4424, 660, 0, 1389936946),
(4424, 788, 0, 1389936946),
(4424, 481, 0, 1389936946),
(4424, 785, 0, 1389936946),
(4424, 777, 0, 1389936946),
(4424, 778, 0, 1389936946),
(4424, 779, 0, 1389936946),
(4425, 138, 0, 1389936946),
(4425, 541, 0, 1389936946),
(4425, 772, 0, 1389936946),
(4425, 660, 0, 1389936946),
(4425, 788, 0, 1389936946),
(4425, 481, 0, 1389936946),
(4425, 785, 0, 1389936946),
(4425, 777, 0, 1389936946),
(4425, 778, 0, 1389936946),
(4425, 779, 0, 1389936946),
(4426, 138, 0, 1389936946),
(4426, 541, 0, 1389936946),
(4426, 772, 0, 1389936946),
(4426, 660, 0, 1389936946),
(4426, 788, 0, 1389936946),
(4426, 481, 0, 1389936946),
(4426, 785, 0, 1389936946),
(4426, 777, 0, 1389936946),
(4426, 778, 0, 1389936946),
(4426, 779, 0, 1389936946),
(4427, 138, 0, 1389936946),
(4427, 541, 0, 1389936946),
(4427, 545, 0, 1389936946),
(4427, 772, 0, 1389936946),
(4427, 660, 0, 1389936946),
(4427, 788, 0, 1389936946),
(4427, 481, 0, 1389936946),
(4427, 785, 0, 1389936946),
(4427, 777, 0, 1389936946),
(4427, 778, 0, 1389936946),
(4427, 779, 0, 1389936946),
(4428, 138, 0, 1389936946),
(4428, 545, 0, 1389936946),
(4428, 660, 0, 1389936946),
(4428, 793, 0, 1389936946),
(4428, 481, 0, 1389936946),
(4428, 785, 0, 1389936946),
(4428, 777, 0, 1389936946),
(4428, 778, 0, 1389936946),
(4428, 779, 0, 1389936946),
(4429, 138, 0, 1389936946),
(4429, 544, 0, 1389936946),
(4429, 660, 0, 1389936946),
(4429, 793, 0, 1389936946),
(4429, 481, 0, 1389936946),
(4429, 785, 0, 1389936946),
(4429, 777, 0, 1389936946),
(4429, 778, 0, 1389936946),
(4429, 779, 0, 1389936946),
(4430, 138, 0, 1389936946),
(4430, 172, 0, 1389936946),
(4430, 660, 0, 1389936946),
(4430, 793, 0, 1389936946),
(4430, 481, 0, 1389936946),
(4430, 785, 0, 1389936946),
(4430, 777, 0, 1389936946),
(4430, 778, 0, 1389936946),
(4430, 779, 0, 1389936946),
(4431, 138, 0, 1389936946),
(4431, 544, 0, 1389936946),
(4431, 660, 0, 1389936946),
(4431, 793, 0, 1389936946),
(4431, 481, 0, 1389936946),
(4431, 785, 0, 1389936946),
(4431, 777, 0, 1389936946),
(4431, 778, 0, 1389936946),
(4431, 779, 0, 1389936946),
(4432, 138, 0, 1389936946),
(4432, 545, 0, 1389936946),
(4432, 660, 0, 1389936946),
(4432, 793, 0, 1389936946),
(4432, 481, 0, 1389936946),
(4432, 785, 0, 1389936946),
(4432, 777, 0, 1389936946),
(4432, 778, 0, 1389936946),
(4432, 779, 0, 1389936946),
(4433, 138, 0, 1389936946),
(4433, 545, 0, 1389936946),
(4433, 660, 0, 1389936946),
(4433, 793, 0, 1389936946),
(4433, 481, 0, 1389936946),
(4433, 785, 0, 1389936946),
(4433, 777, 0, 1389936946),
(4433, 778, 0, 1389936946),
(4433, 779, 0, 1389936946),
(4434, 138, 0, 1389936946),
(4434, 544, 0, 1389936946),
(4434, 660, 0, 1389936946),
(4434, 793, 0, 1389936946),
(4434, 481, 0, 1389936946),
(4434, 785, 0, 1389936946),
(4434, 777, 0, 1389936946),
(4434, 778, 0, 1389936946),
(4434, 779, 0, 1389936946),
(4435, 138, 0, 1389936946),
(4435, 772, 0, 1389936946),
(4435, 660, 0, 1389936946),
(4435, 793, 0, 1389936946),
(4435, 481, 0, 1389936946),
(4435, 785, 0, 1389936946),
(4435, 777, 0, 1389936946),
(4435, 778, 0, 1389936946),
(4435, 779, 0, 1389936946),
(4436, 138, 0, 1389936946),
(4436, 545, 0, 1389936946),
(4436, 660, 0, 1389936946),
(4436, 793, 0, 1389936946),
(4436, 481, 0, 1389936946),
(4436, 785, 0, 1389936946),
(4436, 777, 0, 1389936946),
(4436, 778, 0, 1389936946),
(4436, 779, 0, 1389936946),
(4437, 138, 0, 1389936946),
(4437, 772, 0, 1389936946),
(4437, 660, 0, 1389936946),
(4437, 793, 0, 1389936946),
(4437, 481, 0, 1389936946),
(4437, 785, 0, 1389936946),
(4437, 777, 0, 1389936946),
(4437, 778, 0, 1389936946),
(4437, 779, 0, 1389936946),
(4438, 138, 0, 1389936946),
(4438, 544, 0, 1389936946),
(4438, 660, 0, 1389936946),
(4438, 793, 0, 1389936946),
(4438, 481, 0, 1389936946),
(4438, 785, 0, 1389936946),
(4438, 777, 0, 1389936946),
(4438, 778, 0, 1389936946),
(4438, 779, 0, 1389936946),
(4439, 138, 0, 1389936946),
(4439, 172, 0, 1389936946),
(4439, 660, 0, 1389936946),
(4439, 793, 0, 1389936946),
(4439, 481, 0, 1389936946),
(4439, 785, 0, 1389936946),
(4439, 777, 0, 1389936946),
(4439, 778, 0, 1389936946),
(4439, 779, 0, 1389936946),
(4440, 138, 0, 1389936946),
(4440, 139, 0, 1389936946),
(4440, 660, 0, 1389936946),
(4440, 793, 0, 1389936946),
(4440, 481, 0, 1389936946),
(4440, 785, 0, 1389936946),
(4440, 777, 0, 1389936946),
(4440, 778, 0, 1389936946),
(4440, 779, 0, 1389936946),
(4441, 138, 0, 1389936946),
(4441, 172, 0, 1389936946),
(4441, 660, 0, 1389936946),
(4441, 793, 0, 1389936946),
(4441, 481, 0, 1389936946),
(4441, 785, 0, 1389936946),
(4441, 777, 0, 1389936946),
(4441, 778, 0, 1389936946),
(4441, 779, 0, 1389936946),
(4442, 138, 0, 1389936946),
(4442, 545, 0, 1389936946),
(4442, 660, 0, 1389936946),
(4442, 793, 0, 1389936946),
(4442, 481, 0, 1389936946),
(4442, 785, 0, 1389936946),
(4442, 777, 0, 1389936946),
(4442, 778, 0, 1389936946),
(4442, 779, 0, 1389936946),
(4443, 138, 0, 1389936946),
(4443, 545, 0, 1389936946),
(4443, 660, 0, 1389936946),
(4443, 793, 0, 1389936946),
(4443, 481, 0, 1389936946),
(4443, 785, 0, 1389936946),
(4443, 777, 0, 1389936946),
(4443, 778, 0, 1389936946),
(4443, 779, 0, 1389936946),
(4444, 138, 0, 1389936946),
(4444, 139, 0, 1389936946),
(4444, 660, 0, 1389936946),
(4444, 793, 0, 1389936946),
(4444, 481, 0, 1389936946),
(4444, 785, 0, 1389936946),
(4444, 777, 0, 1389936946),
(4444, 778, 0, 1389936946),
(4444, 779, 0, 1389936946),
(4445, 138, 0, 1389936946),
(4445, 139, 0, 1389936946),
(4445, 660, 0, 1389936946),
(4445, 793, 0, 1389936946),
(4445, 481, 0, 1389936946),
(4445, 785, 0, 1389936946),
(4445, 777, 0, 1389936946),
(4445, 778, 0, 1389936946),
(4445, 779, 0, 1389936946),
(4446, 138, 0, 1389936946),
(4446, 544, 0, 1389936946),
(4446, 660, 0, 1389936946),
(4446, 793, 0, 1389936946),
(4446, 481, 0, 1389936946),
(4446, 785, 0, 1389936946),
(4446, 777, 0, 1389936946),
(4446, 778, 0, 1389936946),
(4446, 779, 0, 1389936946),
(4447, 138, 0, 1389936946),
(4447, 544, 0, 1389936946),
(4447, 660, 0, 1389936946),
(4447, 793, 0, 1389936946),
(4447, 481, 0, 1389936946),
(4447, 785, 0, 1389936946),
(4447, 777, 0, 1389936946),
(4447, 778, 0, 1389936946),
(4447, 779, 0, 1389936946),
(4448, 138, 0, 1389936946),
(4448, 544, 0, 1389936946),
(4448, 660, 0, 1389936946),
(4448, 793, 0, 1389936946),
(4448, 481, 0, 1389936946),
(4448, 785, 0, 1389936946),
(4448, 777, 0, 1389936946),
(4448, 778, 0, 1389936946),
(4448, 779, 0, 1389936946),
(4449, 138, 0, 1389936946),
(4449, 544, 0, 1389936946),
(4449, 660, 0, 1389936946),
(4449, 793, 0, 1389936946),
(4449, 481, 0, 1389936946),
(4449, 785, 0, 1389936946),
(4449, 777, 0, 1389936946),
(4449, 778, 0, 1389936946),
(4449, 779, 0, 1389936946),
(4450, 138, 0, 1389936946),
(4450, 544, 0, 1389936946),
(4450, 660, 0, 1389936946),
(4450, 793, 0, 1389936946),
(4450, 481, 0, 1389936946),
(4450, 785, 0, 1389936946),
(4450, 777, 0, 1389936946),
(4450, 778, 0, 1389936946),
(4450, 779, 0, 1389936946),
(4451, 138, 0, 1389936946),
(4451, 544, 0, 1389936946),
(4451, 660, 0, 1389936946),
(4451, 793, 0, 1389936946),
(4451, 481, 0, 1389936946),
(4451, 785, 0, 1389936946),
(4451, 777, 0, 1389936946),
(4451, 778, 0, 1389936946),
(4451, 779, 0, 1389936946),
(4452, 138, 0, 1389936946),
(4452, 544, 0, 1389936946),
(4452, 660, 0, 1389936946),
(4452, 793, 0, 1389936946),
(4452, 481, 0, 1389936946),
(4452, 785, 0, 1389936946),
(4452, 777, 0, 1389936946),
(4452, 778, 0, 1389936946),
(4452, 779, 0, 1389936946),
(4453, 138, 0, 1389936946),
(4453, 139, 0, 1389936946),
(4453, 660, 0, 1389936946),
(4453, 793, 0, 1389936946),
(4453, 481, 0, 1389936946),
(4453, 785, 0, 1389936946),
(4453, 777, 0, 1389936946),
(4453, 778, 0, 1389936946),
(4453, 779, 0, 1389936946),
(4454, 138, 0, 1389936946),
(4454, 544, 0, 1389936946),
(4454, 660, 0, 1389936946),
(4454, 793, 0, 1389936946),
(4454, 481, 0, 1389936946),
(4454, 785, 0, 1389936946),
(4454, 777, 0, 1389936946),
(4454, 778, 0, 1389936946),
(4454, 779, 0, 1389936946),
(4455, 138, 0, 1389936946),
(4455, 544, 0, 1389936946),
(4455, 660, 0, 1389936946),
(4455, 793, 0, 1389936946),
(4455, 481, 0, 1389936946),
(4455, 785, 0, 1389936946),
(4455, 777, 0, 1389936946),
(4455, 778, 0, 1389936946),
(4455, 779, 0, 1389936946),
(4456, 138, 0, 1389936946),
(4456, 545, 0, 1389936946),
(4456, 660, 0, 1389936946),
(4456, 793, 0, 1389936946),
(4456, 481, 0, 1389936946),
(4456, 785, 0, 1389936946),
(4456, 777, 0, 1389936946),
(4456, 778, 0, 1389936946),
(4456, 779, 0, 1389936946),
(4457, 138, 0, 1389936946),
(4457, 545, 0, 1389936946),
(4457, 660, 0, 1389936946),
(4457, 793, 0, 1389936946),
(4457, 481, 0, 1389936946),
(4457, 785, 0, 1389936946),
(4457, 777, 0, 1389936946),
(4457, 778, 0, 1389936946),
(4457, 779, 0, 1389936946),
(4458, 138, 0, 1389936946),
(4458, 544, 0, 1389936946),
(4458, 660, 0, 1389936946),
(4458, 793, 0, 1389936946),
(4458, 481, 0, 1389936946),
(4458, 785, 0, 1389936946),
(4458, 777, 0, 1389936946),
(4458, 778, 0, 1389936946),
(4458, 779, 0, 1389936946),
(4459, 138, 0, 1389936946),
(4459, 545, 0, 1389936946),
(4459, 660, 0, 1389936946),
(4459, 793, 0, 1389936946),
(4459, 481, 0, 1389936946),
(4459, 785, 0, 1389936946),
(4459, 777, 0, 1389936946),
(4459, 778, 0, 1389936946),
(4459, 779, 0, 1389936946),
(4460, 138, 0, 1389936946),
(4460, 545, 0, 1389936946),
(4460, 660, 0, 1389936946),
(4460, 793, 0, 1389936946),
(4460, 481, 0, 1389936946),
(4460, 785, 0, 1389936946),
(4460, 777, 0, 1389936946),
(4460, 778, 0, 1389936946),
(4460, 779, 0, 1389936946),
(4461, 138, 0, 1389936946),
(4461, 545, 0, 1389936946),
(4461, 660, 0, 1389936946),
(4461, 793, 0, 1389936946),
(4461, 481, 0, 1389936946),
(4461, 785, 0, 1389936946),
(4461, 777, 0, 1389936946),
(4461, 778, 0, 1389936946),
(4461, 779, 0, 1389936946),
(4462, 138, 0, 1389936946),
(4462, 545, 0, 1389936946),
(4462, 660, 0, 1389936946),
(4462, 793, 0, 1389936946),
(4462, 481, 0, 1389936946),
(4462, 785, 0, 1389936946),
(4462, 777, 0, 1389936946),
(4462, 778, 0, 1389936946),
(4462, 779, 0, 1389936946),
(4463, 138, 0, 1389936946),
(4463, 540, 0, 1389936946),
(4463, 660, 0, 1389936946),
(4463, 793, 0, 1389936946),
(4463, 481, 0, 1389936946),
(4463, 785, 0, 1389936946),
(4463, 777, 0, 1389936946),
(4463, 778, 0, 1389936946),
(4463, 779, 0, 1389936946),
(4464, 138, 0, 1389936946),
(4464, 556, 0, 1389936946),
(4464, 660, 0, 1389936946),
(4464, 793, 0, 1389936946),
(4464, 481, 0, 1389936946),
(4464, 785, 0, 1389936946),
(4464, 777, 0, 1389936946),
(4464, 778, 0, 1389936946),
(4464, 779, 0, 1389936946),
(4465, 138, 0, 1389936946),
(4465, 545, 0, 1389936946),
(4465, 660, 0, 1389936946),
(4465, 793, 0, 1389936946),
(4465, 481, 0, 1389936946),
(4465, 785, 0, 1389936946),
(4465, 777, 0, 1389936946),
(4465, 778, 0, 1389936946),
(4465, 779, 0, 1389936946),
(4466, 138, 0, 1389936946),
(4466, 545, 0, 1389936946),
(4466, 660, 0, 1389936946),
(4466, 793, 0, 1389936946),
(4466, 481, 0, 1389936946),
(4466, 785, 0, 1389936946),
(4466, 777, 0, 1389936946),
(4466, 778, 0, 1389936946),
(4466, 779, 0, 1389936946),
(4467, 138, 0, 1389936946),
(4467, 544, 0, 1389936946),
(4467, 660, 0, 1389936946),
(4467, 793, 0, 1389936946),
(4467, 481, 0, 1389936946),
(4467, 785, 0, 1389936946),
(4467, 777, 0, 1389936946),
(4467, 778, 0, 1389936946),
(4467, 779, 0, 1389936946),
(4468, 138, 0, 1389936946),
(4468, 544, 0, 1389936946),
(4468, 660, 0, 1389936946),
(4468, 793, 0, 1389936946),
(4468, 481, 0, 1389936946),
(4468, 785, 0, 1389936946),
(4468, 777, 0, 1389936946),
(4468, 778, 0, 1389936946),
(4468, 779, 0, 1389936946),
(4469, 138, 0, 1389936946),
(4469, 549, 0, 1389936946),
(4469, 660, 0, 1389936946),
(4469, 793, 0, 1389936946),
(4469, 481, 0, 1389936946),
(4469, 785, 0, 1389936946),
(4469, 777, 0, 1389936946),
(4469, 778, 0, 1389936946),
(4469, 779, 0, 1389936946),
(4470, 138, 0, 1389936946),
(4470, 549, 0, 1389936946),
(4470, 660, 0, 1389936946),
(4470, 793, 0, 1389936946),
(4470, 481, 0, 1389936946),
(4470, 785, 0, 1389936946),
(4470, 777, 0, 1389936946),
(4470, 778, 0, 1389936946),
(4470, 779, 0, 1389936946),
(4471, 138, 0, 1389936946),
(4471, 544, 0, 1389936946),
(4471, 660, 0, 1389936946),
(4471, 793, 0, 1389936946),
(4471, 481, 0, 1389936946),
(4471, 785, 0, 1389936946),
(4471, 777, 0, 1389936946),
(4471, 778, 0, 1389936946),
(4471, 779, 0, 1389936946),
(4472, 138, 0, 1389936946),
(4472, 772, 0, 1389936946),
(4472, 660, 0, 1389936946),
(4472, 793, 0, 1389936946),
(4472, 481, 0, 1389936946),
(4472, 785, 0, 1389936946),
(4472, 777, 0, 1389936946),
(4472, 778, 0, 1389936946),
(4472, 779, 0, 1389936946),
(4473, 138, 0, 1389936946),
(4473, 772, 0, 1389936946),
(4473, 660, 0, 1389936946),
(4473, 793, 0, 1389936946),
(4473, 481, 0, 1389936946),
(4473, 785, 0, 1389936946),
(4473, 777, 0, 1389936946),
(4473, 778, 0, 1389936946),
(4473, 779, 0, 1389936946),
(4474, 138, 0, 1389936946),
(4474, 545, 0, 1389936946),
(4474, 660, 0, 1389936946),
(4474, 793, 0, 1389936946),
(4474, 481, 0, 1389936946),
(4474, 785, 0, 1389936946),
(4474, 777, 0, 1389936946),
(4474, 778, 0, 1389936946),
(4474, 779, 0, 1389936946),
(4475, 138, 0, 1389936946),
(4475, 540, 0, 1389936946),
(4475, 660, 0, 1389936946),
(4475, 793, 0, 1389936946),
(4475, 481, 0, 1389936946),
(4475, 785, 0, 1389936946),
(4475, 777, 0, 1389936946),
(4475, 778, 0, 1389936946),
(4475, 779, 0, 1389936946),
(4476, 138, 0, 1389936946),
(4476, 539, 0, 1389936946),
(4476, 660, 0, 1389936946),
(4476, 793, 0, 1389936946),
(4476, 481, 0, 1389936946),
(4476, 785, 0, 1389936946),
(4476, 777, 0, 1389936946),
(4476, 778, 0, 1389936946),
(4476, 779, 0, 1389936946),
(4477, 138, 0, 1389936946),
(4477, 539, 0, 1389936946),
(4477, 660, 0, 1389936946),
(4477, 793, 0, 1389936946),
(4477, 481, 0, 1389936946),
(4477, 785, 0, 1389936946),
(4477, 777, 0, 1389936946),
(4477, 778, 0, 1389936946),
(4477, 779, 0, 1389936946),
(4478, 138, 0, 1389936946),
(4478, 539, 0, 1389936946),
(4478, 660, 0, 1389936946),
(4478, 793, 0, 1389936946),
(4478, 481, 0, 1389936946),
(4478, 785, 0, 1389936946),
(4478, 777, 0, 1389936946),
(4478, 778, 0, 1389936946),
(4478, 779, 0, 1389936946),
(4479, 138, 0, 1389936946),
(4479, 539, 0, 1389936946),
(4479, 660, 0, 1389936946),
(4479, 793, 0, 1389936946),
(4479, 481, 0, 1389936946),
(4479, 785, 0, 1389936946),
(4479, 777, 0, 1389936946),
(4479, 778, 0, 1389936946),
(4479, 779, 0, 1389936946),
(4480, 138, 0, 1389936946),
(4480, 539, 0, 1389936946),
(4480, 660, 0, 1389936946),
(4480, 793, 0, 1389936946),
(4480, 481, 0, 1389936946),
(4480, 785, 0, 1389936946),
(4480, 777, 0, 1389936946),
(4480, 778, 0, 1389936946),
(4480, 779, 0, 1389936946),
(4481, 138, 0, 1389936946),
(4481, 544, 0, 1389936946),
(4481, 660, 0, 1389936946),
(4481, 793, 0, 1389936946),
(4481, 481, 0, 1389936946),
(4481, 785, 0, 1389936946),
(4481, 777, 0, 1389936946),
(4481, 778, 0, 1389936946),
(4481, 779, 0, 1389936946),
(4482, 138, 0, 1389936946),
(4482, 545, 0, 1389936946),
(4482, 660, 0, 1389936946),
(4482, 793, 0, 1389936946),
(4482, 481, 0, 1389936946),
(4482, 785, 0, 1389936946),
(4482, 777, 0, 1389936946),
(4482, 778, 0, 1389936946),
(4482, 779, 0, 1389936946),
(4483, 138, 0, 1389936946),
(4483, 539, 0, 1389936946),
(4483, 660, 0, 1389936946),
(4483, 793, 0, 1389936946),
(4483, 481, 0, 1389936946),
(4483, 785, 0, 1389936946),
(4483, 777, 0, 1389936946),
(4483, 778, 0, 1389936946),
(4483, 779, 0, 1389936946),
(4484, 138, 0, 1389936946),
(4484, 539, 0, 1389936946),
(4484, 660, 0, 1389936946),
(4484, 793, 0, 1389936946),
(4484, 481, 0, 1389936946),
(4484, 785, 0, 1389936946),
(4484, 777, 0, 1389936946),
(4484, 778, 0, 1389936946),
(4484, 779, 0, 1389936946),
(4485, 138, 0, 1389936946),
(4485, 540, 0, 1389936946),
(4485, 660, 0, 1389936946),
(4485, 793, 0, 1389936946),
(4485, 481, 0, 1389936946),
(4485, 785, 0, 1389936946),
(4485, 777, 0, 1389936946),
(4485, 778, 0, 1389936946);
INSERT INTO `taxonomy_index` (`nid`, `tid`, `sticky`, `created`) VALUES
(4485, 779, 0, 1389936946),
(4486, 138, 0, 1389936946),
(4486, 539, 0, 1389936946),
(4486, 660, 0, 1389936946),
(4486, 793, 0, 1389936946),
(4486, 481, 0, 1389936946),
(4486, 785, 0, 1389936946),
(4486, 777, 0, 1389936946),
(4486, 778, 0, 1389936946),
(4486, 779, 0, 1389936946),
(4487, 138, 0, 1389936946),
(4487, 539, 0, 1389936946),
(4487, 660, 0, 1389936946),
(4487, 793, 0, 1389936946),
(4487, 481, 0, 1389936946),
(4487, 785, 0, 1389936946),
(4487, 777, 0, 1389936946),
(4487, 778, 0, 1389936946),
(4487, 779, 0, 1389936946),
(4488, 138, 0, 1389936946),
(4488, 539, 0, 1389936946),
(4488, 660, 0, 1389936946),
(4488, 793, 0, 1389936946),
(4488, 481, 0, 1389936946),
(4488, 785, 0, 1389936946),
(4488, 777, 0, 1389936946),
(4488, 778, 0, 1389936946),
(4488, 779, 0, 1389936946),
(4489, 138, 0, 1389936946),
(4489, 539, 0, 1389936946),
(4489, 660, 0, 1389936946),
(4489, 793, 0, 1389936946),
(4489, 481, 0, 1389936946),
(4489, 785, 0, 1389936946),
(4489, 777, 0, 1389936946),
(4489, 778, 0, 1389936946),
(4489, 779, 0, 1389936946),
(4490, 138, 0, 1389936946),
(4490, 172, 0, 1389936946),
(4490, 660, 0, 1389936946),
(4490, 793, 0, 1389936946),
(4490, 481, 0, 1389936946),
(4490, 785, 0, 1389936946),
(4490, 777, 0, 1389936946),
(4490, 778, 0, 1389936946),
(4490, 779, 0, 1389936946),
(4491, 138, 0, 1389936946),
(4491, 539, 0, 1389936946),
(4491, 660, 0, 1389936946),
(4491, 793, 0, 1389936946),
(4491, 481, 0, 1389936946),
(4491, 785, 0, 1389936946),
(4491, 777, 0, 1389936946),
(4491, 778, 0, 1389936946),
(4491, 779, 0, 1389936946),
(4492, 138, 0, 1389936946),
(4492, 539, 0, 1389936946),
(4492, 660, 0, 1389936946),
(4492, 793, 0, 1389936946),
(4492, 481, 0, 1389936946),
(4492, 785, 0, 1389936946),
(4492, 777, 0, 1389936946),
(4492, 778, 0, 1389936946),
(4492, 779, 0, 1389936946),
(4493, 138, 0, 1389936946),
(4493, 539, 0, 1389936946),
(4493, 660, 0, 1389936946),
(4493, 793, 0, 1389936946),
(4493, 481, 0, 1389936946),
(4493, 785, 0, 1389936946),
(4493, 777, 0, 1389936946),
(4493, 778, 0, 1389936946),
(4493, 779, 0, 1389936946),
(4494, 138, 0, 1389936946),
(4494, 539, 0, 1389936946),
(4494, 660, 0, 1389936946),
(4494, 793, 0, 1389936946),
(4494, 481, 0, 1389936946),
(4494, 785, 0, 1389936946),
(4494, 777, 0, 1389936946),
(4494, 778, 0, 1389936946),
(4494, 779, 0, 1389936946),
(4495, 138, 0, 1389936946),
(4495, 539, 0, 1389936946),
(4495, 660, 0, 1389936946),
(4495, 793, 0, 1389936946),
(4495, 481, 0, 1389936946),
(4495, 785, 0, 1389936946),
(4495, 777, 0, 1389936946),
(4495, 778, 0, 1389936946),
(4495, 779, 0, 1389936946),
(4496, 138, 0, 1389936946),
(4496, 539, 0, 1389936946),
(4496, 660, 0, 1389936946),
(4496, 793, 0, 1389936946),
(4496, 481, 0, 1389936946),
(4496, 785, 0, 1389936946),
(4496, 777, 0, 1389936946),
(4496, 778, 0, 1389936946),
(4496, 779, 0, 1389936946),
(4497, 138, 0, 1389936946),
(4497, 539, 0, 1389936946),
(4497, 660, 0, 1389936946),
(4497, 793, 0, 1389936946),
(4497, 481, 0, 1389936946),
(4497, 785, 0, 1389936946),
(4497, 777, 0, 1389936946),
(4497, 778, 0, 1389936946),
(4497, 779, 0, 1389936946),
(4498, 138, 0, 1389936946),
(4498, 541, 0, 1389936946),
(4498, 544, 0, 1389936946),
(4498, 660, 0, 1389936946),
(4498, 788, 0, 1389936946),
(4498, 481, 0, 1389936946),
(4498, 785, 0, 1389936946),
(4498, 777, 0, 1389936946),
(4498, 778, 0, 1389936946),
(4498, 779, 0, 1389936946),
(4499, 138, 0, 1389936946),
(4499, 541, 0, 1389936946),
(4499, 544, 0, 1389936946),
(4499, 550, 0, 1389936946),
(4499, 660, 0, 1389936946),
(4499, 788, 0, 1389936946),
(4499, 481, 0, 1389936946),
(4499, 785, 0, 1389936946),
(4499, 777, 0, 1389936946),
(4499, 778, 0, 1389936946),
(4499, 779, 0, 1389936946),
(4500, 138, 0, 1389936946),
(4500, 541, 0, 1389936946),
(4500, 544, 0, 1389936946),
(4500, 550, 0, 1389936946),
(4500, 660, 0, 1389936946),
(4500, 788, 0, 1389936946),
(4500, 481, 0, 1389936946),
(4500, 785, 0, 1389936946),
(4500, 777, 0, 1389936946),
(4500, 778, 0, 1389936946),
(4500, 779, 0, 1389936946),
(4501, 138, 0, 1389936946),
(4501, 541, 0, 1389936946),
(4501, 544, 0, 1389936946),
(4501, 550, 0, 1389936946),
(4501, 660, 0, 1389936946),
(4501, 788, 0, 1389936946),
(4501, 481, 0, 1389936946),
(4501, 785, 0, 1389936946),
(4501, 777, 0, 1389936946),
(4501, 778, 0, 1389936946),
(4501, 779, 0, 1389936946),
(4502, 138, 0, 1389936946),
(4502, 541, 0, 1389936946),
(4502, 544, 0, 1389936946),
(4502, 550, 0, 1389936946),
(4502, 660, 0, 1389936946),
(4502, 788, 0, 1389936946),
(4502, 481, 0, 1389936946),
(4502, 785, 0, 1389936946),
(4502, 777, 0, 1389936946),
(4502, 778, 0, 1389936946),
(4502, 779, 0, 1389936946),
(4503, 138, 0, 1389936946),
(4503, 541, 0, 1389936946),
(4503, 544, 0, 1389936946),
(4503, 550, 0, 1389936946),
(4503, 660, 0, 1389936946),
(4503, 788, 0, 1389936946),
(4503, 481, 0, 1389936946),
(4503, 785, 0, 1389936946),
(4503, 777, 0, 1389936946),
(4503, 778, 0, 1389936946),
(4503, 779, 0, 1389936946),
(4504, 138, 0, 1389936946),
(4504, 541, 0, 1389936946),
(4504, 544, 0, 1389936946),
(4504, 550, 0, 1389936946),
(4504, 660, 0, 1389936946),
(4504, 788, 0, 1389936946),
(4504, 481, 0, 1389936946),
(4504, 785, 0, 1389936946),
(4504, 777, 0, 1389936946),
(4504, 778, 0, 1389936946),
(4504, 779, 0, 1389936946),
(4505, 138, 0, 1389936946),
(4505, 541, 0, 1389936946),
(4505, 544, 0, 1389936946),
(4505, 550, 0, 1389936946),
(4505, 660, 0, 1389936946),
(4505, 788, 0, 1389936946),
(4505, 481, 0, 1389936946),
(4505, 785, 0, 1389936946),
(4505, 777, 0, 1389936946),
(4505, 778, 0, 1389936946),
(4505, 779, 0, 1389936946),
(4506, 138, 0, 1389936946),
(4506, 541, 0, 1389936946),
(4506, 544, 0, 1389936946),
(4506, 550, 0, 1389936946),
(4506, 660, 0, 1389936946),
(4506, 788, 0, 1389936946),
(4506, 481, 0, 1389936946),
(4506, 785, 0, 1389936946),
(4506, 777, 0, 1389936946),
(4506, 778, 0, 1389936946),
(4506, 779, 0, 1389936946),
(4507, 138, 0, 1389936946),
(4507, 541, 0, 1389936946),
(4507, 544, 0, 1389936946),
(4507, 550, 0, 1389936946),
(4507, 660, 0, 1389936946),
(4507, 788, 0, 1389936946),
(4507, 481, 0, 1389936946),
(4507, 785, 0, 1389936946),
(4507, 777, 0, 1389936946),
(4507, 778, 0, 1389936946),
(4507, 779, 0, 1389936946),
(4508, 138, 0, 1389936946),
(4508, 541, 0, 1389936946),
(4508, 544, 0, 1389936946),
(4508, 550, 0, 1389936946),
(4508, 660, 0, 1389936946),
(4508, 788, 0, 1389936946),
(4508, 481, 0, 1389936946),
(4508, 785, 0, 1389936946),
(4508, 777, 0, 1389936946),
(4508, 778, 0, 1389936946),
(4508, 779, 0, 1389936946),
(4509, 138, 0, 1389936946),
(4509, 541, 0, 1389936946),
(4509, 544, 0, 1389936946),
(4509, 550, 0, 1389936946),
(4509, 660, 0, 1389936946),
(4509, 788, 0, 1389936946),
(4509, 481, 0, 1389936946),
(4509, 785, 0, 1389936946),
(4509, 777, 0, 1389936946),
(4509, 778, 0, 1389936946),
(4509, 779, 0, 1389936946),
(4510, 138, 0, 1389936946),
(4510, 541, 0, 1389936946),
(4510, 544, 0, 1389936946),
(4510, 550, 0, 1389936946),
(4510, 660, 0, 1389936946),
(4510, 788, 0, 1389936946),
(4510, 481, 0, 1389936946),
(4510, 785, 0, 1389936946),
(4510, 777, 0, 1389936946),
(4510, 778, 0, 1389936946),
(4510, 779, 0, 1389936946),
(4511, 138, 0, 1389936946),
(4511, 541, 0, 1389936946),
(4511, 544, 0, 1389936946),
(4511, 550, 0, 1389936946),
(4511, 660, 0, 1389936946),
(4511, 788, 0, 1389936946),
(4511, 481, 0, 1389936946),
(4511, 785, 0, 1389936946),
(4511, 777, 0, 1389936946),
(4511, 778, 0, 1389936946),
(4511, 779, 0, 1389936946),
(4512, 138, 0, 1389936946),
(4512, 541, 0, 1389936946),
(4512, 544, 0, 1389936946),
(4512, 550, 0, 1389936946),
(4512, 660, 0, 1389936946),
(4512, 788, 0, 1389936946),
(4512, 481, 0, 1389936946),
(4512, 785, 0, 1389936946),
(4512, 777, 0, 1389936946),
(4512, 778, 0, 1389936946),
(4512, 779, 0, 1389936946),
(4513, 138, 0, 1389936946),
(4513, 541, 0, 1389936946),
(4513, 544, 0, 1389936946),
(4513, 550, 0, 1389936946),
(4513, 660, 0, 1389936946),
(4513, 788, 0, 1389936946),
(4513, 481, 0, 1389936946),
(4513, 785, 0, 1389936946),
(4513, 777, 0, 1389936946),
(4513, 778, 0, 1389936946),
(4513, 779, 0, 1389936946),
(4514, 138, 0, 1389936946),
(4514, 541, 0, 1389936946),
(4514, 544, 0, 1389936946),
(4514, 550, 0, 1389936946),
(4514, 660, 0, 1389936946),
(4514, 788, 0, 1389936946),
(4514, 481, 0, 1389936946),
(4514, 785, 0, 1389936946),
(4514, 777, 0, 1389936946),
(4514, 778, 0, 1389936946),
(4514, 779, 0, 1389936946),
(4515, 138, 0, 1389936946),
(4515, 541, 0, 1389936946),
(4515, 544, 0, 1389936946),
(4515, 550, 0, 1389936946),
(4515, 660, 0, 1389936946),
(4515, 788, 0, 1389936946),
(4515, 481, 0, 1389936946),
(4515, 785, 0, 1389936946),
(4515, 777, 0, 1389936946),
(4515, 778, 0, 1389936946),
(4515, 779, 0, 1389936946),
(4516, 138, 0, 1389936946),
(4516, 541, 0, 1389936946),
(4516, 558, 0, 1389936946),
(4516, 660, 0, 1389936946),
(4516, 790, 0, 1389936946),
(4516, 481, 0, 1389936946),
(4516, 785, 0, 1389936946),
(4516, 777, 0, 1389936946),
(4516, 778, 0, 1389936946),
(4516, 779, 0, 1389936946),
(4517, 138, 0, 1389936946),
(4517, 541, 0, 1389936946),
(4517, 771, 0, 1389936946),
(4517, 660, 0, 1389936946),
(4517, 790, 0, 1389936946),
(4517, 481, 0, 1389936946),
(4517, 785, 0, 1389936946),
(4517, 777, 0, 1389936946),
(4517, 778, 0, 1389936946),
(4517, 779, 0, 1389936946),
(4518, 138, 0, 1389936946),
(4518, 539, 0, 1389936946),
(4518, 660, 0, 1389936946),
(4518, 790, 0, 1389936946),
(4518, 481, 0, 1389936946),
(4518, 785, 0, 1389936946),
(4518, 777, 0, 1389936946),
(4518, 778, 0, 1389936946),
(4518, 779, 0, 1389936946),
(4519, 138, 0, 1389936946),
(4519, 539, 0, 1389936946),
(4519, 660, 0, 1389936946),
(4519, 790, 0, 1389936946),
(4519, 481, 0, 1389936946),
(4519, 785, 0, 1389936946),
(4519, 777, 0, 1389936946),
(4519, 778, 0, 1389936946),
(4519, 779, 0, 1389936946),
(4520, 138, 0, 1389936946),
(4520, 539, 0, 1389936946),
(4520, 660, 0, 1389936946),
(4520, 790, 0, 1389936946),
(4520, 481, 0, 1389936946),
(4520, 785, 0, 1389936946),
(4520, 777, 0, 1389936946),
(4520, 778, 0, 1389936946),
(4520, 779, 0, 1389936946),
(4521, 138, 0, 1389936946),
(4521, 539, 0, 1389936946),
(4521, 660, 0, 1389936946),
(4521, 790, 0, 1389936946),
(4521, 481, 0, 1389936946),
(4521, 785, 0, 1389936946),
(4521, 777, 0, 1389936946),
(4521, 778, 0, 1389936946),
(4521, 779, 0, 1389936946),
(4522, 138, 0, 1389936946),
(4522, 541, 0, 1389936946),
(4522, 550, 0, 1389936946),
(4522, 660, 0, 1389936946),
(4522, 790, 0, 1389936946),
(4522, 481, 0, 1389936946),
(4522, 785, 0, 1389936946),
(4522, 777, 0, 1389936946),
(4522, 778, 0, 1389936946),
(4522, 779, 0, 1389936946),
(4523, 138, 0, 1389936946),
(4523, 541, 0, 1389936946),
(4523, 556, 0, 1389936946),
(4523, 660, 0, 1389936946),
(4523, 790, 0, 1389936946),
(4523, 481, 0, 1389936946),
(4523, 785, 0, 1389936946),
(4523, 777, 0, 1389936946),
(4523, 778, 0, 1389936946),
(4523, 779, 0, 1389936946),
(4524, 138, 0, 1389936946),
(4524, 541, 0, 1389936946),
(4524, 172, 0, 1389936946),
(4524, 660, 0, 1389936946),
(4524, 790, 0, 1389936946),
(4524, 481, 0, 1389936946),
(4524, 785, 0, 1389936946),
(4524, 777, 0, 1389936946),
(4524, 778, 0, 1389936946),
(4524, 779, 0, 1389936946),
(4525, 138, 0, 1389936946),
(4525, 541, 0, 1389936946),
(4525, 660, 0, 1389936946),
(4525, 790, 0, 1389936946),
(4525, 481, 0, 1389936946),
(4525, 785, 0, 1389936946),
(4525, 777, 0, 1389936946),
(4525, 778, 0, 1389936946),
(4525, 779, 0, 1389936946),
(4526, 138, 0, 1389936946),
(4526, 541, 0, 1389936946),
(4526, 550, 0, 1389936946),
(4526, 660, 0, 1389936946),
(4526, 790, 0, 1389936946),
(4526, 481, 0, 1389936946),
(4526, 785, 0, 1389936946),
(4526, 777, 0, 1389936946),
(4526, 778, 0, 1389936946),
(4526, 779, 0, 1389936946),
(4527, 138, 0, 1389936946),
(4527, 541, 0, 1389936946),
(4527, 772, 0, 1389936946),
(4527, 660, 0, 1389936946),
(4527, 790, 0, 1389936946),
(4527, 481, 0, 1389936946),
(4527, 785, 0, 1389936946),
(4527, 777, 0, 1389936946),
(4527, 778, 0, 1389936946),
(4527, 779, 0, 1389936946),
(4528, 138, 0, 1389936946),
(4528, 541, 0, 1389936946),
(4528, 545, 0, 1389936946),
(4528, 660, 0, 1389936946),
(4528, 790, 0, 1389936946),
(4528, 481, 0, 1389936946),
(4528, 785, 0, 1389936946),
(4528, 777, 0, 1389936946),
(4528, 778, 0, 1389936946),
(4528, 779, 0, 1389936946),
(4529, 138, 0, 1389936946),
(4529, 541, 0, 1389936946),
(4529, 550, 0, 1389936946),
(4529, 660, 0, 1389936946),
(4529, 790, 0, 1389936946),
(4529, 481, 0, 1389936946),
(4529, 785, 0, 1389936946),
(4529, 777, 0, 1389936946),
(4529, 778, 0, 1389936946),
(4529, 779, 0, 1389936946),
(4530, 138, 0, 1389936946),
(4530, 540, 0, 1389936946),
(4530, 660, 0, 1389936946),
(4530, 791, 0, 1389936946),
(4530, 481, 0, 1389936946),
(4530, 785, 0, 1389936946),
(4530, 777, 0, 1389936946),
(4530, 778, 0, 1389936946),
(4530, 779, 0, 1389936946),
(4531, 138, 0, 1389936946),
(4531, 541, 0, 1389936946),
(4531, 550, 0, 1389936946),
(4531, 553, 0, 1389936946),
(4531, 660, 0, 1389936946),
(4531, 791, 0, 1389936946),
(4531, 481, 0, 1389936946),
(4531, 785, 0, 1389936946),
(4531, 777, 0, 1389936946),
(4531, 778, 0, 1389936946),
(4531, 779, 0, 1389936946),
(4532, 138, 0, 1389936946),
(4532, 541, 0, 1389936946),
(4532, 550, 0, 1389936946),
(4532, 551, 0, 1389936946),
(4532, 660, 0, 1389936946),
(4532, 791, 0, 1389936946),
(4532, 481, 0, 1389936946),
(4532, 785, 0, 1389936946),
(4532, 777, 0, 1389936946),
(4532, 778, 0, 1389936946),
(4532, 779, 0, 1389936946),
(4533, 138, 0, 1389936946),
(4533, 550, 0, 1389936946),
(4533, 660, 0, 1389936946),
(4533, 791, 0, 1389936946),
(4533, 481, 0, 1389936946),
(4533, 785, 0, 1389936946),
(4533, 777, 0, 1389936946),
(4533, 778, 0, 1389936946),
(4533, 779, 0, 1389936946),
(4534, 138, 0, 1389936946),
(4534, 550, 0, 1389936946),
(4534, 553, 0, 1389936946),
(4534, 660, 0, 1389936946),
(4534, 791, 0, 1389936946),
(4534, 481, 0, 1389936946),
(4534, 785, 0, 1389936946),
(4534, 777, 0, 1389936946),
(4534, 778, 0, 1389936946),
(4534, 779, 0, 1389936946),
(4535, 138, 0, 1389936946),
(4535, 550, 0, 1389936946),
(4535, 551, 0, 1389936946),
(4535, 553, 0, 1389936946),
(4535, 660, 0, 1389936946),
(4535, 791, 0, 1389936946),
(4535, 481, 0, 1389936946),
(4535, 785, 0, 1389936946),
(4535, 777, 0, 1389936946),
(4535, 778, 0, 1389936946),
(4535, 779, 0, 1389936946),
(4536, 138, 0, 1389936946),
(4536, 772, 0, 1389936946),
(4536, 550, 0, 1389936946),
(4536, 551, 0, 1389936946),
(4536, 660, 0, 1389936946),
(4536, 791, 0, 1389936946),
(4536, 481, 0, 1389936946),
(4536, 785, 0, 1389936946),
(4536, 777, 0, 1389936946),
(4536, 778, 0, 1389936946),
(4536, 779, 0, 1389936946),
(4537, 138, 0, 1389936946),
(4537, 550, 0, 1389936946),
(4537, 660, 0, 1389936946),
(4537, 791, 0, 1389936946),
(4537, 481, 0, 1389936946),
(4537, 785, 0, 1389936946),
(4537, 777, 0, 1389936946),
(4537, 778, 0, 1389936946),
(4537, 779, 0, 1389936946),
(4538, 138, 0, 1389936946),
(4538, 550, 0, 1389936946),
(4538, 553, 0, 1389936946),
(4538, 660, 0, 1389936946),
(4538, 791, 0, 1389936946),
(4538, 481, 0, 1389936946),
(4538, 785, 0, 1389936946),
(4538, 777, 0, 1389936946),
(4538, 778, 0, 1389936946),
(4538, 779, 0, 1389936946),
(4539, 138, 0, 1389936946),
(4539, 541, 0, 1389936946),
(4539, 771, 0, 1389936946),
(4539, 660, 0, 1389936946),
(4539, 791, 0, 1389936946),
(4539, 481, 0, 1389936946),
(4539, 785, 0, 1389936946),
(4539, 777, 0, 1389936946),
(4539, 778, 0, 1389936946),
(4539, 779, 0, 1389936946),
(4540, 138, 0, 1389936946),
(4540, 541, 0, 1389936946),
(4540, 772, 0, 1389936946),
(4540, 660, 0, 1389936946),
(4540, 791, 0, 1389936946),
(4540, 481, 0, 1389936946),
(4540, 785, 0, 1389936946),
(4540, 777, 0, 1389936946),
(4540, 778, 0, 1389936946),
(4540, 779, 0, 1389936946),
(4541, 138, 0, 1389936946),
(4541, 772, 0, 1389936946),
(4541, 550, 0, 1389936946),
(4541, 660, 0, 1389936946),
(4541, 791, 0, 1389936946),
(4541, 481, 0, 1389936946),
(4541, 785, 0, 1389936946),
(4541, 777, 0, 1389936946),
(4541, 778, 0, 1389936946),
(4541, 779, 0, 1389936946),
(4542, 138, 0, 1389936946),
(4542, 772, 0, 1389936946),
(4542, 660, 0, 1389936946),
(4542, 791, 0, 1389936946),
(4542, 481, 0, 1389936946),
(4542, 785, 0, 1389936946),
(4542, 777, 0, 1389936946),
(4542, 778, 0, 1389936946),
(4542, 779, 0, 1389936946),
(4543, 138, 0, 1389936946),
(4543, 541, 0, 1389936946),
(4543, 772, 0, 1389936946),
(4543, 660, 0, 1389936946),
(4543, 791, 0, 1389936946),
(4543, 481, 0, 1389936946),
(4543, 785, 0, 1389936946),
(4543, 777, 0, 1389936946),
(4543, 778, 0, 1389936946),
(4543, 779, 0, 1389936946),
(4544, 138, 0, 1389936946),
(4544, 541, 0, 1389936946),
(4544, 772, 0, 1389936946),
(4544, 660, 0, 1389936946),
(4544, 791, 0, 1389936946),
(4544, 481, 0, 1389936946),
(4544, 785, 0, 1389936946),
(4544, 777, 0, 1389936946),
(4544, 778, 0, 1389936946),
(4544, 779, 0, 1389936946),
(4545, 138, 0, 1389936946),
(4545, 544, 0, 1389936946),
(4545, 772, 0, 1389936946),
(4545, 660, 0, 1389936946),
(4545, 791, 0, 1389936946),
(4545, 481, 0, 1389936946),
(4545, 785, 0, 1389936946),
(4545, 777, 0, 1389936946),
(4545, 778, 0, 1389936946),
(4545, 779, 0, 1389936946),
(4546, 138, 0, 1389936946),
(4546, 541, 0, 1389936946),
(4546, 770, 0, 1389936946),
(4546, 660, 0, 1389936946),
(4546, 791, 0, 1389936946),
(4546, 481, 0, 1389936946),
(4546, 785, 0, 1389936946),
(4546, 777, 0, 1389936946),
(4546, 778, 0, 1389936946),
(4546, 779, 0, 1389936946),
(4547, 138, 0, 1389936946),
(4547, 541, 0, 1389936946),
(4547, 556, 0, 1389936946),
(4547, 660, 0, 1389936946),
(4547, 791, 0, 1389936946),
(4547, 481, 0, 1389936946),
(4547, 785, 0, 1389936946),
(4547, 777, 0, 1389936946),
(4547, 778, 0, 1389936946),
(4547, 779, 0, 1389936946),
(4548, 138, 0, 1389936946),
(4548, 172, 0, 1389936946),
(4548, 660, 0, 1389936946),
(4548, 791, 0, 1389936946),
(4548, 481, 0, 1389936946),
(4548, 785, 0, 1389936946),
(4548, 777, 0, 1389936946),
(4548, 778, 0, 1389936946),
(4548, 779, 0, 1389936946),
(4549, 138, 0, 1389936946),
(4549, 172, 0, 1389936946),
(4549, 660, 0, 1389936946),
(4549, 791, 0, 1389936946),
(4549, 481, 0, 1389936946),
(4549, 785, 0, 1389936946),
(4549, 777, 0, 1389936946),
(4549, 778, 0, 1389936946),
(4549, 779, 0, 1389936946),
(4550, 133, 0, 1389936946),
(4550, 138, 0, 1389936946),
(4550, 541, 0, 1389936946),
(4550, 139, 0, 1389936946),
(4550, 544, 0, 1389936946),
(4550, 660, 0, 1389936946),
(4550, 791, 0, 1389936946),
(4550, 481, 0, 1389936946),
(4550, 785, 0, 1389936946),
(4550, 777, 0, 1389936946),
(4550, 778, 0, 1389936946),
(4550, 779, 0, 1389936946),
(4551, 133, 0, 1389936946),
(4551, 138, 0, 1389936946),
(4551, 541, 0, 1389936946),
(4551, 769, 0, 1389936946),
(4551, 660, 0, 1389936946),
(4551, 791, 0, 1389936946),
(4551, 481, 0, 1389936946),
(4551, 785, 0, 1389936946),
(4551, 777, 0, 1389936946),
(4551, 778, 0, 1389936946),
(4551, 779, 0, 1389936946),
(4552, 133, 0, 1389936946),
(4552, 138, 0, 1389936946),
(4552, 541, 0, 1389936946),
(4552, 139, 0, 1389936946),
(4552, 660, 0, 1389936946),
(4552, 791, 0, 1389936946),
(4552, 481, 0, 1389936946),
(4552, 785, 0, 1389936946),
(4552, 777, 0, 1389936946),
(4552, 778, 0, 1389936946),
(4552, 779, 0, 1389936946),
(4553, 133, 0, 1389936946),
(4553, 138, 0, 1389936946),
(4553, 541, 0, 1389936946),
(4553, 139, 0, 1389936946),
(4553, 660, 0, 1389936946),
(4553, 791, 0, 1389936946),
(4553, 481, 0, 1389936946),
(4553, 785, 0, 1389936946),
(4553, 777, 0, 1389936946),
(4553, 778, 0, 1389936946),
(4553, 779, 0, 1389936946),
(4554, 138, 0, 1389936946),
(4554, 540, 0, 1389936946),
(4554, 660, 0, 1389936946),
(4554, 793, 0, 1389936946),
(4554, 481, 0, 1389936946),
(4554, 785, 0, 1389936946),
(4554, 777, 0, 1389936946),
(4554, 778, 0, 1389936946),
(4554, 779, 0, 1389936946),
(4555, 138, 0, 1389936946),
(4555, 540, 0, 1389936946),
(4555, 660, 0, 1389936946),
(4555, 793, 0, 1389936946),
(4555, 481, 0, 1389936946),
(4555, 785, 0, 1389936946),
(4555, 777, 0, 1389936946),
(4555, 778, 0, 1389936946),
(4555, 779, 0, 1389936946),
(4556, 138, 0, 1389936946),
(4556, 539, 0, 1389936946),
(4556, 660, 0, 1389936946),
(4556, 793, 0, 1389936946),
(4556, 481, 0, 1389936946),
(4556, 785, 0, 1389936946),
(4556, 777, 0, 1389936946),
(4556, 778, 0, 1389936946),
(4556, 779, 0, 1389936946),
(4557, 138, 0, 1389936946),
(4557, 539, 0, 1389936946),
(4557, 660, 0, 1389936946),
(4557, 793, 0, 1389936946),
(4557, 481, 0, 1389936946),
(4557, 785, 0, 1389936946),
(4557, 777, 0, 1389936946),
(4557, 778, 0, 1389936946),
(4557, 779, 0, 1389936946),
(4558, 138, 0, 1389936946),
(4558, 771, 0, 1389936946),
(4558, 660, 0, 1389936946),
(4558, 793, 0, 1389936946),
(4558, 481, 0, 1389936946),
(4558, 785, 0, 1389936946),
(4558, 777, 0, 1389936946),
(4558, 778, 0, 1389936946),
(4558, 779, 0, 1389936946),
(4559, 138, 0, 1389936946),
(4559, 771, 0, 1389936946),
(4559, 660, 0, 1389936946),
(4559, 793, 0, 1389936946),
(4559, 481, 0, 1389936946),
(4559, 785, 0, 1389936946),
(4559, 777, 0, 1389936946),
(4559, 778, 0, 1389936946),
(4559, 779, 0, 1389936946),
(4560, 138, 0, 1389936946),
(4560, 139, 0, 1389936946),
(4560, 660, 0, 1389936946),
(4560, 793, 0, 1389936946),
(4560, 481, 0, 1389936946),
(4560, 785, 0, 1389936946),
(4560, 777, 0, 1389936946),
(4560, 778, 0, 1389936946),
(4560, 779, 0, 1389936946),
(4561, 138, 0, 1389936946),
(4561, 544, 0, 1389936946),
(4561, 660, 0, 1389936946),
(4561, 793, 0, 1389936946),
(4561, 481, 0, 1389936946),
(4561, 785, 0, 1389936946),
(4561, 777, 0, 1389936946),
(4561, 778, 0, 1389936946),
(4561, 779, 0, 1389936946),
(4562, 138, 0, 1389936946),
(4562, 544, 0, 1389936946),
(4562, 660, 0, 1389936946),
(4562, 793, 0, 1389936946),
(4562, 481, 0, 1389936946),
(4562, 785, 0, 1389936946),
(4562, 777, 0, 1389936946),
(4562, 778, 0, 1389936946),
(4562, 779, 0, 1389936946),
(4563, 137, 0, 1389939247),
(4563, 541, 0, 1389939247),
(4563, 545, 0, 1389939247),
(4563, 141, 0, 1389939247),
(4563, 660, 0, 1389939247),
(4563, 881, 0, 1389939247),
(4563, 481, 0, 1389939247),
(4563, 785, 0, 1389939247),
(4563, 777, 0, 1389939247),
(4563, 778, 0, 1389939247),
(4563, 779, 0, 1389939247),
(4564, 137, 0, 1389939247),
(4564, 541, 0, 1389939247),
(4564, 545, 0, 1389939247),
(4564, 771, 0, 1389939247),
(4564, 660, 0, 1389939247),
(4564, 881, 0, 1389939247),
(4564, 481, 0, 1389939247),
(4564, 785, 0, 1389939247),
(4564, 777, 0, 1389939247),
(4564, 778, 0, 1389939247),
(4564, 779, 0, 1389939247),
(4565, 137, 0, 1389939247),
(4565, 541, 0, 1389939247),
(4565, 772, 0, 1389939247),
(4565, 660, 0, 1389939247),
(4565, 881, 0, 1389939247),
(4565, 481, 0, 1389939247),
(4565, 785, 0, 1389939247),
(4565, 777, 0, 1389939247),
(4565, 778, 0, 1389939247),
(4565, 779, 0, 1389939247),
(4566, 137, 0, 1389939247),
(4566, 541, 0, 1389939247),
(4566, 550, 0, 1389939247),
(4566, 151, 0, 1389939247),
(4566, 660, 0, 1389939247),
(4566, 881, 0, 1389939247),
(4566, 481, 0, 1389939247),
(4566, 785, 0, 1389939247),
(4566, 777, 0, 1389939247),
(4566, 778, 0, 1389939247),
(4566, 779, 0, 1389939247),
(4567, 137, 0, 1389939247),
(4567, 541, 0, 1389939247),
(4567, 550, 0, 1389939247),
(4567, 660, 0, 1389939247),
(4567, 881, 0, 1389939247),
(4567, 481, 0, 1389939247),
(4567, 785, 0, 1389939247),
(4567, 777, 0, 1389939247),
(4567, 778, 0, 1389939247),
(4567, 779, 0, 1389939247),
(4568, 137, 0, 1389939247),
(4568, 541, 0, 1389939247),
(4568, 550, 0, 1389939247),
(4568, 660, 0, 1389939247),
(4568, 881, 0, 1389939247),
(4568, 481, 0, 1389939247),
(4568, 785, 0, 1389939247),
(4568, 777, 0, 1389939247),
(4568, 778, 0, 1389939247),
(4568, 779, 0, 1389939247),
(4569, 137, 0, 1389939247),
(4569, 541, 0, 1389939247),
(4569, 660, 0, 1389939247),
(4569, 881, 0, 1389939247),
(4569, 481, 0, 1389939247),
(4569, 785, 0, 1389939247),
(4569, 777, 0, 1389939247),
(4569, 778, 0, 1389939247),
(4569, 779, 0, 1389939247),
(4570, 137, 0, 1389939247),
(4570, 138, 0, 1389939247),
(4570, 541, 0, 1389939247),
(4570, 556, 0, 1389939247),
(4570, 660, 0, 1389939247),
(4570, 881, 0, 1389939247),
(4570, 481, 0, 1389939247),
(4570, 785, 0, 1389939247),
(4570, 777, 0, 1389939247),
(4570, 778, 0, 1389939247),
(4570, 779, 0, 1389939247),
(4571, 137, 0, 1389939247),
(4571, 138, 0, 1389939247),
(4571, 541, 0, 1389939247),
(4571, 172, 0, 1389939247),
(4571, 660, 0, 1389939247),
(4571, 881, 0, 1389939247),
(4571, 481, 0, 1389939247),
(4571, 785, 0, 1389939247),
(4571, 777, 0, 1389939247),
(4571, 778, 0, 1389939247),
(4571, 779, 0, 1389939247),
(4572, 137, 0, 1389939247),
(4572, 138, 0, 1389939247),
(4572, 541, 0, 1389939247),
(4572, 544, 0, 1389939247),
(4572, 660, 0, 1389939247),
(4572, 881, 0, 1389939247),
(4572, 481, 0, 1389939247),
(4572, 785, 0, 1389939247),
(4572, 777, 0, 1389939247),
(4572, 778, 0, 1389939247),
(4572, 779, 0, 1389939247),
(4573, 137, 0, 1389939247),
(4573, 541, 0, 1389939247),
(4573, 660, 0, 1389939247),
(4573, 881, 0, 1389939247),
(4573, 481, 0, 1389939247),
(4573, 785, 0, 1389939247),
(4573, 777, 0, 1389939247),
(4573, 778, 0, 1389939247),
(4573, 779, 0, 1389939247),
(4574, 137, 0, 1389939247),
(4574, 541, 0, 1389939247),
(4574, 550, 0, 1389939247),
(4574, 660, 0, 1389939247),
(4574, 881, 0, 1389939247),
(4574, 481, 0, 1389939247),
(4574, 785, 0, 1389939247),
(4574, 777, 0, 1389939247),
(4574, 778, 0, 1389939247),
(4574, 779, 0, 1389939247),
(4575, 137, 0, 1389939247),
(4575, 541, 0, 1389939247),
(4575, 772, 0, 1389939247),
(4575, 148, 0, 1389939247),
(4575, 660, 0, 1389939247),
(4575, 881, 0, 1389939247),
(4575, 481, 0, 1389939247),
(4575, 785, 0, 1389939247),
(4575, 777, 0, 1389939247),
(4575, 778, 0, 1389939247),
(4575, 779, 0, 1389939247),
(4576, 137, 0, 1389939247),
(4576, 541, 0, 1389939247),
(4576, 660, 0, 1389939247),
(4576, 881, 0, 1389939247),
(4576, 481, 0, 1389939247),
(4576, 785, 0, 1389939247),
(4576, 777, 0, 1389939247),
(4576, 778, 0, 1389939247),
(4576, 779, 0, 1389939247),
(4577, 137, 0, 1389939247),
(4577, 541, 0, 1389939247),
(4577, 545, 0, 1389939247),
(4577, 660, 0, 1389939247),
(4577, 881, 0, 1389939247),
(4577, 481, 0, 1389939247),
(4577, 785, 0, 1389939247),
(4577, 777, 0, 1389939247),
(4577, 778, 0, 1389939247),
(4577, 779, 0, 1389939247),
(4578, 137, 0, 1389939247),
(4578, 541, 0, 1389939247),
(4578, 545, 0, 1389939247),
(4578, 660, 0, 1389939247),
(4578, 881, 0, 1389939247),
(4578, 481, 0, 1389939247),
(4578, 785, 0, 1389939247),
(4578, 777, 0, 1389939247),
(4578, 778, 0, 1389939247),
(4578, 779, 0, 1389939247),
(4579, 137, 0, 1389939247),
(4579, 541, 0, 1389939247),
(4579, 545, 0, 1389939247),
(4579, 660, 0, 1389939247),
(4579, 881, 0, 1389939247),
(4579, 481, 0, 1389939247),
(4579, 785, 0, 1389939247),
(4579, 777, 0, 1389939247),
(4579, 778, 0, 1389939247),
(4579, 779, 0, 1389939247),
(4580, 137, 0, 1389939247),
(4580, 541, 0, 1389939247),
(4580, 660, 0, 1389939247),
(4580, 881, 0, 1389939247),
(4580, 481, 0, 1389939247),
(4580, 785, 0, 1389939247),
(4580, 777, 0, 1389939247),
(4580, 778, 0, 1389939247),
(4580, 779, 0, 1389939247),
(4581, 137, 0, 1389939247),
(4581, 541, 0, 1389939247),
(4581, 660, 0, 1389939247),
(4581, 881, 0, 1389939247),
(4581, 481, 0, 1389939247),
(4581, 785, 0, 1389939247),
(4581, 777, 0, 1389939247),
(4581, 778, 0, 1389939247),
(4581, 779, 0, 1389939247),
(4582, 137, 0, 1389939247),
(4582, 541, 0, 1389939247),
(4582, 660, 0, 1389939247),
(4582, 881, 0, 1389939247),
(4582, 481, 0, 1389939247),
(4582, 785, 0, 1389939247),
(4582, 777, 0, 1389939247),
(4582, 778, 0, 1389939247),
(4582, 779, 0, 1389939247),
(4583, 137, 0, 1389939247),
(4583, 541, 0, 1389939247),
(4583, 660, 0, 1389939247),
(4583, 881, 0, 1389939247),
(4583, 481, 0, 1389939247),
(4583, 785, 0, 1389939247),
(4583, 777, 0, 1389939247),
(4583, 778, 0, 1389939247),
(4583, 779, 0, 1389939247),
(4584, 137, 0, 1389939247),
(4584, 541, 0, 1389939247),
(4584, 550, 0, 1389939247),
(4584, 551, 0, 1389939247),
(4584, 660, 0, 1389939247),
(4584, 881, 0, 1389939247),
(4584, 481, 0, 1389939247),
(4584, 785, 0, 1389939247),
(4584, 777, 0, 1389939247),
(4584, 778, 0, 1389939247),
(4584, 779, 0, 1389939247),
(4585, 137, 0, 1389939247),
(4585, 138, 0, 1389939247),
(4585, 541, 0, 1389939247),
(4585, 772, 0, 1389939247),
(4585, 660, 0, 1389939247),
(4585, 881, 0, 1389939247),
(4585, 481, 0, 1389939247),
(4585, 785, 0, 1389939247),
(4585, 777, 0, 1389939247),
(4585, 778, 0, 1389939247),
(4585, 779, 0, 1389939247),
(4586, 137, 0, 1389939247),
(4586, 541, 0, 1389939247),
(4586, 660, 0, 1389939247),
(4586, 881, 0, 1389939247),
(4586, 481, 0, 1389939247),
(4586, 785, 0, 1389939247),
(4586, 777, 0, 1389939247),
(4586, 778, 0, 1389939247),
(4586, 779, 0, 1389939247),
(4587, 137, 0, 1389939247),
(4587, 541, 0, 1389939247),
(4587, 156, 0, 1389939247),
(4587, 660, 0, 1389939247),
(4587, 881, 0, 1389939247),
(4587, 481, 0, 1389939247),
(4587, 785, 0, 1389939247),
(4587, 777, 0, 1389939247),
(4587, 778, 0, 1389939247),
(4587, 779, 0, 1389939247),
(4588, 137, 0, 1389939247),
(4588, 541, 0, 1389939247),
(4588, 660, 0, 1389939247),
(4588, 881, 0, 1389939247),
(4588, 481, 0, 1389939247),
(4588, 785, 0, 1389939247),
(4588, 777, 0, 1389939247),
(4588, 778, 0, 1389939247),
(4588, 779, 0, 1389939247),
(4589, 137, 0, 1389939247),
(4589, 541, 0, 1389939247),
(4589, 660, 0, 1389939247),
(4589, 881, 0, 1389939247),
(4589, 481, 0, 1389939247),
(4589, 785, 0, 1389939247),
(4589, 777, 0, 1389939247),
(4589, 778, 0, 1389939247),
(4589, 779, 0, 1389939247),
(4590, 137, 0, 1389939247),
(4590, 541, 0, 1389939247),
(4590, 539, 0, 1389939247),
(4590, 660, 0, 1389939247),
(4590, 881, 0, 1389939247),
(4590, 481, 0, 1389939247),
(4590, 785, 0, 1389939247),
(4590, 777, 0, 1389939247),
(4590, 778, 0, 1389939247),
(4590, 779, 0, 1389939247),
(4591, 137, 0, 1389939247),
(4591, 541, 0, 1389939247),
(4591, 545, 0, 1389939247),
(4591, 550, 0, 1389939247),
(4591, 660, 0, 1389939247),
(4591, 881, 0, 1389939247),
(4591, 481, 0, 1389939247),
(4591, 785, 0, 1389939247),
(4591, 777, 0, 1389939247),
(4591, 778, 0, 1389939247),
(4591, 779, 0, 1389939247),
(4592, 134, 0, 1389939247),
(4592, 137, 0, 1389939247),
(4592, 541, 0, 1389939247),
(4592, 660, 0, 1389939247),
(4592, 881, 0, 1389939247),
(4592, 481, 0, 1389939247),
(4592, 785, 0, 1389939247),
(4592, 777, 0, 1389939247),
(4592, 778, 0, 1389939247),
(4592, 779, 0, 1389939247),
(4593, 137, 0, 1389939247),
(4593, 541, 0, 1389939247),
(4593, 660, 0, 1389939247),
(4593, 881, 0, 1389939247),
(4593, 481, 0, 1389939247),
(4593, 785, 0, 1389939247),
(4593, 777, 0, 1389939247),
(4593, 778, 0, 1389939247),
(4593, 779, 0, 1389939247),
(4594, 137, 0, 1389939247),
(4594, 541, 0, 1389939247),
(4594, 660, 0, 1389939247),
(4594, 881, 0, 1389939247),
(4594, 481, 0, 1389939247),
(4594, 785, 0, 1389939247),
(4594, 777, 0, 1389939247),
(4594, 778, 0, 1389939247),
(4594, 779, 0, 1389939247),
(4595, 137, 0, 1389939247),
(4595, 541, 0, 1389939247),
(4595, 550, 0, 1389939247),
(4595, 660, 0, 1389939247),
(4595, 881, 0, 1389939247),
(4595, 481, 0, 1389939247),
(4595, 785, 0, 1389939247),
(4595, 777, 0, 1389939247),
(4595, 778, 0, 1389939247),
(4595, 779, 0, 1389939247),
(4596, 137, 0, 1389939247),
(4596, 541, 0, 1389939247),
(4596, 545, 0, 1389939247),
(4596, 660, 0, 1389939247),
(4596, 881, 0, 1389939247),
(4596, 481, 0, 1389939247),
(4596, 785, 0, 1389939247),
(4596, 777, 0, 1389939247),
(4596, 778, 0, 1389939247),
(4596, 779, 0, 1389939247),
(4597, 137, 0, 1389939247),
(4597, 541, 0, 1389939247),
(4597, 660, 0, 1389939247),
(4597, 881, 0, 1389939247),
(4597, 481, 0, 1389939247),
(4597, 785, 0, 1389939247),
(4597, 777, 0, 1389939247),
(4597, 778, 0, 1389939247),
(4597, 779, 0, 1389939247),
(4598, 137, 0, 1389939247),
(4598, 541, 0, 1389939247),
(4598, 544, 0, 1389939247),
(4598, 158, 0, 1389939247),
(4598, 660, 0, 1389939247),
(4598, 881, 0, 1389939247),
(4598, 481, 0, 1389939247),
(4598, 785, 0, 1389939247),
(4598, 777, 0, 1389939247),
(4598, 778, 0, 1389939247),
(4598, 779, 0, 1389939247),
(4599, 137, 0, 1389939247),
(4599, 541, 0, 1389939247),
(4599, 544, 0, 1389939247),
(4599, 158, 0, 1389939247),
(4599, 660, 0, 1389939247),
(4599, 881, 0, 1389939247),
(4599, 481, 0, 1389939247),
(4599, 785, 0, 1389939247),
(4599, 777, 0, 1389939247),
(4599, 778, 0, 1389939247),
(4599, 779, 0, 1389939247),
(4600, 137, 0, 1389939247),
(4600, 541, 0, 1389939247),
(4600, 550, 0, 1389939247),
(4600, 551, 0, 1389939247),
(4600, 660, 0, 1389939247),
(4600, 881, 0, 1389939247),
(4600, 481, 0, 1389939247),
(4600, 785, 0, 1389939247),
(4600, 777, 0, 1389939247),
(4600, 778, 0, 1389939247),
(4600, 779, 0, 1389939247),
(4601, 137, 0, 1389939247),
(4601, 541, 0, 1389939247),
(4601, 544, 0, 1389939247),
(4601, 545, 0, 1389939247),
(4601, 660, 0, 1389939247),
(4601, 881, 0, 1389939247),
(4601, 481, 0, 1389939247),
(4601, 785, 0, 1389939247),
(4601, 777, 0, 1389939247),
(4601, 778, 0, 1389939247),
(4601, 779, 0, 1389939247),
(4602, 137, 0, 1389939247),
(4602, 541, 0, 1389939247),
(4602, 660, 0, 1389939247),
(4602, 881, 0, 1389939247),
(4602, 481, 0, 1389939247),
(4602, 785, 0, 1389939247),
(4602, 777, 0, 1389939247),
(4602, 778, 0, 1389939247),
(4602, 779, 0, 1389939247),
(4603, 137, 0, 1389939247),
(4603, 541, 0, 1389939247),
(4603, 545, 0, 1389939247),
(4603, 660, 0, 1389939247),
(4603, 881, 0, 1389939247),
(4603, 481, 0, 1389939247),
(4603, 785, 0, 1389939247),
(4603, 777, 0, 1389939247),
(4603, 778, 0, 1389939247),
(4603, 779, 0, 1389939247),
(4604, 137, 0, 1389939247),
(4604, 660, 0, 1389939247),
(4604, 881, 0, 1389939247),
(4604, 481, 0, 1389939247),
(4604, 785, 0, 1389939247),
(4604, 777, 0, 1389939247),
(4604, 778, 0, 1389939247),
(4604, 779, 0, 1389939247),
(4605, 137, 0, 1389939247),
(4605, 541, 0, 1389939247),
(4605, 660, 0, 1389939247),
(4605, 881, 0, 1389939247),
(4605, 481, 0, 1389939247),
(4605, 785, 0, 1389939247),
(4605, 777, 0, 1389939247),
(4605, 778, 0, 1389939247),
(4605, 779, 0, 1389939247),
(4606, 137, 0, 1389939247),
(4606, 541, 0, 1389939247),
(4606, 660, 0, 1389939247),
(4606, 881, 0, 1389939247),
(4606, 481, 0, 1389939247),
(4606, 785, 0, 1389939247),
(4606, 777, 0, 1389939247),
(4606, 778, 0, 1389939247),
(4606, 779, 0, 1389939247),
(4607, 137, 0, 1389939247),
(4607, 541, 0, 1389939247),
(4607, 660, 0, 1389939247),
(4607, 881, 0, 1389939247),
(4607, 481, 0, 1389939247),
(4607, 785, 0, 1389939247),
(4607, 777, 0, 1389939247),
(4607, 778, 0, 1389939247),
(4607, 779, 0, 1389939247),
(4608, 137, 0, 1389939247),
(4608, 541, 0, 1389939247),
(4608, 660, 0, 1389939247),
(4608, 881, 0, 1389939247),
(4608, 481, 0, 1389939247),
(4608, 785, 0, 1389939247),
(4608, 777, 0, 1389939247),
(4608, 778, 0, 1389939247),
(4608, 779, 0, 1389939247),
(4609, 137, 0, 1389939247),
(4609, 541, 0, 1389939247),
(4609, 660, 0, 1389939247),
(4609, 881, 0, 1389939247),
(4609, 481, 0, 1389939247),
(4609, 785, 0, 1389939247),
(4609, 777, 0, 1389939247),
(4609, 778, 0, 1389939247),
(4609, 779, 0, 1389939247),
(4610, 137, 0, 1389939247),
(4610, 541, 0, 1389939247),
(4610, 544, 0, 1389939247),
(4610, 660, 0, 1389939247),
(4610, 881, 0, 1389939247),
(4610, 481, 0, 1389939247),
(4610, 785, 0, 1389939247),
(4610, 777, 0, 1389939247),
(4610, 778, 0, 1389939247),
(4610, 779, 0, 1389939247),
(4611, 137, 0, 1389939247),
(4611, 541, 0, 1389939247),
(4611, 172, 0, 1389939247),
(4611, 660, 0, 1389939247),
(4611, 881, 0, 1389939247),
(4611, 481, 0, 1389939247),
(4611, 785, 0, 1389939247),
(4611, 777, 0, 1389939247),
(4611, 778, 0, 1389939247),
(4611, 779, 0, 1389939247),
(4612, 137, 0, 1389939247),
(4612, 138, 0, 1389939247),
(4612, 539, 0, 1389939247),
(4612, 660, 0, 1389939247),
(4612, 881, 0, 1389939247),
(4612, 481, 0, 1389939247),
(4612, 785, 0, 1389939247),
(4612, 777, 0, 1389939247),
(4612, 778, 0, 1389939247),
(4612, 779, 0, 1389939247),
(4613, 137, 0, 1389939247),
(4613, 541, 0, 1389939247),
(4613, 772, 0, 1389939247),
(4613, 539, 0, 1389939247),
(4613, 660, 0, 1389939247),
(4613, 881, 0, 1389939247),
(4613, 481, 0, 1389939247),
(4613, 785, 0, 1389939247),
(4613, 777, 0, 1389939247),
(4613, 778, 0, 1389939247),
(4613, 779, 0, 1389939247),
(4614, 137, 0, 1389939247),
(4614, 541, 0, 1389939247),
(4614, 539, 0, 1389939247),
(4614, 660, 0, 1389939247),
(4614, 881, 0, 1389939247),
(4614, 481, 0, 1389939247),
(4614, 785, 0, 1389939247),
(4614, 777, 0, 1389939247),
(4614, 778, 0, 1389939247),
(4614, 779, 0, 1389939247),
(4615, 137, 0, 1389939247),
(4615, 541, 0, 1389939247),
(4615, 539, 0, 1389939247),
(4615, 660, 0, 1389939247),
(4615, 881, 0, 1389939247),
(4615, 481, 0, 1389939247),
(4615, 785, 0, 1389939247),
(4615, 777, 0, 1389939247),
(4615, 778, 0, 1389939247),
(4615, 779, 0, 1389939247),
(4616, 137, 0, 1389939247),
(4616, 541, 0, 1389939247),
(4616, 539, 0, 1389939247),
(4616, 660, 0, 1389939247),
(4616, 881, 0, 1389939247),
(4616, 481, 0, 1389939247),
(4616, 785, 0, 1389939247),
(4616, 777, 0, 1389939247),
(4616, 778, 0, 1389939247),
(4616, 779, 0, 1389939247),
(4617, 137, 0, 1389939247),
(4617, 541, 0, 1389939247),
(4617, 660, 0, 1389939247),
(4617, 881, 0, 1389939247),
(4617, 481, 0, 1389939247),
(4617, 785, 0, 1389939247),
(4617, 777, 0, 1389939247),
(4617, 778, 0, 1389939247),
(4617, 779, 0, 1389939247),
(4618, 137, 0, 1389939247),
(4618, 541, 0, 1389939247),
(4618, 158, 0, 1389939247),
(4618, 660, 0, 1389939247),
(4618, 881, 0, 1389939247),
(4618, 481, 0, 1389939247),
(4618, 785, 0, 1389939247),
(4618, 777, 0, 1389939247),
(4618, 778, 0, 1389939247),
(4618, 779, 0, 1389939247),
(4619, 137, 0, 1389939247),
(4619, 541, 0, 1389939247),
(4619, 660, 0, 1389939247),
(4619, 881, 0, 1389939247),
(4619, 481, 0, 1389939247),
(4619, 785, 0, 1389939247),
(4619, 777, 0, 1389939247),
(4619, 778, 0, 1389939247),
(4619, 779, 0, 1389939247),
(4620, 137, 0, 1389939247),
(4620, 544, 0, 1389939247),
(4620, 541, 0, 1389939247),
(4620, 660, 0, 1389939247),
(4620, 881, 0, 1389939247),
(4620, 481, 0, 1389939247),
(4620, 785, 0, 1389939247),
(4620, 777, 0, 1389939247),
(4620, 778, 0, 1389939247),
(4620, 779, 0, 1389939247),
(4621, 137, 0, 1389939247),
(4621, 541, 0, 1389939247),
(4621, 544, 0, 1389939247),
(4621, 660, 0, 1389939247),
(4621, 881, 0, 1389939247),
(4621, 481, 0, 1389939247),
(4621, 785, 0, 1389939247),
(4621, 777, 0, 1389939247),
(4621, 778, 0, 1389939247),
(4621, 779, 0, 1389939247),
(4622, 137, 0, 1389939247),
(4622, 138, 0, 1389939247),
(4622, 539, 0, 1389939247),
(4622, 660, 0, 1389939247),
(4622, 881, 0, 1389939247),
(4622, 481, 0, 1389939247),
(4622, 785, 0, 1389939247),
(4622, 777, 0, 1389939247),
(4622, 778, 0, 1389939247),
(4622, 779, 0, 1389939247),
(4623, 137, 0, 1389939247),
(4623, 138, 0, 1389939247),
(4623, 539, 0, 1389939247),
(4623, 660, 0, 1389939247),
(4623, 881, 0, 1389939247),
(4623, 481, 0, 1389939247),
(4623, 785, 0, 1389939247),
(4623, 777, 0, 1389939247),
(4623, 778, 0, 1389939247),
(4623, 779, 0, 1389939247),
(4624, 137, 0, 1389939247),
(4624, 138, 0, 1389939247),
(4624, 539, 0, 1389939247),
(4624, 660, 0, 1389939247),
(4624, 881, 0, 1389939247),
(4624, 481, 0, 1389939247),
(4624, 785, 0, 1389939247),
(4624, 777, 0, 1389939247),
(4624, 778, 0, 1389939247),
(4624, 779, 0, 1389939247),
(4625, 137, 0, 1389939247),
(4625, 138, 0, 1389939247),
(4625, 539, 0, 1389939247),
(4625, 660, 0, 1389939247),
(4625, 881, 0, 1389939247),
(4625, 481, 0, 1389939247),
(4625, 785, 0, 1389939247),
(4625, 777, 0, 1389939247),
(4625, 778, 0, 1389939247),
(4625, 779, 0, 1389939247),
(4626, 137, 0, 1389939247),
(4626, 138, 0, 1389939247),
(4626, 539, 0, 1389939247),
(4626, 660, 0, 1389939247),
(4626, 881, 0, 1389939247),
(4626, 481, 0, 1389939247),
(4626, 785, 0, 1389939247),
(4626, 777, 0, 1389939247),
(4626, 778, 0, 1389939247),
(4626, 779, 0, 1389939247),
(4627, 137, 0, 1389939247),
(4627, 138, 0, 1389939247),
(4627, 539, 0, 1389939247),
(4627, 660, 0, 1389939247),
(4627, 881, 0, 1389939247),
(4627, 481, 0, 1389939247),
(4627, 785, 0, 1389939247),
(4627, 777, 0, 1389939247),
(4627, 778, 0, 1389939247),
(4627, 779, 0, 1389939247),
(4628, 137, 0, 1389939247),
(4628, 138, 0, 1389939247),
(4628, 539, 0, 1389939247),
(4628, 660, 0, 1389939247),
(4628, 881, 0, 1389939247),
(4628, 481, 0, 1389939247),
(4628, 785, 0, 1389939247),
(4628, 777, 0, 1389939247),
(4628, 778, 0, 1389939247),
(4628, 779, 0, 1389939247),
(4629, 137, 0, 1389939247),
(4629, 138, 0, 1389939247),
(4629, 539, 0, 1389939247),
(4629, 660, 0, 1389939247),
(4629, 881, 0, 1389939247),
(4629, 481, 0, 1389939247),
(4629, 785, 0, 1389939247),
(4629, 777, 0, 1389939247),
(4629, 778, 0, 1389939247),
(4629, 779, 0, 1389939247),
(4630, 137, 0, 1389939247),
(4630, 138, 0, 1389939247),
(4630, 539, 0, 1389939247),
(4630, 660, 0, 1389939247),
(4630, 881, 0, 1389939247),
(4630, 481, 0, 1389939247),
(4630, 785, 0, 1389939247),
(4630, 777, 0, 1389939247),
(4630, 778, 0, 1389939247),
(4630, 779, 0, 1389939247),
(4631, 137, 0, 1389939247),
(4631, 138, 0, 1389939247),
(4631, 539, 0, 1389939247),
(4631, 660, 0, 1389939247),
(4631, 881, 0, 1389939247),
(4631, 481, 0, 1389939247),
(4631, 785, 0, 1389939247),
(4631, 777, 0, 1389939247),
(4631, 778, 0, 1389939247),
(4631, 779, 0, 1389939247),
(4632, 137, 0, 1389939247),
(4632, 138, 0, 1389939247),
(4632, 539, 0, 1389939247),
(4632, 660, 0, 1389939247),
(4632, 881, 0, 1389939247),
(4632, 481, 0, 1389939247),
(4632, 785, 0, 1389939247),
(4632, 777, 0, 1389939247),
(4632, 778, 0, 1389939247),
(4632, 779, 0, 1389939247),
(4633, 137, 0, 1389939247),
(4633, 539, 0, 1389939247),
(4633, 660, 0, 1389939247),
(4633, 881, 0, 1389939247),
(4633, 481, 0, 1389939247),
(4633, 785, 0, 1389939247),
(4633, 777, 0, 1389939247),
(4633, 778, 0, 1389939247),
(4633, 779, 0, 1389939247),
(4634, 137, 0, 1389939247),
(4634, 539, 0, 1389939247),
(4634, 660, 0, 1389939247),
(4634, 881, 0, 1389939247),
(4634, 481, 0, 1389939247),
(4634, 785, 0, 1389939247),
(4634, 777, 0, 1389939247),
(4634, 778, 0, 1389939247),
(4634, 779, 0, 1389939247),
(4635, 137, 0, 1389939247),
(4635, 539, 0, 1389939247),
(4635, 660, 0, 1389939247),
(4635, 881, 0, 1389939247),
(4635, 481, 0, 1389939247),
(4635, 785, 0, 1389939247),
(4635, 777, 0, 1389939247),
(4635, 778, 0, 1389939247),
(4635, 779, 0, 1389939247),
(4636, 137, 0, 1389939247),
(4636, 539, 0, 1389939247),
(4636, 660, 0, 1389939247),
(4636, 881, 0, 1389939247),
(4636, 481, 0, 1389939247),
(4636, 785, 0, 1389939247),
(4636, 777, 0, 1389939247),
(4636, 778, 0, 1389939247),
(4636, 779, 0, 1389939247),
(4637, 137, 0, 1389939247),
(4637, 541, 0, 1389939247),
(4637, 660, 0, 1389939247),
(4637, 881, 0, 1389939247),
(4637, 481, 0, 1389939247),
(4637, 785, 0, 1389939247),
(4637, 777, 0, 1389939247),
(4637, 778, 0, 1389939247),
(4637, 779, 0, 1389939247),
(4638, 137, 0, 1389939247),
(4638, 541, 0, 1389939247),
(4638, 660, 0, 1389939247),
(4638, 881, 0, 1389939247),
(4638, 481, 0, 1389939247),
(4638, 785, 0, 1389939247),
(4638, 777, 0, 1389939247),
(4638, 778, 0, 1389939247),
(4638, 779, 0, 1389939247),
(4639, 137, 0, 1389939247),
(4639, 541, 0, 1389939247),
(4639, 660, 0, 1389939247),
(4639, 881, 0, 1389939247),
(4639, 481, 0, 1389939247),
(4639, 785, 0, 1389939247),
(4639, 777, 0, 1389939247),
(4639, 778, 0, 1389939247),
(4639, 779, 0, 1389939247),
(4640, 137, 0, 1389939247),
(4640, 541, 0, 1389939247),
(4640, 545, 0, 1389939247),
(4640, 660, 0, 1389939247),
(4640, 881, 0, 1389939247),
(4640, 481, 0, 1389939247),
(4640, 785, 0, 1389939247),
(4640, 777, 0, 1389939247),
(4640, 778, 0, 1389939247),
(4640, 779, 0, 1389939247),
(4641, 137, 0, 1389939247),
(4641, 541, 0, 1389939247),
(4641, 545, 0, 1389939247),
(4641, 550, 0, 1389939247),
(4641, 660, 0, 1389939247),
(4641, 881, 0, 1389939247),
(4641, 481, 0, 1389939247),
(4641, 785, 0, 1389939247),
(4641, 777, 0, 1389939247),
(4641, 778, 0, 1389939247),
(4641, 779, 0, 1389939247),
(4642, 137, 0, 1389939247),
(4642, 541, 0, 1389939247),
(4642, 660, 0, 1389939247),
(4642, 881, 0, 1389939247),
(4642, 481, 0, 1389939247),
(4642, 785, 0, 1389939247),
(4642, 777, 0, 1389939247),
(4642, 778, 0, 1389939247),
(4642, 779, 0, 1389939247),
(4643, 137, 0, 1389939247),
(4643, 541, 0, 1389939247),
(4643, 660, 0, 1389939247),
(4643, 881, 0, 1389939247),
(4643, 481, 0, 1389939247),
(4643, 785, 0, 1389939247),
(4643, 777, 0, 1389939247),
(4643, 778, 0, 1389939247),
(4643, 779, 0, 1389939247),
(4644, 137, 0, 1389939247),
(4644, 541, 0, 1389939247),
(4644, 660, 0, 1389939247),
(4644, 881, 0, 1389939247),
(4644, 481, 0, 1389939247),
(4644, 785, 0, 1389939247),
(4644, 777, 0, 1389939247),
(4644, 778, 0, 1389939247),
(4644, 779, 0, 1389939247),
(4645, 137, 0, 1389939247),
(4645, 541, 0, 1389939247),
(4645, 660, 0, 1389939247),
(4645, 881, 0, 1389939247),
(4645, 481, 0, 1389939247),
(4645, 785, 0, 1389939247),
(4645, 777, 0, 1389939247),
(4645, 778, 0, 1389939247),
(4645, 779, 0, 1389939247),
(4646, 137, 0, 1389939247),
(4646, 539, 0, 1389939247),
(4646, 660, 0, 1389939247),
(4646, 881, 0, 1389939247),
(4646, 481, 0, 1389939247),
(4646, 785, 0, 1389939247),
(4646, 777, 0, 1389939247),
(4646, 778, 0, 1389939247),
(4646, 779, 0, 1389939247),
(4647, 137, 0, 1389939247),
(4647, 539, 0, 1389939247),
(4647, 660, 0, 1389939247),
(4647, 881, 0, 1389939247),
(4647, 481, 0, 1389939247),
(4647, 785, 0, 1389939247),
(4647, 777, 0, 1389939247),
(4647, 778, 0, 1389939247),
(4647, 779, 0, 1389939247),
(4648, 137, 0, 1389939247),
(4648, 138, 0, 1389939247),
(4648, 539, 0, 1389939247),
(4648, 660, 0, 1389939247),
(4648, 881, 0, 1389939247),
(4648, 481, 0, 1389939247),
(4648, 785, 0, 1389939247),
(4648, 777, 0, 1389939247),
(4648, 778, 0, 1389939247),
(4648, 779, 0, 1389939247),
(4649, 137, 0, 1389939247),
(4649, 541, 0, 1389939247),
(4649, 660, 0, 1389939247),
(4649, 881, 0, 1389939247),
(4649, 481, 0, 1389939247),
(4649, 785, 0, 1389939247),
(4649, 777, 0, 1389939247),
(4649, 778, 0, 1389939247),
(4649, 779, 0, 1389939247),
(4650, 137, 0, 1389939247),
(4650, 541, 0, 1389939247),
(4650, 550, 0, 1389939247),
(4650, 660, 0, 1389939247),
(4650, 881, 0, 1389939247),
(4650, 481, 0, 1389939247),
(4650, 785, 0, 1389939247),
(4650, 777, 0, 1389939247),
(4650, 778, 0, 1389939247),
(4650, 779, 0, 1389939247),
(4651, 137, 0, 1389939247),
(4651, 541, 0, 1389939247),
(4651, 545, 0, 1389939247),
(4651, 771, 0, 1389939247),
(4651, 660, 0, 1389939247),
(4651, 881, 0, 1389939247),
(4651, 481, 0, 1389939247),
(4651, 785, 0, 1389939247),
(4651, 777, 0, 1389939247),
(4651, 778, 0, 1389939247),
(4651, 779, 0, 1389939247),
(4652, 137, 0, 1389939247),
(4652, 138, 0, 1389939247),
(4652, 541, 0, 1389939247),
(4652, 545, 0, 1389939247),
(4652, 771, 0, 1389939247),
(4652, 660, 0, 1389939247),
(4652, 881, 0, 1389939247),
(4652, 481, 0, 1389939247),
(4652, 785, 0, 1389939247),
(4652, 777, 0, 1389939247),
(4652, 778, 0, 1389939247),
(4652, 779, 0, 1389939247),
(4653, 137, 0, 1389939247),
(4653, 138, 0, 1389939247),
(4653, 541, 0, 1389939247),
(4653, 545, 0, 1389939247),
(4653, 771, 0, 1389939247),
(4653, 660, 0, 1389939247),
(4653, 881, 0, 1389939247),
(4653, 481, 0, 1389939247),
(4653, 785, 0, 1389939247),
(4653, 777, 0, 1389939247),
(4653, 778, 0, 1389939247),
(4653, 779, 0, 1389939247),
(4654, 137, 0, 1389939247),
(4654, 138, 0, 1389939247),
(4654, 541, 0, 1389939247),
(4654, 545, 0, 1389939247),
(4654, 771, 0, 1389939247),
(4654, 660, 0, 1389939247),
(4654, 881, 0, 1389939247),
(4654, 481, 0, 1389939247),
(4654, 785, 0, 1389939247),
(4654, 777, 0, 1389939247),
(4654, 778, 0, 1389939247),
(4654, 779, 0, 1389939247),
(4655, 137, 0, 1389939247),
(4655, 541, 0, 1389939247),
(4655, 545, 0, 1389939247),
(4655, 771, 0, 1389939247),
(4655, 660, 0, 1389939247),
(4655, 881, 0, 1389939247),
(4655, 481, 0, 1389939247),
(4655, 785, 0, 1389939247),
(4655, 777, 0, 1389939247),
(4655, 778, 0, 1389939247),
(4655, 779, 0, 1389939247),
(4656, 137, 0, 1389939247),
(4656, 138, 0, 1389939247),
(4656, 541, 0, 1389939247),
(4656, 545, 0, 1389939247),
(4656, 772, 0, 1389939247),
(4656, 660, 0, 1389939247),
(4656, 881, 0, 1389939247),
(4656, 481, 0, 1389939247),
(4656, 785, 0, 1389939247),
(4656, 777, 0, 1389939247),
(4656, 778, 0, 1389939247),
(4656, 779, 0, 1389939247),
(4657, 137, 0, 1389939247),
(4657, 138, 0, 1389939247),
(4657, 541, 0, 1389939247),
(4657, 545, 0, 1389939247),
(4657, 772, 0, 1389939247),
(4657, 660, 0, 1389939247),
(4657, 881, 0, 1389939247),
(4657, 481, 0, 1389939247),
(4657, 785, 0, 1389939247),
(4657, 777, 0, 1389939247),
(4657, 778, 0, 1389939247),
(4657, 779, 0, 1389939247),
(4658, 137, 0, 1389939247),
(4658, 138, 0, 1389939247),
(4658, 541, 0, 1389939247),
(4658, 545, 0, 1389939247),
(4658, 772, 0, 1389939247),
(4658, 660, 0, 1389939247),
(4658, 881, 0, 1389939247),
(4658, 481, 0, 1389939247),
(4658, 785, 0, 1389939247),
(4658, 777, 0, 1389939247),
(4658, 778, 0, 1389939247),
(4658, 779, 0, 1389939247),
(4659, 137, 0, 1389939247),
(4659, 138, 0, 1389939247),
(4659, 541, 0, 1389939247),
(4659, 545, 0, 1389939247),
(4659, 772, 0, 1389939247),
(4659, 660, 0, 1389939247),
(4659, 881, 0, 1389939247),
(4659, 481, 0, 1389939247),
(4659, 785, 0, 1389939247),
(4659, 777, 0, 1389939247),
(4659, 778, 0, 1389939247),
(4659, 779, 0, 1389939247),
(4660, 137, 0, 1389939247),
(4660, 138, 0, 1389939247),
(4660, 541, 0, 1389939247),
(4660, 545, 0, 1389939247),
(4660, 772, 0, 1389939247),
(4660, 660, 0, 1389939247),
(4660, 881, 0, 1389939247),
(4660, 481, 0, 1389939247),
(4660, 785, 0, 1389939247),
(4660, 777, 0, 1389939247),
(4660, 778, 0, 1389939247),
(4660, 779, 0, 1389939247),
(4661, 137, 0, 1389939247),
(4661, 138, 0, 1389939247),
(4661, 541, 0, 1389939247),
(4661, 545, 0, 1389939247),
(4661, 772, 0, 1389939247),
(4661, 660, 0, 1389939247),
(4661, 881, 0, 1389939247),
(4661, 481, 0, 1389939247),
(4661, 785, 0, 1389939247),
(4661, 777, 0, 1389939247),
(4661, 778, 0, 1389939247),
(4661, 779, 0, 1389939247),
(4662, 137, 0, 1389939247),
(4662, 138, 0, 1389939247),
(4662, 541, 0, 1389939247),
(4662, 545, 0, 1389939247),
(4662, 772, 0, 1389939247),
(4662, 660, 0, 1389939247),
(4662, 881, 0, 1389939247),
(4662, 481, 0, 1389939247),
(4662, 785, 0, 1389939247),
(4662, 777, 0, 1389939247),
(4662, 778, 0, 1389939247),
(4662, 779, 0, 1389939247),
(4663, 137, 0, 1389939247),
(4663, 138, 0, 1389939247),
(4663, 541, 0, 1389939247),
(4663, 545, 0, 1389939247),
(4663, 772, 0, 1389939247),
(4663, 660, 0, 1389939247),
(4663, 881, 0, 1389939247),
(4663, 481, 0, 1389939247),
(4663, 785, 0, 1389939247),
(4663, 777, 0, 1389939247),
(4663, 778, 0, 1389939247),
(4663, 779, 0, 1389939247);

-- --------------------------------------------------------

--
-- Estructura de tabla para la tabla `taxonomy_term_data`
--

CREATE TABLE IF NOT EXISTS `taxonomy_term_data` (
  `tid` int(10) unsigned NOT NULL AUTO_INCREMENT COMMENT 'Primary Key: Unique term ID.',
  `vid` int(10) unsigned NOT NULL DEFAULT '0' COMMENT 'The taxonomy_vocabulary.vid of the vocabulary to which the term is assigned.',
  `name` varchar(255) NOT NULL DEFAULT '' COMMENT 'The term name.',
  `description` longtext COMMENT 'A description of the term.',
  `format` varchar(255) DEFAULT NULL COMMENT 'The filter_format.format of the description.',
  `weight` int(11) NOT NULL DEFAULT '0' COMMENT 'The weight of this term in relation to other terms.',
  PRIMARY KEY (`tid`),
  KEY `taxonomy_tree` (`vid`,`weight`,`name`),
  KEY `vid_name` (`vid`,`name`),
  KEY `name` (`name`)
) ENGINE=InnoDB  DEFAULT CHARSET=utf8 COMMENT='Stores term information.' AUTO_INCREMENT=883 ;

--
-- Volcado de datos para la tabla `taxonomy_term_data`
--

INSERT INTO `taxonomy_term_data` (`tid`, `vid`, `name`, `description`, `format`, `weight`) VALUES
(133, 2, 'Nivel básico', 'Preescolar, Primaria, Secundaria', 'plain_text', 15),
(134, 2, 'Nivel especializado', 'Licenciatura en matemáticas, Posgrado', 'plain_text', 17),
(137, 2, 'Nivel superior', 'Licenciatura', 'plain_text', 19),
(138, 2, 'Nivel intermedio', 'Bachillerato', 'plain_text', 20),
(139, 2, 'Aritmética', '', 'plain_text', 0),
(141, 2, 'Álgebra Elemental', '', 'plain_text', 1),
(142, 2, 'Probabilidad Elemental', '', 'plain_text', 2),
(143, 2, 'Estadística Elemental', '', 'plain_text', 3),
(145, 2, 'Funciones y sus Gráficas', '', 'plain_text', 0),
(148, 2, 'Vectores', '', 'plain_text', 1),
(149, 2, 'Probabilidad intermedia', '', 'plain_text', 2),
(150, 2, 'Estadística intermedia', '', 'plain_text', 3),
(151, 2, 'Cálculo Diferencial e Integral', '', 'plain_text', 4),
(152, 2, 'Mecánica Básica', '', 'plain_text', 5),
(153, 2, 'Álgebra Superior', '', 'plain_text', 0),
(154, 2, 'Geometría Moderna', '', 'plain_text', 1),
(155, 2, 'Geometría Proyectiva', '', 'plain_text', 2),
(156, 2, 'Cálculo Vectorial', '', 'plain_text', 3),
(157, 2, 'Mecánica Clásica', '', 'plain_text', 4),
(158, 2, 'Álgebra Lineal', '', 'plain_text', 5),
(159, 2, 'Ecuaciones Diferenciales', '', 'plain_text', 6),
(160, 2, 'Álgebra Moderna', '', 'plain_text', 7),
(161, 2, 'Variable Compleja', '', 'plain_text', 8),
(162, 2, 'Probabilidad superior', '', 'plain_text', 9),
(163, 2, 'Estadística superior', '', 'plain_text', 10),
(164, 2, 'Topología de Conjuntos', '', 'plain_text', 0),
(165, 2, 'Análisis Real', '', 'plain_text', 1),
(166, 2, 'Análisis Complejo', '', 'plain_text', 2),
(168, 2, 'Combinatoria y Teoría de Gráficas', '', 'plain_text', 3),
(169, 2, 'Ecuaciones en Derivadas Parciales', '', 'plain_text', 4),
(170, 2, 'Topología Algebraica', '', 'plain_text', 5),
(171, 2, 'Probabilidad y procesos estocásticos', '', 'plain_text', 6),
(172, 2, 'Estadística', '', 'plain_text', 7),
(173, 2, 'Teoría de Conjuntos', '', 'plain_text', 8),
(174, 2, 'Lógica Matemática', '', 'plain_text', 9),
(175, 2, 'Enseñanza de las matemáticas', '', 'plain_text', 10),
(176, 2, 'Historia de las Matemáticas', '', 'plain_text', 11),
(177, 2, 'Fundamentos de las Matemáticas', '', 'plain_text', 12),
(178, 3, 'Video', 'Url a un video de youtube o en algún formato compatible con HTML 5 ', 'filtered_html', 3),
(179, 3, 'Audio', 'Url a un archivo de audio. Este debe de estar en algún formato estándar especificado para HTML 5', 'filtered_html', 2),
(181, 3, 'Interactivo descargable', '<p>Material interactivo que es dependiente de la plataforma y que debe ser instalado</p>\r\n', 'filtered_html', 5),
(183, 3, 'Texto multimedia', 'URL a un texto que puede contener medios como musica vídeos o material interactivo  (ppt, iBook, etc). ', 'filtered_html', 4),
(184, 3, 'Sitio WEB', 'Referencia a un sitio WEB completo', 'filtered_html', 8),
(475, 3, 'Curso interactivo', '', 'filtered_html', 7),
(477, 6, 'PUEMAC', '<p>El <b>P</b>royecto <b>U</b>niversitario de <b>E</b>nse&ntilde;anza de las <b>M</b>atem&aacute;ticas <b>A</b>sistida por <b>C</b>omputadora (<b>PUEMAC</b>) surge de la inquietud de mostrar las matem&aacute;ticas de una manera amable y atractiva a un p&uacute;blico amplio y con intereses variados; surge de la convicci&oacute;n de que al presentar las matem&aacute;ticas de esta manera, los estudiantes y el p&uacute;blico ver&aacute;n nacer curiosidades e intereses que podr&aacute;n canalizarse despu&eacute;s hacia las rutas de la ense&ntilde;anza formal y la investigaci&oacute;n; surge ante la escasez de materiales adecuados en los medios electr&oacute;nicos que exploten las magn&iacute;ficas posibilidades que ofrece el software p&uacute;blico en la red global para la ense&ntilde;anza y la divulgaci&oacute;n.</p>\r\n', 'filtered_html', 0),
(478, 7, 'HTML 4', '<p>P&aacute;ginas web con solo html, css</p>\r\n', 'filtered_html', 0),
(479, 7, 'Java', '<p>Java applets</p>\r\n', 'filtered_html', 0),
(481, 7, 'HTML 5', '<p>HTML 5</p>\r\n', 'filtered_html', 0),
(482, 7, 'Ejecutable', '<p>Archivo ejecutable para alguna plataforma (Windows, Linux, MacOs, Andorid, iOs, etc)</p>\r\n', 'filtered_html', 0),
(533, 2, 'Actividades estéticas', NULL, NULL, 2),
(534, 2, 'Danza', NULL, NULL, 0),
(535, 2, 'Lenguas', NULL, NULL, 10),
(536, 2, 'Lengua española', NULL, NULL, 0),
(537, 2, 'Lengua inglesa', NULL, NULL, 1),
(538, 2, 'Formación integral', NULL, NULL, 7),
(539, 2, 'Física', NULL, NULL, 5),
(540, 2, 'Química', NULL, NULL, 14),
(541, 2, 'Matemáticas', NULL, NULL, 12),
(544, 2, 'Álgebra', NULL, NULL, 0),
(545, 2, 'Geometría', NULL, NULL, 3),
(549, 2, 'Trigonometría', NULL, NULL, 7),
(550, 2, 'Cálculo', NULL, NULL, 2),
(551, 2, 'Funciones', NULL, NULL, 3),
(552, 2, 'Continuidad', NULL, NULL, 1),
(553, 2, 'Límites', NULL, NULL, 0),
(554, 2, 'Derivadas', NULL, NULL, 2),
(555, 2, 'Integrales', NULL, NULL, 4),
(556, 2, 'Probabilidad', NULL, NULL, 4),
(558, 2, 'Teoría de números', NULL, NULL, 6),
(559, 2, 'Teoría de gráficas', NULL, NULL, 5),
(607, 3, 'Página WEB', NULL, NULL, 0),
(610, 3, 'Aplicación', NULL, NULL, 0),
(660, 3, 'Interactivo WEB', NULL, NULL, 0),
(661, 3, 'Texto digital', NULL, NULL, 0),
(663, 3, 'Imagen', NULL, NULL, 0),
(768, 6, 'k-4', 'Recursos Interactivos desarrollados para los niveles preescolar a los primeros grados de la educación primaria.', 'filtered_html', 0),
(769, 2, 'Fracciones', NULL, NULL, 1),
(770, 2, 'Geometría elemental', NULL, NULL, 0),
(771, 2, 'Geometría clásica', NULL, NULL, 1),
(772, 2, 'Geometría analítica', NULL, NULL, 2),
(773, 8, 'Básico', NULL, NULL, 0),
(774, 8, 'Intermedio', NULL, NULL, 0),
(775, 8, 'Superior', NULL, NULL, 0),
(776, 8, 'Especializado', NULL, NULL, 0),
(777, 9, 'Windows', NULL, NULL, 0),
(778, 9, 'Linux', NULL, NULL, 0),
(779, 9, 'MacOS', NULL, NULL, 0),
(780, 9, 'Android', NULL, NULL, 0),
(781, 9, 'iOS', NULL, NULL, 0),
(784, 7, 'Descartes', NULL, NULL, 0),
(785, 7, 'DescartesJS', NULL, NULL, 0),
(786, 7, 'Flash', NULL, NULL, 0),
(787, 6, 'Proyecto PRILiP', NULL, NULL, 0),
(788, 6, 'Proyecto DGEE - UNAM', NULL, NULL, 0),
(789, 6, 'Enciclomedia', NULL, NULL, 0),
(790, 6, 'UNAM - Siglo XXI', NULL, NULL, 0),
(791, 6, 'Proyecto Arquímedes', NULL, NULL, 0),
(792, 6, 'Proyecto PI', NULL, NULL, 0),
(793, 6, 'Telesecundaria', NULL, NULL, 0),
(826, 6, 'ProyectoDescartes.org', 'Este portal es de la "Red Educativa Digital Descartes", asociación no gubernamental que tiene como fin promover la renovación y cambio metodológico en los procesos de aprendizaje y enseñanza de las Matemáticas utilizando los recursos digitales interactivos generados en el Proyecto Descartes.', 'filtered_html', 0),
(827, 1, 'canals', NULL, NULL, 0),
(828, 1, '3 a 6 años', NULL, NULL, 0),
(829, 1, 'infantil', NULL, NULL, 0),
(830, 1, 'aplicaciones', NULL, NULL, 0),
(831, 1, 'Matemáticas aplicadas', NULL, NULL, 0),
(832, 1, 'Infantil', NULL, NULL, 0),
(833, 1, '1º eso', NULL, NULL, 0),
(834, 1, '10 a 12 años', NULL, NULL, 0),
(835, 1, '12 a 14 años', NULL, NULL, 0),
(836, 1, 'Lógica', NULL, NULL, 0),
(837, 1, 'Primaria', NULL, NULL, 0),
(838, 1, 'Teselación', NULL, NULL, 0),
(839, 1, 'Eschel', NULL, NULL, 0),
(840, 1, 'Proporción áurea', NULL, NULL, 0),
(841, 1, 'Leonardo Da Vinci', NULL, NULL, 0),
(842, 1, 'Binomio', NULL, NULL, 0),
(843, 1, 'Teorema de Pitágoras', NULL, NULL, 0),
(844, 1, 'Secundaria', NULL, NULL, 0),
(845, 1, 'Diferencia de cuadrados', NULL, NULL, 0),
(846, 1, 'Área', NULL, NULL, 0),
(847, 1, 'catetos', NULL, NULL, 0),
(848, 1, 'Hipotenusa', NULL, NULL, 0),
(849, 1, 'cuadrados', NULL, NULL, 0),
(850, 1, 'Divisor', NULL, NULL, 0),
(851, 1, 'Dividendo', NULL, NULL, 0),
(852, 1, 'Suma', NULL, NULL, 0),
(853, 1, 'Multiplicación', NULL, NULL, 0),
(854, 1, 'División', NULL, NULL, 0),
(855, 1, 'Contar', NULL, NULL, 0),
(856, 1, 'numeración', NULL, NULL, 0),
(857, 1, 'Triángulo', NULL, NULL, 0),
(858, 1, 'Rotación', NULL, NULL, 0),
(859, 1, 'cuadrado', NULL, NULL, 0),
(860, 1, 'Espacio', NULL, NULL, 0),
(861, 1, 'Múltiplos', NULL, NULL, 0),
(862, 1, 'Números pares', NULL, NULL, 0),
(863, 1, 'Números Impares', NULL, NULL, 0),
(864, 1, 'Juegos matemáticos', NULL, NULL, 0),
(865, 1, 'Computación', NULL, NULL, 0),
(866, 1, 'Programación', NULL, NULL, 0),
(867, 1, 'Mujeres matemáticas', NULL, NULL, 0),
(868, 1, 'Charles Babbage', NULL, NULL, 0),
(869, 1, 'Máquina analítica', NULL, NULL, 0),
(870, 1, 'Mayas', NULL, NULL, 0),
(871, 1, 'sistema de numeración', NULL, NULL, 0),
(872, 1, 'códices', NULL, NULL, 0),
(873, 1, 'cero', NULL, NULL, 0),
(876, 1, '', NULL, NULL, 0),
(877, 1, 'Preescolar', NULL, NULL, 0),
(878, 1, 'Bachillerato', NULL, NULL, 0),
(879, 6, 'Chile', 'Proyecto de colaboración entre el LITE y una universidad de Chile', 'filtered_html', 0),
(880, 1, 'Licenciatura', NULL, NULL, 0),
(881, 6, 'Un 100', '<p>100 unidades did&aacute;cticas o recursos educativos de las &aacute;reas de matem&aacute;ticas y f&iacute;sica y son para el nivel de Licenciatura, algunos tambi&eacute;n pueden ser usados en el bachillerato. En su elaboraci&oacute;n participaron acad&eacute;micos de M&eacute;xico, Espa&ntilde;a, Colombia y Chile. Casi todos pueden ser visualizados en dispositivos m&oacute;viles, adem&aacute;s de en computadoras con cualquier sistema operativo, basta contar con un navegador de internet actualizado a los est&aacute;ndares de HTML-5</p>\r\n', 'filtered_html', 0),
(882, 6, 'EBP 20', '<p>Las 20 unidades did&aacute;cticas para educaci&oacute;n b&aacute;sica a nivel preescolar, est&aacute;n dirigidas a ni&ntilde;os de 3 a 6 a&ntilde;os de edad y est&aacute;n pensadas para ser utilizadas con o sin asistencia del maestro. Los contenidos educativos est&aacute;n basados en el &quot;Programa de estudios&quot; y en la &quot;Gu&iacute;a para la educadora&quot; de Educaci&oacute;n B&aacute;sica Preescolar 2011, de la Secretaria de Educaci&oacute;n P&uacute;blica. El dise&ntilde;o instruccional est&aacute; estructurado en tres principales momentos que son inicio, desarrollo y cierre. Los temas est&aacute;n desarrollados dentro de una met&aacute;fora que resulta funcional al tema y atractiva para el ni&ntilde;o (significativa). Por medio de la met&aacute;fora y la mnemotecnia se refuerzan las relaciones cognitivas entre el conocimiento previo y el nuevo conocimiento de forma l&uacute;dica.<br />\r\n	<br />\r\n	En el aspecto t&eacute;cnico, todas las unidades podr&aacute;n ser visualizadas en computadoras con cualquier sistema operativo y en dispositivos m&oacute;viles, siempre y cuando cuenten con un navegador que implemente el Canvas de HTML-5.</p>\r\n', 'filtered_html', 0);

-- --------------------------------------------------------

--
-- Estructura de tabla para la tabla `taxonomy_term_hierarchy`
--

CREATE TABLE IF NOT EXISTS `taxonomy_term_hierarchy` (
  `tid` int(10) unsigned NOT NULL DEFAULT '0' COMMENT 'Primary Key: The taxonomy_term_data.tid of the term.',
  `parent` int(10) unsigned NOT NULL DEFAULT '0' COMMENT 'Primary Key: The taxonomy_term_data.tid of the term’s parent. 0 indicates no parent.',
  PRIMARY KEY (`tid`,`parent`),
  KEY `parent` (`parent`)
) ENGINE=InnoDB DEFAULT CHARSET=utf8 COMMENT='Stores the hierarchical relationship between terms.';

--
-- Volcado de datos para la tabla `taxonomy_term_hierarchy`
--

INSERT INTO `taxonomy_term_hierarchy` (`tid`, `parent`) VALUES
(133, 0),
(134, 0),
(137, 0),
(138, 0),
(178, 0),
(179, 0),
(181, 0),
(183, 0),
(184, 0),
(475, 0),
(477, 0),
(478, 0),
(479, 0),
(481, 0),
(482, 0),
(533, 0),
(535, 0),
(538, 0),
(539, 0),
(540, 0),
(541, 0),
(607, 0),
(610, 0),
(660, 0),
(661, 0),
(663, 0),
(768, 0),
(773, 0),
(774, 0),
(775, 0),
(776, 0),
(777, 0),
(778, 0),
(779, 0),
(780, 0),
(781, 0),
(784, 0),
(785, 0),
(786, 0),
(787, 0),
(788, 0),
(789, 0),
(790, 0),
(791, 0),
(792, 0),
(793, 0),
(826, 0),
(827, 0),
(828, 0),
(829, 0),
(830, 0),
(831, 0),
(832, 0),
(833, 0),
(834, 0),
(835, 0),
(836, 0),
(837, 0),
(838, 0),
(839, 0),
(840, 0),
(841, 0),
(842, 0),
(843, 0),
(844, 0),
(845, 0),
(846, 0),
(847, 0),
(848, 0),
(849, 0),
(850, 0),
(851, 0),
(852, 0),
(853, 0),
(854, 0),
(855, 0),
(856, 0),
(857, 0),
(858, 0),
(859, 0),
(860, 0),
(861, 0),
(862, 0),
(863, 0),
(864, 0),
(865, 0),
(866, 0),
(867, 0),
(868, 0),
(869, 0),
(870, 0),
(871, 0),
(872, 0),
(873, 0),
(876, 0),
(877, 0),
(878, 0),
(879, 0),
(880, 0),
(881, 0),
(882, 0),
(139, 133),
(141, 133),
(142, 133),
(143, 133),
(164, 134),
(165, 134),
(166, 134),
(168, 134),
(169, 134),
(170, 134),
(171, 134),
(172, 134),
(173, 134),
(174, 134),
(175, 134),
(176, 134),
(177, 134),
(153, 137),
(154, 137),
(155, 137),
(156, 137),
(157, 137),
(158, 137),
(159, 137),
(160, 137),
(161, 137),
(162, 137),
(163, 137),
(145, 138),
(148, 138),
(149, 138),
(150, 138),
(151, 138),
(152, 138),
(534, 533),
(536, 535),
(537, 535),
(544, 541),
(545, 541),
(549, 541),
(550, 541),
(556, 541),
(558, 541),
(559, 541),
(769, 541),
(770, 545),
(771, 545),
(772, 545),
(551, 550),
(552, 550),
(553, 550),
(554, 550),
(555, 550);

-- --------------------------------------------------------

--
-- Estructura de tabla para la tabla `taxonomy_vocabulary`
--

CREATE TABLE IF NOT EXISTS `taxonomy_vocabulary` (
  `vid` int(10) unsigned NOT NULL AUTO_INCREMENT COMMENT 'Primary Key: Unique vocabulary ID.',
  `name` varchar(255) NOT NULL DEFAULT '' COMMENT 'Name of the vocabulary.',
  `machine_name` varchar(255) NOT NULL DEFAULT '' COMMENT 'The vocabulary machine name.',
  `description` longtext COMMENT 'Description of the vocabulary.',
  `hierarchy` tinyint(3) unsigned NOT NULL DEFAULT '0' COMMENT 'The type of hierarchy allowed within the vocabulary. (0 = disabled, 1 = single, 2 = multiple)',
  `module` varchar(255) NOT NULL DEFAULT '' COMMENT 'The module which created the vocabulary.',
  `weight` int(11) NOT NULL DEFAULT '0' COMMENT 'The weight of this vocabulary in relation to other vocabularies.',
  PRIMARY KEY (`vid`),
  UNIQUE KEY `machine_name` (`machine_name`),
  KEY `list` (`weight`,`name`)
) ENGINE=InnoDB  DEFAULT CHARSET=utf8 COMMENT='Stores vocabulary information.' AUTO_INCREMENT=10 ;

--
-- Volcado de datos para la tabla `taxonomy_vocabulary`
--

INSERT INTO `taxonomy_vocabulary` (`vid`, `name`, `machine_name`, `description`, `hierarchy`, `module`, `weight`) VALUES
(1, 'Etiquetas', 'tags', 'Use etiquetas para agrupar artículos sobre temas similares en categorías.', 0, 'taxonomy', 0),
(2, 'Tema', 'tema', 'La primera taxonomia propuesta', 1, 'taxonomy', 0),
(3, 'Tipo de contenido', 'tipo_recurso', 'La lista de tipos de recursos aceptados', 0, 'taxonomy', 0),
(6, 'Proyectos', 'proyectos', 'Proyectos registrados de desarrollos de materiales educativos.', 0, 'taxonomy', 0),
(7, 'Tecnología', 'tecnologia', 'En que tecnología esta desarrollado el recurso', 0, 'taxonomy', 0),
(8, 'Nivel', 'nivel', 'Nivel academico al que esta dirigido el recurso', 0, 'taxonomy', 0),
(9, 'Plataforma', 'plataforma', 'El sistema operativo en el cuál puede ser visto el recurso', 0, 'taxonomy', 0);

-- --------------------------------------------------------

--
-- Estructura de tabla para la tabla `url_alias`
--

CREATE TABLE IF NOT EXISTS `url_alias` (
  `pid` int(10) unsigned NOT NULL AUTO_INCREMENT COMMENT 'A unique path alias identifier.',
  `source` varchar(255) NOT NULL DEFAULT '' COMMENT 'The Drupal path this alias is for; e.g. node/12.',
  `alias` varchar(255) NOT NULL DEFAULT '' COMMENT 'The alias for this path; e.g. title-of-the-story.',
  `language` varchar(12) NOT NULL DEFAULT '' COMMENT 'The language this alias is for; if ’und’, the alias will be used for unknown languages. Each Drupal path can have an alias for each supported language.',
  PRIMARY KEY (`pid`),
  KEY `alias_language_pid` (`alias`,`language`,`pid`),
  KEY `source_language_pid` (`source`,`language`,`pid`)
) ENGINE=InnoDB DEFAULT CHARSET=utf8 COMMENT='A list of URL aliases for Drupal paths; a user may visit...' AUTO_INCREMENT=1 ;

-- --------------------------------------------------------

--
-- Estructura de tabla para la tabla `users`
--

CREATE TABLE IF NOT EXISTS `users` (
  `uid` int(10) unsigned NOT NULL DEFAULT '0' COMMENT 'Primary Key: Unique user ID.',
  `name` varchar(60) NOT NULL DEFAULT '' COMMENT 'Unique user name.',
  `pass` varchar(128) NOT NULL DEFAULT '' COMMENT 'User’s password (hashed).',
  `mail` varchar(254) DEFAULT '' COMMENT 'User’s e-mail address.',
  `theme` varchar(255) NOT NULL DEFAULT '' COMMENT 'User’s default theme.',
  `signature` varchar(255) NOT NULL DEFAULT '' COMMENT 'User’s signature.',
  `signature_format` varchar(255) DEFAULT NULL COMMENT 'The filter_format.format of the signature.',
  `created` int(11) NOT NULL DEFAULT '0' COMMENT 'Timestamp for when user was created.',
  `access` int(11) NOT NULL DEFAULT '0' COMMENT 'Timestamp for previous time user accessed the site.',
  `login` int(11) NOT NULL DEFAULT '0' COMMENT 'Timestamp for user’s last login.',
  `status` tinyint(4) NOT NULL DEFAULT '0' COMMENT 'Whether the user is active(1) or blocked(0).',
  `timezone` varchar(32) DEFAULT NULL COMMENT 'User’s time zone.',
  `language` varchar(12) NOT NULL DEFAULT '' COMMENT 'User’s default language.',
  `picture` int(11) NOT NULL DEFAULT '0' COMMENT 'Foreign key: file_managed.fid of user’s picture.',
  `init` varchar(254) DEFAULT '' COMMENT 'E-mail address used for initial account creation.',
  `data` longblob COMMENT 'A serialized array of name value pairs that are related to the user. Any form values posted during user edit are stored and are loaded into the $user object during user_load(). Use of this field is discouraged and it will likely disappear in a future...',
  PRIMARY KEY (`uid`),
  UNIQUE KEY `name` (`name`),
  KEY `access` (`access`),
  KEY `created` (`created`),
  KEY `mail` (`mail`),
  KEY `picture` (`picture`)
) ENGINE=InnoDB DEFAULT CHARSET=utf8 COMMENT='Stores user data.';

--
-- Volcado de datos para la tabla `users`
--

INSERT INTO `users` (`uid`, `name`, `pass`, `mail`, `theme`, `signature`, `signature_format`, `created`, `access`, `login`, `status`, `timezone`, `language`, `picture`, `init`, `data`) VALUES
(0, '', '', '', '', '', NULL, 0, 0, 0, 0, NULL, '', 0, '', NULL),
(1, 'oescamil', '$S$DIXIorJPFOeJmjLSJAnVIoRT9Q70dUvoSjlGUXWlD3xW1HFbnAIm', 'curso.arquimedes.oscar@gmail.com', '', '', 'filtered_html', 1342823572, 1389939458, 1389895639, 1, 'America/Mexico_City', 'es', 22, 'curso.arquimedes.oscar@gmail.com', 0x613a31303a7b733a31363a22636b656469746f725f64656661756c74223b733a313a2274223b733a32303a22636b656469746f725f73686f775f746f67676c65223b733a313a2274223b733a31343a22636b656469746f725f706f707570223b733a313a2266223b733a31333a22636b656469746f725f736b696e223b733a343a226b616d61223b733a31353a22636b656469746f725f657870616e64223b733a313a2274223b733a31343a22636b656469746f725f7769647468223b733a343a2231303025223b733a31333a22636b656469746f725f6c616e67223b733a323a22656e223b733a31383a22636b656469746f725f6175746f5f6c616e67223b733a313a2274223b733a373a226f7665726c6179223b693a313b733a32353a226f7665726c61795f6d6573736167655f6469736d6973736564223b693a313b7d),
(21, 'test1', '$S$DWOyfgal/dYGqvtpTWG4qgAwpa4FOGA9GxJrRJGbb5OE76CnkLSA', 'oscar_me2002@hotmail.com', '', '', 'filtered_html', 1343177720, 1386043751, 1385417787, 1, 'America/Mexico_City', 'es', 0, 'oscar_me2002@hotmail.com', 0x613a383a7b733a31363a22636b656469746f725f64656661756c74223b733a313a2274223b733a32303a22636b656469746f725f73686f775f746f67676c65223b733a313a2274223b733a31343a22636b656469746f725f706f707570223b733a313a2266223b733a31333a22636b656469746f725f736b696e223b733a343a226b616d61223b733a31353a22636b656469746f725f657870616e64223b733a313a2274223b733a31343a22636b656469746f725f7769647468223b733a343a2231303025223b733a31333a22636b656469746f725f6c616e67223b733a323a22656e223b733a31383a22636b656469746f725f6175746f5f6c616e67223b733a313a2274223b7d),
(22, 'oescamil1', '$S$Di7/EN00bWunuRJO.7EKE2ftJNW50etcUHPz8z0J2M2.aYX1TKYH', 'oescamil1@gmail.com', '', '', 'filtered_html', 1343414681, 0, 0, 0, 'America/Mexico_City', 'es', 0, 'oescamil1@gmail.com', NULL),
(42, 'evaluador1', '$S$DAOyKL6kHy4fyQr9h7cNt3gamv6CQ.X2Q9XuQNxl4X/vrL6ZA9yM', 'oscar_me2003@hotmail.com', '', '', 'filtered_html', 1345597631, 1345675900, 1345675507, 1, 'America/Mexico_City', 'es', 0, 'oscar_me2003@hotmail.com', 0x613a383a7b733a31363a22636b656469746f725f64656661756c74223b733a313a2274223b733a32303a22636b656469746f725f73686f775f746f67676c65223b733a313a2274223b733a31343a22636b656469746f725f706f707570223b733a313a2266223b733a31333a22636b656469746f725f736b696e223b733a343a226b616d61223b733a31353a22636b656469746f725f657870616e64223b733a313a2274223b733a31343a22636b656469746f725f7769647468223b733a343a2231303025223b733a31333a22636b656469746f725f6c616e67223b733a323a22656e223b733a31383a22636b656469746f725f6175746f5f6c616e67223b733a313a2274223b7d),
(148, 'jlabreu', '$S$DNUWgt5.iOioRUOtPzp9c4AvulCqeYGf5ZfTc/nMYoj7/xYZGa9j', 'joseluisabreuleon@hotmail.com', '', '', 'filtered_html', 1383821856, 0, 0, 1, 'America/Mexico_City', 'es', 0, 'joseluisabreuleon@hotmail.com', 0x613a383a7b733a31363a22636b656469746f725f64656661756c74223b733a313a2274223b733a32303a22636b656469746f725f73686f775f746f67676c65223b733a313a2274223b733a31343a22636b656469746f725f706f707570223b733a313a2266223b733a31333a22636b656469746f725f736b696e223b733a343a226b616d61223b733a31353a22636b656469746f725f657870616e64223b733a313a2274223b733a31343a22636b656469746f725f7769647468223b733a343a2231303025223b733a31333a22636b656469746f725f6c616e67223b733a323a22656e223b733a31383a22636b656469746f725f6175746f5f6c616e67223b733a313a2274223b7d),
(151, 'test2', '$S$DTJ3Sz72Joo3stJarIXtk2FMeQtrqf/Uc6aJElIl68RLlVPOL8nK', 'test2@lite.org.mx', '', '', 'filtered_html', 1384458461, 1384460352, 1384458474, 1, 'America/Mexico_City', 'es', 0, 'test2@lite.org.mx', 0x613a383a7b733a31363a22636b656469746f725f64656661756c74223b733a313a2274223b733a32303a22636b656469746f725f73686f775f746f67676c65223b733a313a2274223b733a31343a22636b656469746f725f706f707570223b733a313a2266223b733a31333a22636b656469746f725f736b696e223b733a343a226b616d61223b733a31353a22636b656469746f725f657870616e64223b733a313a2274223b733a31343a22636b656469746f725f7769647468223b733a343a2231303025223b733a31333a22636b656469746f725f6c616e67223b733a323a22656e223b733a31383a22636b656469746f725f6175746f5f6c616e67223b733a313a2274223b7d);

-- --------------------------------------------------------

--
-- Estructura de tabla para la tabla `users_roles`
--

CREATE TABLE IF NOT EXISTS `users_roles` (
  `uid` int(10) unsigned NOT NULL DEFAULT '0' COMMENT 'Primary Key: users.uid for user.',
  `rid` int(10) unsigned NOT NULL DEFAULT '0' COMMENT 'Primary Key: role.rid for role.',
  PRIMARY KEY (`uid`,`rid`),
  KEY `rid` (`rid`)
) ENGINE=InnoDB DEFAULT CHARSET=utf8 COMMENT='Maps users to roles.';

--
-- Volcado de datos para la tabla `users_roles`
--

INSERT INTO `users_roles` (`uid`, `rid`) VALUES
(1, 3),
(148, 3),
(42, 4),
(148, 4);

-- --------------------------------------------------------

--
-- Estructura de tabla para la tabla `variable`
--

CREATE TABLE IF NOT EXISTS `variable` (
  `name` varchar(128) NOT NULL DEFAULT '' COMMENT 'The name of the variable.',
  `value` longblob NOT NULL COMMENT 'The value of the variable.',
  PRIMARY KEY (`name`)
) ENGINE=InnoDB DEFAULT CHARSET=utf8 COMMENT='Named variable/value pairs created by Drupal core or any...';

--
-- Volcado de datos para la tabla `variable`
--

INSERT INTO `variable` (`name`, `value`) VALUES
('acquia_marina_responsive_css', 0x733a33333a226163717569615f6d6172696e612e726573706f6e736976652e677269642e637373223b),
('acquia_marina_responsive_path', 0x733a31353a227075626c69633a2f2f667573696f6e223b),
('additional_settings__active_tab_recurso_educativo', 0x733a31333a22656469742d776f726b666c6f77223b),
('admin_theme', 0x733a353a22736576656e223b),
('anonymous', 0x733a383a22416ec3b36e696d6f223b),
('clean_url', 0x733a313a2230223b),
('colorbox_caption_trim', 0x733a313a2230223b),
('colorbox_caption_trim_length', 0x733a323a223735223b),
('colorbox_compression_type', 0x733a383a226d696e6966696564223b),
('colorbox_custom_settings_activate', 0x733a313a2231223b),
('colorbox_fixed', 0x693a313b),
('colorbox_initialheight', 0x733a333a22323530223b),
('colorbox_initialwidth', 0x733a333a22333030223b),
('colorbox_inline', 0x693a303b),
('colorbox_load', 0x693a313b),
('colorbox_maxheight', 0x733a333a22393825223b),
('colorbox_maxwidth', 0x733a333a22393825223b),
('colorbox_node_regions', 0x693a303b),
('colorbox_opacity', 0x733a343a22302e3835223b),
('colorbox_overlayclose', 0x693a313b),
('colorbox_pages', 0x733a3131353a2261646d696e2a0d0a696d61676562726f777365722a0d0a696d675f6173736973742a0d0a696d63652a0d0a6e6f64652f6164642f2a0d0a6e6f64652f2a2f656469740d0a7072696e742f2a0d0a7072696e747064662f2a0d0a73797374656d2f616a61780d0a73797374656d2f616a61782f2a223b),
('colorbox_scrolling', 0x733a313a2231223b),
('colorbox_slideshow', 0x733a313a2230223b),
('colorbox_slideshowauto', 0x693a313b),
('colorbox_slideshowspeed', 0x733a343a2232353030223b),
('colorbox_style', 0x733a353a22706c61696e223b),
('colorbox_text_close', 0x733a353a22436c6f7365223b),
('colorbox_text_current', 0x733a32303a227b63757272656e747d206f66207b746f74616c7d223b),
('colorbox_text_next', 0x733a373a224e65787420c2bb223b),
('colorbox_text_previous', 0x733a373a22c2ab2050726576223b),
('colorbox_text_start', 0x733a31353a22737461727420736c69646573686f77223b),
('colorbox_text_stop', 0x733a31343a2273746f7020736c69646573686f77223b),
('colorbox_transition_speed', 0x733a333a22333530223b),
('colorbox_transition_type', 0x733a343a2266616465223b),
('colorbox_visibility', 0x733a313a2230223b),
('comment_anonymous_recurso_educativo', 0x693a303b),
('comment_default_mode_recurso_educativo', 0x693a313b),
('comment_default_per_page_recurso_educativo', 0x733a323a223130223b),
('comment_form_location_recurso_educativo', 0x693a313b),
('comment_page', 0x693a303b),
('comment_preview_recurso_educativo', 0x733a313a2231223b),
('comment_recurso_educativo', 0x733a313a2232223b),
('comment_subject_field_recurso_educativo', 0x693a303b),
('cron_key', 0x733a34333a2245773564762d5650697133665f504a7168346671794d5170376537725552324b646a723645676a4c396c77223b),
('cron_last', 0x693a313338393933343535323b),
('css_js_query_string', 0x733a363a226d7a6a313836223b),
('ctools_last_cron', 0x693a313338393839353539303b),
('date_default_timezone', 0x733a31393a22416d65726963612f4d657869636f5f43697479223b),
('default_nodes_main', 0x733a323a223130223b),
('drupal_http_request_fails', 0x623a303b),
('drupal_private_key', 0x733a34333a225856704f6f50536d32785a465449495575784c716b383246793066527238722d44736f34576f576833516b223b),
('email__active_tab', 0x733a32343a22656469742d656d61696c2d61646d696e2d63726561746564223b),
('features_ignored_orphans', 0x613a303a7b7d),
('field_bundle_settings_comment__comment_node_recurso_educativo', 0x613a323a7b733a31303a22766965775f6d6f646573223b613a313a7b733a343a2266756c6c223b613a313a7b733a31353a22637573746f6d5f73657474696e6773223b623a303b7d7d733a31323a2265787472615f6669656c6473223b613a323a7b733a343a22666f726d223b613a303a7b7d733a373a22646973706c6179223b613a303a7b7d7d7d),
('field_bundle_settings_file__audio', 0x613a323a7b733a31303a22766965775f6d6f646573223b613a303a7b7d733a31323a2265787472615f6669656c6473223b613a323a7b733a343a22666f726d223b613a303a7b7d733a373a22646973706c6179223b613a313a7b733a343a2266696c65223b613a313a7b733a31313a226d656469615f736d616c6c223b613a323a7b733a363a22776569676874223b693a303b733a373a2276697369626c65223b623a303b7d7d7d7d7d),
('field_bundle_settings_file__default', 0x613a323a7b733a31303a22766965775f6d6f646573223b613a303a7b7d733a31323a2265787472615f6669656c6473223b613a323a7b733a343a22666f726d223b613a303a7b7d733a373a22646973706c6179223b613a313a7b733a343a2266696c65223b613a313a7b733a31313a226d656469615f736d616c6c223b613a323a7b733a363a22776569676874223b693a303b733a373a2276697369626c65223b623a303b7d7d7d7d7d),
('field_bundle_settings_file__image', 0x613a323a7b733a31303a22766965775f6d6f646573223b613a303a7b7d733a31323a2265787472615f6669656c6473223b613a323a7b733a343a22666f726d223b613a303a7b7d733a373a22646973706c6179223b613a313a7b733a343a2266696c65223b613a313a7b733a31313a226d656469615f736d616c6c223b613a323a7b733a363a22776569676874223b693a303b733a373a2276697369626c65223b623a303b7d7d7d7d7d),
('field_bundle_settings_file__video', 0x613a323a7b733a31303a22766965775f6d6f646573223b613a303a7b7d733a31323a2265787472615f6669656c6473223b613a323a7b733a343a22666f726d223b613a303a7b7d733a373a22646973706c6179223b613a313a7b733a343a2266696c65223b613a313a7b733a31313a226d656469615f736d616c6c223b613a323a7b733a363a22776569676874223b693a303b733a373a2276697369626c65223b623a303b7d7d7d7d7d),
('field_bundle_settings_node__recurso_educativo', 0x613a323a7b733a31303a22766965775f6d6f646573223b613a363a7b733a363a22746561736572223b613a313a7b733a31353a22637573746f6d5f73657474696e6773223b623a303b7d733a343a2266756c6c223b613a313a7b733a31353a22637573746f6d5f73657474696e6773223b623a303b7d733a333a22727373223b613a313a7b733a31353a22637573746f6d5f73657474696e6773223b623a303b7d733a31323a227365617263685f696e646578223b613a313a7b733a31353a22637573746f6d5f73657474696e6773223b623a303b7d733a31333a227365617263685f726573756c74223b613a313a7b733a31353a22637573746f6d5f73657474696e6773223b623a313b7d733a383a22636f6c6f72626f78223b613a313a7b733a31353a22637573746f6d5f73657474696e6773223b623a313b7d7d733a31323a2265787472615f6669656c6473223b613a323a7b733a343a22666f726d223b613a313a7b733a353a227469746c65223b613a313a7b733a363a22776569676874223b733a313a2230223b7d7d733a373a22646973706c6179223b613a303a7b7d7d7d),
('field_bundle_settings_taxonomy_term__proyectos', 0x613a323a7b733a31303a22766965775f6d6f646573223b613a303a7b7d733a31323a2265787472615f6669656c6473223b613a323a7b733a343a22666f726d223b613a323a7b733a343a226e616d65223b613a313a7b733a363a22776569676874223b733a313a2230223b7d733a31313a226465736372697074696f6e223b613a313a7b733a363a22776569676874223b733a313a2233223b7d7d733a373a22646973706c6179223b613a303a7b7d7d7d),
('field_bundle_settings_taxonomy_term__tecnologia', 0x613a303a7b7d),
('field_bundle_settings_taxonomy_term__tema', 0x613a303a7b7d),
('file_temporary_path', 0x733a343a222f746d70223b),
('filter_fallback_format', 0x733a31303a22706c61696e5f74657874223b),
('fivestar_tags', 0x733a34383a22496e7465726163746976696461642c2055736162696c696461642c2054726174616d69656e746f2064656c2074656d61223b),
('geshifilter_language_enabled_c', 0x623a313b),
('geshifilter_language_enabled_cpp', 0x623a313b),
('geshifilter_language_enabled_drupal5', 0x623a313b),
('geshifilter_language_enabled_drupal6', 0x623a313b),
('geshifilter_language_enabled_java', 0x623a313b),
('geshifilter_language_enabled_javascript', 0x623a313b),
('geshifilter_language_enabled_php', 0x623a313b),
('geshifilter_language_enabled_python', 0x623a313b),
('geshifilter_language_enabled_ruby', 0x623a313b),
('geshifilter_language_tags_c', 0x733a333a223c633e223b),
('geshifilter_language_tags_cpp', 0x733a353a223c6370703e223b),
('geshifilter_language_tags_drupal5', 0x733a393a223c64727570616c353e223b),
('geshifilter_language_tags_drupal6', 0x733a393a223c64727570616c363e223b),
('geshifilter_language_tags_java', 0x733a363a223c6a6176613e223b),
('geshifilter_language_tags_javascript', 0x733a31323a223c6a6176617363726970743e223b),
('geshifilter_language_tags_php', 0x733a353a223c7068703e223b),
('geshifilter_language_tags_python', 0x733a383a223c707974686f6e3e223b),
('geshifilter_language_tags_ruby', 0x733a363a223c727562793e223b),
('googleanalytics_account', 0x733a31333a2255412d33353938323335382d31223b),
('googleanalytics_cache', 0x693a303b),
('googleanalytics_codesnippet_after', 0x733a303a22223b),
('googleanalytics_codesnippet_before', 0x733a303a22223b),
('googleanalytics_cross_domains', 0x733a303a22223b),
('googleanalytics_custom', 0x733a313a2230223b),
('googleanalytics_custom_var', 0x613a313a7b733a353a22736c6f7473223b613a353a7b693a313b613a343a7b733a343a22736c6f74223b693a313b733a343a226e616d65223b733a303a22223b733a353a2276616c7565223b733a303a22223b733a353a2273636f7065223b733a313a2233223b7d693a323b613a343a7b733a343a22736c6f74223b693a323b733a343a226e616d65223b733a303a22223b733a353a2276616c7565223b733a303a22223b733a353a2273636f7065223b733a313a2233223b7d693a333b613a343a7b733a343a22736c6f74223b693a333b733a343a226e616d65223b733a303a22223b733a353a2276616c7565223b733a303a22223b733a353a2273636f7065223b733a313a2233223b7d693a343b613a343a7b733a343a22736c6f74223b693a343b733a343a226e616d65223b733a303a22223b733a353a2276616c7565223b733a303a22223b733a353a2273636f7065223b733a313a2233223b7d693a353b613a343a7b733a343a22736c6f74223b693a353b733a343a226e616d65223b733a303a22223b733a353a2276616c7565223b733a303a22223b733a353a2273636f7065223b733a313a2233223b7d7d7d),
('googleanalytics_domain_mode', 0x733a313a2230223b),
('googleanalytics_js_scope', 0x733a363a22686561646572223b),
('googleanalytics_pages', 0x733a33313a2261646d696e0d0a61646d696e2f2a0d0a62617463680d0a757365722f2a2f2a223b),
('googleanalytics_privacy_donottrack', 0x693a313b),
('googleanalytics_roles', 0x613a343a7b693a333b733a313a2233223b693a313b693a303b693a323b693a303b693a343b693a303b7d),
('googleanalytics_site_search', 0x693a303b),
('googleanalytics_trackadsense', 0x693a303b),
('googleanalytics_trackdoubleclick', 0x693a303b),
('googleanalytics_tracker_anonymizeip', 0x693a303b),
('googleanalytics_trackfiles', 0x693a313b),
('googleanalytics_trackfiles_extensions', 0x733a3139353a22377a7c6161637c6172637c61726a7c6173667c6173787c6176697c62696e7c6373767c646f637c6578657c666c767c6769667c677a7c677a69707c6871787c6a61727c6a70653f677c6a737c6d7028327c337c347c653f67297c6d6f76286965293f7c6d73697c6d73707c7064667c706870737c706e677c7070747c71746d3f7c7261286d7c72293f7c7365617c7369747c7461727c74677a7c746f7272656e747c7478747c7761767c776d617c776d767c7770647c786c737c786d6c7c7a7c7a6970223b),
('googleanalytics_trackmailto', 0x693a313b),
('googleanalytics_trackmessages', 0x613a333a7b733a363a22737461747573223b693a303b733a373a227761726e696e67223b693a303b733a353a226572726f72223b693a303b7d),
('googleanalytics_trackoutbound', 0x693a313b),
('googleanalytics_visibility_pages', 0x733a313a2230223b),
('googleanalytics_visibility_roles', 0x733a313a2231223b),
('google_analytics_reports_cache_length', 0x733a363a22323539323030223b),
('google_analytics_reports_hd', 0x733a303a22223b),
('google_analytics_reports_oauth_token', 0x733a34353a22312f4c354336545835507439474954745833703941427941306978547747474672483763635f41616438437741223b),
('google_analytics_reports_oauth_token_secret', 0x733a32343a224d4e2d4738646d786d7052376c5036505061646854512d45223b),
('google_analytics_reports_profile_id', 0x733a383a223635363138343932223b),
('imce_profiles', 0x613a323a7b693a313b613a31303a7b733a343a226e616d65223b733a363a22557365722d31223b733a373a2275736572746162223b693a313b733a383a2266696c6573697a65223b733a313a2230223b733a353a2271756f7461223b733a313a2230223b733a373a22747571756f7461223b733a313a2230223b733a31303a22657874656e73696f6e73223b733a313a222a223b733a31303a2264696d656e73696f6e73223b733a393a22313230307831323030223b733a373a2266696c656e756d223b733a313a2230223b733a31313a226469726563746f72696573223b613a313a7b693a303b613a373a7b733a343a226e616d65223b733a31313a222e75736572732f25756964223b733a363a227375626e6176223b693a313b733a363a2262726f777365223b693a313b733a363a2275706c6f6164223b693a313b733a353a227468756d62223b693a313b733a363a2264656c657465223b693a313b733a363a22726573697a65223b693a313b7d7d733a31303a227468756d626e61696c73223b613a333a7b693a303b613a343a7b733a343a226e616d65223b733a353a22536d616c6c223b733a31303a2264696d656e73696f6e73223b733a353a223930783930223b733a363a22707265666978223b733a363a22736d616c6c5f223b733a363a22737566666978223b733a303a22223b7d693a313b613a343a7b733a343a226e616d65223b733a363a224d656469756d223b733a31303a2264696d656e73696f6e73223b733a373a2231323078313230223b733a363a22707265666978223b733a373a226d656469756d5f223b733a363a22737566666978223b733a303a22223b7d693a323b613a343a7b733a343a226e616d65223b733a353a224c61726765223b733a31303a2264696d656e73696f6e73223b733a373a2231383078313830223b733a363a22707265666978223b733a363a226c617267655f223b733a363a22737566666978223b733a303a22223b7d7d7d693a323b613a31303a7b733a343a226e616d65223b733a31343a2253616d706c652070726f66696c65223b733a373a2275736572746162223b693a313b733a383a2266696c6573697a65223b693a313b733a353a2271756f7461223b693a323b733a373a22747571756f7461223b693a303b733a31303a22657874656e73696f6e73223b733a31363a2267696620706e67206a7067206a706567223b733a31303a2264696d656e73696f6e73223b733a373a2238303078363030223b733a373a2266696c656e756d223b693a313b733a31313a226469726563746f72696573223b613a313a7b693a303b613a373a7b733a343a226e616d65223b733a353a227525756964223b733a363a227375626e6176223b693a303b733a363a2262726f777365223b693a313b733a363a2275706c6f6164223b693a313b733a353a227468756d62223b693a313b733a363a2264656c657465223b693a303b733a363a22726573697a65223b693a303b7d7d733a31303a227468756d626e61696c73223b613a313a7b693a303b613a343a7b733a343a226e616d65223b733a353a225468756d62223b733a31303a2264696d656e73696f6e73223b733a353a223930783930223b733a363a22707265666978223b733a363a227468756d625f223b733a363a22737566666978223b733a303a22223b7d7d7d7d),
('imce_roles_profiles', 0x613a343a7b693a343b613a323a7b733a363a22776569676874223b733a313a2230223b733a31303a227075626c69635f706964223b693a303b7d693a333b613a323a7b733a363a22776569676874223b733a313a2230223b733a31303a227075626c69635f706964223b693a303b7d693a323b613a323a7b733a363a22776569676874223b693a31313b733a31303a227075626c69635f706964223b733a313a2231223b7d693a313b613a323a7b733a363a22776569676874223b693a31323b733a31303a227075626c69635f706964223b693a303b7d7d),
('imce_settings_absurls', 0x693a303b),
('imce_settings_disable_private', 0x693a313b),
('imce_settings_replace', 0x733a313a2230223b),
('imce_settings_textarea', 0x733a303a22223b),
('imce_settings_thumb_method', 0x733a31343a227363616c655f616e645f63726f70223b),
('install_current_batch', 0x733a32323a22696e7374616c6c5f696d706f72745f6c6f63616c6573223b),
('install_locale_batch_components', 0x613a33323a7b693a303b733a353a22626c6f636b223b693a313b733a353a22636f6c6f72223b693a323b733a373a22636f6d6d656e74223b693a333b733a31303a22636f6e7465787475616c223b693a343b733a393a2264617368626f617264223b693a353b733a353a226669656c64223b693a363b733a31373a226669656c645f73716c5f73746f72616765223b693a373b733a383a226669656c645f7569223b693a383b733a343a2266696c65223b693a393b733a363a2266696c746572223b693a31303b733a343a2268656c70223b693a31313b733a353a22696d616765223b693a31323b733a343a226c697374223b693a31333b733a363a226c6f63616c65223b693a31343b733a343a226d656e75223b693a31353b733a343a226e6f6465223b693a31363b733a363a226e756d626572223b693a31373b733a373a226f7074696f6e73223b693a31383b733a343a2270617468223b693a31393b733a333a22726466223b693a32303b733a363a22736561726368223b693a32313b733a383a2273686f7274637574223b693a32323b733a363a2273797374656d223b693a32333b733a383a227461786f6e6f6d79223b693a32343b733a343a2274657874223b693a32353b733a373a22746f6f6c626172223b693a32363b733a343a2275736572223b693a32373b733a383a227374616e64617264223b693a32383b733a363a2262617274696b223b693a32393b733a353a22736576656e223b693a33303b733a353a2264626c6f67223b693a33313b733a373a226f7665726c6179223b7d),
('install_profile', 0x733a383a227374616e64617264223b),
('install_task', 0x733a343a22646f6e65223b),
('install_time', 0x693a313334323832343039343b),
('javascript_parsed', 0x[encoded data, 4880 characters]),
('language_content_type_recurso_educativo', 0x733a313a2230223b),
('language_count', 0x693a323b),
('language_default', 0x4f3a383a22737464436c617373223a31313a7b733a383a226c616e6775616765223b733a323a226573223b733a343a226e616d65223b733a373a225370616e697368223b733a363a226e6174697665223b733a383a2245737061c3b16f6c223b733a393a22646972656374696f6e223b733a313a2230223b733a373a22656e61626c6564223b733a313a2231223b733a373a22706c7572616c73223b733a313a2232223b733a373a22666f726d756c61223b733a373a2228246e213d3129223b733a363a22646f6d61696e223b733a303a22223b733a363a22707265666978223b733a323a226573223b733a363a22776569676874223b733a313a2230223b733a31303a226a617661736372697074223b733a34333a22692d47444a5f6e58675f335a45784b56636551776a58657a4d58745f6538787568595f524a4b4656692d59223b7d),
('language_negotiation_language', 0x613a303a7b7d),
('language_negotiation_language_content', 0x613a313a7b733a31363a226c6f63616c652d696e74657266616365223b613a323a7b733a393a2263616c6c6261636b73223b613a313a7b733a383a226c616e6775616765223b733a33303a226c6f63616c655f6c616e67756167655f66726f6d5f696e74657266616365223b7d733a343a2266696c65223b733a31393a22696e636c756465732f6c6f63616c652e696e63223b7d7d),
('language_negotiation_language_url', 0x613a323a7b733a31303a226c6f63616c652d75726c223b613a323a7b733a393a2263616c6c6261636b73223b613a333a7b733a383a226c616e6775616765223b733a32343a226c6f63616c655f6c616e67756167655f66726f6d5f75726c223b733a383a227377697463686572223b733a32383a226c6f63616c655f6c616e67756167655f73776974636865725f75726c223b733a31313a2275726c5f72657772697465223b733a33313a226c6f63616c655f6c616e67756167655f75726c5f726577726974655f75726c223b7d733a343a2266696c65223b733a31393a22696e636c756465732f6c6f63616c652e696e63223b7d733a31393a226c6f63616c652d75726c2d66616c6c6261636b223b613a323a7b733a393a2263616c6c6261636b73223b613a313a7b733a383a226c616e6775616765223b733a32383a226c6f63616c655f6c616e67756167655f75726c5f66616c6c6261636b223b7d733a343a2266696c65223b733a31393a22696e636c756465732f6c6f63616c652e696e63223b7d7d),
('language_types', 0x613a333a7b733a383a226c616e6775616765223b623a313b733a31363a226c616e67756167655f636f6e74656e74223b623a303b733a31323a226c616e67756167655f75726c223b623a303b7d),
('menu_expanded', 0x613a313a7b693a303b733a393a22757365722d6d656e75223b7d),
('menu_masks', 0x613a33373a7b693a303b693a3530313b693a313b693a3439333b693a323b693a3235313b693a333b693a3235303b693a343b693a3234373b693a353b693a3234363b693a363b693a3234353b693a373b693a3132353b693a383b693a3132343b693a393b693a3132333b693a31303b693a3132323b693a31313b693a3132313b693a31323b693a3131373b693a31333b693a36333b693a31343b693a36323b693a31353b693a36313b693a31363b693a36303b693a31373b693a35393b693a31383b693a35383b693a31393b693a34343b693a32303b693a33313b693a32313b693a33303b693a32323b693a32393b693a32333b693a32383b693a32343b693a32343b693a32353b693a32313b693a32363b693a31353b693a32373b693a31343b693a32383b693a31333b693a32393b693a31313b693a33303b693a373b693a33313b693a363b693a33323b693a353b693a33333b693a343b693a33343b693a333b693a33353b693a323b693a33363b693a313b7d),
('menu_options_recurso_educativo', 0x613a333a7b693a303b733a393a226d61696e2d6d656e75223b693a313b733a31303a226e617669676174696f6e223b693a323b733a393a22757365722d6d656e75223b7d),
('menu_parent_recurso_educativo', 0x733a31313a226d61696e2d6d656e753a30223b),
('node_admin_theme', 0x693a313b),
('node_cron_last', 0x733a31303a2231333839393233383436223b),
('node_options_page', 0x613a313a7b693a303b733a363a22737461747573223b7d),
('node_options_recurso_educativo', 0x613a313a7b693a303b733a363a22737461747573223b7d),
('node_preview_recurso_educativo', 0x733a313a2231223b),
('node_submitted_page', 0x623a303b),
('node_submitted_recurso_educativo', 0x693a313b),
('path_alias_whitelist', 0x613a303a7b7d),
('save_continue_recurso_educativo', 0x733a32343a224775617264617220792061c3b1616469722063616d706f73223b),
('selectmenu_css_whitelist', 0x733a33353a22236578616d706c652d646976202e736f6d657468696e67207370616e2073656c656374223b),
('selectmenu_disable_for_admin_theme', 0x693a303b),
('selectmenu_enabled', 0x693a313b),
('selectmenu_form_id_exceptions', 0x733a303a22223b),
('selectmenu_ignore_node_add_forms', 0x693a303b),
('selectmenu_ignore_overlay_forms', 0x693a303b),
('selectmenu_ignore_system_settings_forms', 0x693a303b),
('selectmenu_script_options', 0x613a323a7b733a353a227769647468223b733a303a22223b733a393a226d6178486569676874223b733a303a22223b7d),
('site_403', 0x733a303a22223b),
('site_404', 0x733a303a22223b),
('site_default_country', 0x733a323a224d58223b),
('site_frontpage', 0x733a31373a2262757371756564615f6d6174657269616c223b),
('site_mail', 0x733a33323a22637572736f2e61727175696d656465732e6f7363617240676d61696c2e636f6d223b),
('site_name', 0x733a383a225265704c614d6174223b),
('site_slogan', 0x733a35353a225265706f7369746f72696f204c6174696e6f616d65726963616e6f206465207265637572736f73206465204d6174656dc3a17469636173223b),
('taxonomy_csv_check_hierarchy', 0x693a313b),
('taxonomy_csv_check_line', 0x693a313b),
('taxonomy_csv_check_utf8', 0x693a313b),
('taxonomy_csv_delete_terms', 0x693a303b),
('taxonomy_csv_export_delimiter', 0x733a353a22636f6d6d61223b),
('taxonomy_csv_export_delimiter_custom', 0x733a303a22223b),
('taxonomy_csv_export_enclosure', 0x733a393a2271756f746174696f6e223b),
('taxonomy_csv_export_enclosure_custom', 0x733a303a22223b),
('taxonomy_csv_export_format', 0x733a343a22666c6174223b),
('taxonomy_csv_export_line_ending', 0x733a343a22556e6978223b),
('taxonomy_csv_export_order', 0x733a343a226e616d65223b),
('taxonomy_csv_export_vocabulary_id', 0x613a313a7b693a393b733a313a2239223b7d),
('taxonomy_csv_filter_format', 0x733a31303a22706c61696e5f74657874223b),
('taxonomy_csv_filter_format_custom', 0x733a343a226e6f6e65223b),
('taxonomy_csv_i18n_mode', 0x693a303b),
('taxonomy_csv_import_delimiter', 0x733a353a22636f6d6d61223b),
('taxonomy_csv_import_delimiter_custom', 0x733a303a22223b),
('taxonomy_csv_import_delimiter_soft_tab_width', 0x733a313a2232223b),
('taxonomy_csv_import_enclosure', 0x733a343a226e6f6e65223b),
('taxonomy_csv_import_enclosure_custom', 0x733a303a22223b),
('taxonomy_csv_import_fields_custom', 0x733a303a22223b),
('taxonomy_csv_import_fields_format', 0x733a31383a226e616d652c206465736372697074696f6e20223b),
('taxonomy_csv_import_format', 0x733a393a22737472756374757265223b),
('taxonomy_csv_import_language', 0x733a333a22756e64223b),
('taxonomy_csv_keep_order', 0x693a313b),
('taxonomy_csv_language', 0x733a333a22756e64223b),
('taxonomy_csv_locale_custom', 0x733a303a22223b),
('taxonomy_csv_result_duplicates', 0x693a313b),
('taxonomy_csv_result_level', 0x733a373a226e6f7469636573223b),
('taxonomy_csv_result_stats', 0x733a31323a22726573756c745f7374617473223b),
('taxonomy_csv_result_terms', 0x733a31323a22726573756c745f7465726d73223b),
('taxonomy_csv_result_type', 0x733a31303a2262795f6d657373616765223b),
('taxonomy_csv_set_hierarchy', 0x733a313a2232223b),
('taxonomy_csv_source_choice', 0x733a343a2266696c65223b),
('taxonomy_csv_structure_type', 0x733a343a2274726565223b),
('taxonomy_csv_translate_by', 0x733a343a226e616d65223b),
('taxonomy_csv_translate_languages', 0x733a303a22223b),
('taxonomy_csv_update_or_ignore', 0x733a363a22757064617465223b),
('taxonomy_csv_vocabulary_id', 0x733a313a2235223b),
('taxonomy_csv_vocabulary_target', 0x733a383a226578697374696e67223b),
('theme_acquia_marina_settings', 0x[encoded data, 4696 characters]),
('theme_colourise_settings', 0x613a31383a7b733a31313a22746f67676c655f6c6f676f223b693a313b733a31313a22746f67676c655f6e616d65223b693a313b733a31333a22746f67676c655f736c6f67616e223b693a313b733a32343a22746f67676c655f6e6f64655f757365725f70696374757265223b693a313b733a32373a22746f67676c655f636f6d6d656e745f757365725f70696374757265223b693a313b733a31343a22746f67676c655f66617669636f6e223b693a313b733a31363a22746f67676c655f6d61696e5f6d656e75223b693a313b733a31323a2264656661756c745f6c6f676f223b693a313b733a393a226c6f676f5f70617468223b733a303a22223b733a31313a226c6f676f5f75706c6f6164223b733a303a22223b733a31353a2264656661756c745f66617669636f6e223b693a313b733a31323a2266617669636f6e5f70617468223b733a303a22223b733a31343a2266617669636f6e5f75706c6f6164223b733a303a22223b733a32303a22636f6c6f75726973655f706167655f636c617373223b733a343a2277696465223b733a31383a22636f6c6f75726973655f6965706e67666978223b693a303b733a31363a22636f6c6f75726973655f637573746f6d223b693a303b733a32303a22636f6c6f75726973655f62726561646372756d62223b693a313b733a31353a22636f6c6f75726973655f746f746f70223b693a313b7d),
('theme_default', 0x733a31333a227265706c616d61745f6c697465223b),
('theme_replamat_cimat_2_settings', 0x613a31343a7b733a31313a22746f67676c655f6c6f676f223b693a313b733a31313a22746f67676c655f6e616d65223b693a313b733a31333a22746f67676c655f736c6f67616e223b693a313b733a32343a22746f67676c655f6e6f64655f757365725f70696374757265223b693a303b733a32373a22746f67676c655f636f6d6d656e745f757365725f70696374757265223b693a313b733a31343a22746f67676c655f66617669636f6e223b693a313b733a31363a22746f67676c655f6d61696e5f6d656e75223b693a313b733a32313a22746f67676c655f7365636f6e646172795f6d656e75223b693a313b733a31323a2264656661756c745f6c6f676f223b693a313b733a393a226c6f676f5f70617468223b733a303a22223b733a31313a226c6f676f5f75706c6f6164223b733a303a22223b733a31353a2264656661756c745f66617669636f6e223b693a313b733a31323a2266617669636f6e5f70617468223b733a303a22223b733a31343a2266617669636f6e5f75706c6f6164223b733a303a22223b7d),
('theme_rootcandy_settings', 0x[encoded data, 14288 characters]),
('tracking__active_tab', 0x733a32323a22656469742d726f6c652d7669732d73657474696e6773223b),
('update_last_check', 0x693a313338393933343634383b),
('upload_extensions_default', 0x733a343a2220637376223b),
('user_admin_role', 0x733a313a2233223b),
('user_cancel_method', 0x733a31373a22757365725f63616e63656c5f626c6f636b223b),
('user_email_verification', 0x693a313b),
('user_mail_cancel_confirm_body', 0x733a3338353a225b757365723a6e616d655d2c0d0a0d0a5365206861207265616c697a61646f20756e6120706574696369c3b36e20706172612063616e63656c6172207375206375656e746120656e205b736974653a6e616d655d2e0d0a0d0a50756564652063616e63656c6172207375206375656e746120656e205b736974653a75726c2d62726965665d2068616369656e646f20636c696320656e206573746520656e6c616365206f20636f7069c3a16e646f6c6f207920706567c3a16e646f6c6f20656e207375206e6176656761646f723a0d0a0d0a5b757365723a63616e63656c2d75726c5d0d0a0d0a4e4f54413a204c612063616e63656c616369c3b36e206465207375206375656e7461206e6f2065732072657665727369626c652e0d0a0d0a4573746520656e6c6163652063616475636120616c206361626f20646520756e2064c3ad612079206e6f2070617361206e616461207369206e6f207365207573612e0d0a0d0a2d2d2020456c2065717569706f206465205b736974653a6e616d655d223b),
('user_mail_cancel_confirm_subject', 0x733a36353a22506574696369c3b36e2064652063616e63656c616369c3b36e206465206375656e7461206465205b757365723a6e616d655d20656e205b736974653a6e616d655d223b);
INSERT INTO `variable` (`name`, `value`) VALUES
('user_mail_password_reset_body', 0x733a3435323a225b757365723a6e616d655d2c0d0a0d0a5265636962696d6f7320656e205b736974653a6e616d655d20756e6120736f6c6963697475642070617261207265737461626c65636572206c6120636f6e7472617365c3b161206465207375206375656e74610d0a0d0a41686f726120707565646520696e696369617220756e612073657369c3b36e2068616369656e646f20636c696320656e206573746520656e6c616365206f20636f7069c3a16e646f6c6f207920706567c3a16e646f6c6f20656e207375206e6176656761646f723a0d0a0d0a5b757365723a6f6e652d74696d652d6c6f67696e2d75726c5d0d0a0d0a4573746520656e6c616365206573207061726120756e20c3ba6e69636f20696e6963696f2064652073657369c3b36e2079206c65206c6c65766172c3a1206120756e612070c3a167696e6120646f6e646520706f6472c3a12065737461626c6563657220737520636f6e7472617365c3b1612e20456c20656e6c6163652063616475636120616c206361626f20646520756e2064c3ad612079206e6f2070617361206e616461207369206e6f207365207573612e0d0a0d0a2d2d2020456c2065717569706f206465205b736974653a6e616d655d223b),
('user_mail_password_reset_subject', 0x733a37383a22496e666f726d616369c3b36e206465207265656d706c617a6f20646520696e6963696f2064652073657369c3b36e2070617261205b757365723a6e616d655d20656e205b736974653a6e616d655d223b),
('user_mail_register_admin_created_body', 0x733a3534383a225b757365723a6e616d655d2c0d0a0d0a556e2061646d696e6973747261646f722064656c20536974696f205b736974653a6e616d655d2068612063726561646f20756e61206375656e746120706172612075737465642e2041686f726120707565646520696e696369617220756e612073657369c3b36e2068616369656e646f20636c696320656e206573746520656e6c616365206f20636f7069c3a16e646f6c6f207920706567c3a16e646f6c6f20656e207375206e6176656761646f723a0d0a0d0a5b757365723a6f6e652d74696d652d6c6f67696e2d75726c5d0d0a0d0a4573746520656e6c616365206573207061726120756e20c3ba6e69636f20696e6963696f2064652073657369c3b36e2079206c65206c6c65766172c3a1206120756e612070c3a167696e6120646f6e646520706f6472c3a12065737461626c6563657220737520636f6e7472617365c3b1612e0d0a0d0a547261732065737461626c6563657220737520636f6e7472617365c3b1612c20656e20656c2066757475726f20706f6472c3a120696e69636961722073657369c3b36e206964656e7469666963c3a16e646f736520656e205b736974653a6c6f67696e2d75726c5d20636f6e206c6f73206461746f733a0d0a0d0a5573756172696f3a205b757365723a6e616d655d0d0a436f6e7472617365c3b1613a20537520636f6e7472617365c3b1610d0a0d0a2d2d2020456c2065717569706f206465205b736974653a6e616d655d223b),
('user_mail_register_admin_created_subject', 0x733a36333a22556e2061646d696e6973747261646f722068612063726561646f207061726120757374656420756e61206375656e746120656e205b736974653a6e616d655d223b),
('user_mail_register_no_approval_required_body', 0x733a3439393a225b757365723a6e616d655d2c0d0a0d0a4772616369617320706f7220726567697374726172736520656e205b736974653a6e616d655d2e2041686f726120707565646520696e69636961722073657369c3b36e2070756c73616e646f206573746520656e6c616365206f20636f7069c3a16e646f6c6f207920706567c3a16e646f6c6f20656e207375206e6176656761646f723a0d0a0d0a5b757365723a6f6e652d74696d652d6c6f67696e2d75726c5d0d0a0d0a4573746520656e6c616365206573207061726120756e20c3ba6e69636f20696e6963696f2064652073657369c3b36e2079206c65206c6c65766172c3a1206120756e612070c3a167696e6120646f6e646520706f6472c3a12065737461626c6563657220737520636f6e7472617365c3b1612e0d0a0d0a547261732065737461626c6563657220737520636f6e7472617365c3b1612c20656e20656c2066757475726f20706f6472c3a120696e69636961722073657369c3b36e206964656e7469666963c3a16e646f736520656e205b736974653a6c6f67696e2d75726c5d3a0d0a0d0a4e6f6d627265206465207573756172696f3a205b757365723a6e616d655d0d0a636f6e7472617365c3b1613a20537520636f6e7472617365c3b1610d0a0d0a2d2d20456c2065717569706f206465205b736974653a6e616d655d223b),
('user_mail_register_no_approval_required_subject', 0x733a35313a22446574616c6c6573206465206c61206375656e7461206465205b757365723a6e616d655d20656e205b736974653a6e616d655d223b),
('user_mail_register_pending_approval_body', 0x733a3331313a225b757365723a6e616d655d2c0d0a0d0a4772616369617320706f7220726567697374726172736520656e205b736974653a6e616d655d2e20537520706574696369c3b36e20646520756e61206375656e7461206465207573756172696f20657374c3a12070656e6469656e7465206465206170726f62616369c3b36e2e20556e612076657a2068617961207369646f206170726f626164612c2072656369626972c3a120756e206e7565766f20636f7272656f20656c65637472c3b36e69636f20636f6e206c6120696e666f726d616369c3b36e206e6563657361726961207061726120696e69636961722073657369c3b36e2c20646973706f6e657220737520636c6176652079206f74726f7320646574616c6c65732e0d0a0d0a2d2d20456c2065717569706f206465205b736974653a6e616d655d223b),
('user_mail_register_pending_approval_subject', 0x733a39333a22446574616c6c6573206465206c61206375656e7461206465205b757365723a6e616d655d20656e205b736974653a6e616d655d202870656e6469656e7465206465206170726f62616369c3b36e2061646d696e69737472617469766129223b),
('user_mail_status_activated_body', 0x733a3437393a225b757365723a6e616d655d2c0d0a0d0a5375206375656e746120656e205b736974653a6e616d655d206861207369646f2061637469766164612e0d0a0d0a41686f726120796120707565646520636f6e656374617273652070756c73616e646f206573746520656e6c616365206f20706567c3a16e646f6c6f20656e207375206e6176656761646f723a0d0a0d0a5b757365723a6f6e652d74696d652d6c6f67696e2d75726c5d0d0a0d0a4573746520656e6c6163652073c3b36c6f2070756564652075736172736520756e612076657a207061726120636f6e656374617273652079206c65206c6c65766172c3a1206120756e612070c3a167696e6120656e206c612071756520706f6472c3a12065737461626c6563657220737520636f6e7472617365c3b1612e0d0a0d0a4465737075c3a9732064652065737461626c6563657220737520636f6e7472617365c3b1612c20706f6472c3a120636f6e656374617273652061205b736974653a6c6f67696e2d75726c5d20656e20656c2066757475726f207573616e646f3a0d0a0d0a5573756172696f3a205b757365723a6e616d655d0d0a436f6e7472617365c3b1613a20537520636f6e7472617365c3b1610d0a0d0a2d2d2020456c2065717569706f205b736974653a6e616d655d223b),
('user_mail_status_activated_notify', 0x693a313b),
('user_mail_status_activated_subject', 0x733a36323a22446574616c6c6573206465206c61206375656e7461206465205b757365723a6e616d655d20656e205b736974653a6e616d655d20286170726f6261646129223b),
('user_mail_status_blocked_body', 0x733a39313a225b757365723a6e616d655d2c0d0a0d0a5375206375656e746120656e205b736974653a6e616d655d206861207369646f20626c6f7175656164612e0d0a0d0a2d2d2020456c2065717569706f206465205b736974653a6e616d655d223b),
('user_mail_status_blocked_notify', 0x693a303b),
('user_mail_status_blocked_subject', 0x733a36333a22446574616c6c6573206465206c61206375656e7461206465205b757365723a6e616d655d20656e205b736974653a6e616d655d2028626c6f71756561646129223b),
('user_mail_status_canceled_body', 0x733a39313a225b757365723a6e616d655d2c0d0a0d0a5375206375656e746120656e205b736974653a6e616d655d206861207369646f2063616e63656c6164612e0d0a0d0a2d2d2020456c2065717569706f206465205b736974653a6e616d655d223b),
('user_mail_status_canceled_notify', 0x693a303b),
('user_mail_status_canceled_subject', 0x733a36333a22446574616c6c6573206465206c61206375656e7461206465205b757365723a6e616d655d20656e205b736974653a6e616d655d202863616e63656c61646129223b),
('user_pictures', 0x693a313b),
('user_picture_default', 0x733a33313a227075626c69633a2f2f70696374757265732f6e6f5f6176617461722e706e67223b),
('user_picture_dimensions', 0x733a323a223836223b),
('user_picture_file_size', 0x733a323a223836223b),
('user_picture_guidelines', 0x733a303a22223b),
('user_picture_path', 0x733a383a227069637475726573223b),
('user_picture_style', 0x733a32323a22636f6d6d656e745f70726f66696c655f617661746172223b),
('user_register', 0x733a313a2231223b),
('user_signatures', 0x693a303b),
('views_exposed_filter_any_label', 0x733a373a226e65775f616e79223b),
('views_show_additional_queries', 0x693a303b),
('views_ui_always_live_preview', 0x693a313b),
('views_ui_custom_theme', 0x733a383a225f64656661756c74223b),
('views_ui_display_embed', 0x693a303b),
('views_ui_show_advanced_column', 0x693a303b),
('views_ui_show_advanced_help_warning', 0x693a313b),
('views_ui_show_listing_filters', 0x693a303b),
('views_ui_show_master_display', 0x693a303b),
('views_ui_show_performance_statistics', 0x693a303b),
('views_ui_show_preview_information', 0x693a313b),
('views_ui_show_sql_query', 0x693a303b),
('views_ui_show_sql_query_where', 0x733a353a2261626f7665223b);

-- --------------------------------------------------------

--
-- Estructura de tabla para la tabla `views_display`
--

